{"id":1471,"date":"2020-11-11T19:31:32","date_gmt":"2020-11-11T19:31:32","guid":{"rendered":"https:\/\/staging.ordemdosfisioterapeutas.pt\/?page_id=1471"},"modified":"2021-02-03T19:19:24","modified_gmt":"2021-02-03T19:19:24","slug":"mensagem-de-boas-vindas","status":"publish","type":"page","link":"https:\/\/staging.ordemdosfisioterapeutas.pt\/en\/mensagem-de-boas-vindas\/","title":{"rendered":"Welcome message"},"content":{"rendered":"<div data-elementor-type=\"wp-page\" data-elementor-id=\"1471\" class=\"elementor elementor-1471\" data-elementor-post-type=\"page\">\n\t\t\t\t\t\t<section class=\"elementor-section elementor-top-section elementor-element elementor-element-ad8715c elementor-section-boxed elementor-section-height-default elementor-section-height-default\" data-id=\"ad8715c\" data-element_type=\"section\" data-e-type=\"section\">\n\t\t\t\t\t\t<div class=\"elementor-container elementor-column-gap-default\">\n\t\t\t\t\t<div class=\"elementor-column elementor-col-50 elementor-top-column elementor-element elementor-element-e03a368\" data-id=\"e03a368\" data-element_type=\"column\" data-e-type=\"column\">\n\t\t\t<div class=\"elementor-widget-wrap elementor-element-populated\">\n\t\t\t\t\t\t<div class=\"elementor-element elementor-element-b788fe2 elementor-widget elementor-widget-image\" data-id=\"b788fe2\" data-element_type=\"widget\" data-e-type=\"widget\" data-widget_type=\"image.default\">\n\t\t\t\t<div class=\"elementor-widget-container\">\n\t\t\t\t\t\t\t\t\t\t\t\t\t\t\t<img fetchpriority=\"high\" decoding=\"async\" width=\"683\" height=\"1024\" src=\"https:\/\/staging.ordemdosfisioterapeutas.pt\/wp-content\/uploads\/2020\/10\/isabel-souza-guerra-683x1024.jpg\" class=\"attachment-large size-large wp-image-1057\" alt=\"Isabel de Souza Guerra\" srcset=\"https:\/\/staging.ordemdosfisioterapeutas.pt\/wp-content\/uploads\/2020\/10\/isabel-souza-guerra-683x1024.jpg 683w, https:\/\/staging.ordemdosfisioterapeutas.pt\/wp-content\/uploads\/2020\/10\/isabel-souza-guerra-200x300.jpg 200w, https:\/\/staging.ordemdosfisioterapeutas.pt\/wp-content\/uploads\/2020\/10\/isabel-souza-guerra-768x1152.jpg 768w, https:\/\/staging.ordemdosfisioterapeutas.pt\/wp-content\/uploads\/2020\/10\/isabel-souza-guerra.jpg 1000w\" sizes=\"(max-width: 683px) 100vw, 683px\" \/>\t\t\t\t\t\t\t\t\t\t\t\t\t\t\t<\/div>\n\t\t\t\t<\/div>\n\t\t\t\t\t<\/div>\n\t\t<\/div>\n\t\t\t\t<div class=\"elementor-column elementor-col-50 elementor-top-column elementor-element elementor-element-34b608f\" data-id=\"34b608f\" data-element_type=\"column\" data-e-type=\"column\">\n\t\t\t<div class=\"elementor-widget-wrap elementor-element-populated\">\n\t\t\t\t\t\t<div class=\"elementor-element elementor-element-e1dea3c elementor-widget elementor-widget-text-editor\" data-id=\"e1dea3c\" data-element_type=\"widget\" data-e-type=\"widget\" data-widget_type=\"text-editor.default\">\n\t\t\t\t<div class=\"elementor-widget-container\">\n\t\t\t\t\t\t\t\t\t<p>Welcome to the Ordem dos Fisioterapeutas (Order of Physiotherapists).<\/p><p>The Ordem dos Fisioterapeutas is an important step towards affirmation of the profession within the Portuguese society.<\/p><p>The main mission is the protection of citizens\/individuals against unqualified practices, and for the right of having good results, quality and a safety Physiotherapy practice, provided by certified professionals with recognized skills.<\/p><p>The Comiss\u00e3o Instaladora is working to establish the necessary conditions for the election of the governing bodies). From that moment on, the Ordem dos Fisioterapeutas will be able to develop its full activity.<\/p><p>Today we offer three digital platforms: a website, a Facebook page and a LinkedIn profile so that our community can start growing, as a result of your engagement. The website will be the main channel of communication between the Comiss\u00e3o Instaladora and the physiotherapists, and where all questions can be answered. Soon, a private area will be available for each physiotherapist, where he will be able to register, which is mandatory to the professional practice.<\/p><p>Keep together!<\/p><p>Stay with us too.<\/p>\t\t\t\t\t\t\t\t<\/div>\n\t\t\t\t<\/div>\n\t\t\t\t\t<\/div>\n\t\t<\/div>\n\t\t\t\t\t<\/div>\n\t\t<\/section>\n\t\t\t\t<\/div>","protected":false},"excerpt":{"rendered":"<p>Seja bem-vindo \u00e0 Ordem dos Fisioterapeutas. A Ordem dos Fisioterapeutas \u00e9 um importante avan\u00e7o na afirma\u00e7\u00e3o da nossa profiss\u00e3o na sociedade portuguesa. A principal miss\u00e3o da ordem \u00e9 a defesa dos cidad\u00e3os contra o exerc\u00edcio inqualificado e o direito a cuidados de fisioterapia, com qualidade, seguran\u00e7a e bons resultados, prestados por profissionais de reconhecidas compet\u00eancias &#8230; <a title=\"Welcome message\" class=\"read-more\" href=\"https:\/\/staging.ordemdosfisioterapeutas.pt\/en\/mensagem-de-boas-vindas\/\" aria-label=\"Read more about Mensagem de boas-vindas\">Read more<\/a><\/p>","protected":false},"author":1,"featured_media":0,"parent":0,"menu_order":0,"comment_status":"closed","ping_status":"closed","template":"","meta":{"footnotes":""},"class_list":["post-1471","page","type-page","status-publish"],"_links":{"self":[{"href":"https:\/\/staging.ordemdosfisioterapeutas.pt\/en\/wp-json\/wp\/v2\/pages\/1471","targetHints":{"allow":["GET"]}}],"collection":[{"href":"https:\/\/staging.ordemdosfisioterapeutas.pt\/en\/wp-json\/wp\/v2\/pages"}],"about":[{"href":"https:\/\/staging.ordemdosfisioterapeutas.pt\/en\/wp-json\/wp\/v2\/types\/page"}],"author":[{"embeddable":true,"href":"https:\/\/staging.ordemdosfisioterapeutas.pt\/en\/wp-json\/wp\/v2\/users\/1"}],"replies":[{"embeddable":true,"href":"https:\/\/staging.ordemdosfisioterapeutas.pt\/en\/wp-json\/wp\/v2\/comments?post=1471"}],"version-history":[{"count":0,"href":"https:\/\/staging.ordemdosfisioterapeutas.pt\/en\/wp-json\/wp\/v2\/pages\/1471\/revisions"}],"wp:attachment":[{"href":"https:\/\/staging.ordemdosfisioterapeutas.pt\/en\/wp-json\/wp\/v2\/media?parent=1471"}],"curies":[{"name":"wp","href":"https:\/\/api.w.org\/{rel}","templated":true}]}}

<div data-elementor-type="wp-page" data-elementor-id="1471" class="elementor elementor-1471" data-elementor-post-type="page">
						<section class="elementor-section elementor-top-section elementor-element elementor-element-ad8715c elementor-section-boxed elementor-section-height-default elementor-section-height-default" data-id="ad8715c" data-element_type="section" data-e-type="section">
						<div class="elementor-container elementor-column-gap-default">
					<div class="elementor-column elementor-col-50 elementor-top-column elementor-element elementor-element-e03a368" data-id="e03a368" data-element_type="column" data-e-type="column">
			<div class="elementor-widget-wrap elementor-element-populated">
						<div class="elementor-element elementor-element-b788fe2 elementor-widget elementor-widget-image" data-id="b788fe2" data-element_type="widget" data-e-type="widget" data-widget_type="image.default">
				<div class="elementor-widget-container">
															<img fetchpriority="high" decoding="async" width="683" height="1024" src="https://staging.ordemdosfisioterapeutas.pt/wp-content/uploads/2020/10/isabel-souza-guerra-683x1024.jpg" class="attachment-large size-large wp-image-1057" alt="Isabel de Souza Guerra" srcset="https://staging.ordemdosfisioterapeutas.pt/wp-content/uploads/2020/10/isabel-souza-guerra-683x1024.jpg 683w, https://staging.ordemdosfisioterapeutas.pt/wp-content/uploads/2020/10/isabel-souza-guerra-200x300.jpg 200w, https://staging.ordemdosfisioterapeutas.pt/wp-content/uploads/2020/10/isabel-souza-guerra-768x1152.jpg 768w, https://staging.ordemdosfisioterapeutas.pt/wp-content/uploads/2020/10/isabel-souza-guerra.jpg 1000w" sizes="(max-width: 683px) 100vw, 683px" />															</div>
				</div>
					</div>
		</div>
				<div class="elementor-column elementor-col-50 elementor-top-column elementor-element elementor-element-34b608f" data-id="34b608f" data-element_type="column" data-e-type="column">
			<div class="elementor-widget-wrap elementor-element-populated">
						<div class="elementor-element elementor-element-e1dea3c elementor-widget elementor-widget-text-editor" data-id="e1dea3c" data-element_type="widget" data-e-type="widget" data-widget_type="text-editor.default">
				<div class="elementor-widget-container">
									<p>Welcome to the Ordem dos Fisioterapeutas (Order of Physiotherapists).</p><p>The Ordem dos Fisioterapeutas is an important step towards affirmation of the profession within the Portuguese society.</p><p>The main mission is the protection of citizens/individuals against unqualified practices, and for the right of having good results, quality and a safety Physiotherapy practice, provided by certified professionals with recognized skills.</p><p>The Comissão Instaladora is working to establish the necessary conditions for the election of the governing bodies). From that moment on, the Ordem dos Fisioterapeutas will be able to develop its full activity.</p><p>Today we offer three digital platforms: a website, a Facebook page and a LinkedIn profile so that our community can start growing, as a result of your engagement. The website will be the main channel of communication between the Comissão Instaladora and the physiotherapists, and where all questions can be answered. Soon, a private area will be available for each physiotherapist, where he will be able to register, which is mandatory to the professional practice.</p><p>Keep together!</p><p>Stay with us too.</p>								</div>
				</div>
					</div>
		</div>
					</div>
		</section>
				</div>

<p>Seja bem-vindo à Ordem dos Fisioterapeutas. A Ordem dos Fisioterapeutas é um importante avanço na afirmação da nossa profissão na sociedade portuguesa. A principal missão da ordem é a defesa dos cidadãos contra o exercício inqualificado e o direito a cuidados de fisioterapia, com qualidade, segurança e bons resultados, prestados por profissionais de reconhecidas competências &#8230; <a title="Welcome message" class="read-more" href="https://staging.ordemdosfisioterapeutas.pt/en/mensagem-de-boas-vindas/" aria-label="Read more about Mensagem de boas-vindas">Read more</a></p>
