{"id":2840,"date":"2021-09-11T11:57:19","date_gmt":"2021-09-11T10:57:19","guid":{"rendered":"https:\/\/staging.ordemdosfisioterapeutas.pt\/?page_id=2840"},"modified":"2024-07-31T10:13:07","modified_gmt":"2024-07-31T09:13:07","slug":"campanha-eleitoral","status":"publish","type":"page","link":"https:\/\/staging.ordemdosfisioterapeutas.pt\/en\/eleicoes\/campanha-eleitoral\/","title":{"rendered":"Election campaign"},"content":{"rendered":"<div data-elementor-type=\"wp-page\" data-elementor-id=\"2840\" class=\"elementor elementor-2840\" data-elementor-post-type=\"page\">\n\t\t\t\t\t\t<section class=\"elementor-section elementor-top-section elementor-element elementor-element-78fbde3 elementor-section-boxed elementor-section-height-default elementor-section-height-default\" data-id=\"78fbde3\" data-element_type=\"section\" data-e-type=\"section\">\n\t\t\t\t\t\t<div class=\"elementor-container elementor-column-gap-default\">\n\t\t\t\t\t<div class=\"elementor-column elementor-col-50 elementor-top-column elementor-element elementor-element-18c143a5 sticky-parent\" data-id=\"18c143a5\" data-element_type=\"column\" data-e-type=\"column\">\n\t\t\t<div class=\"elementor-widget-wrap elementor-element-populated\">\n\t\t\t\t\t\t<section class=\"elementor-section elementor-inner-section elementor-element elementor-element-2d3cc907 sticky-column elementor-section-boxed elementor-section-height-default elementor-section-height-default\" data-id=\"2d3cc907\" data-element_type=\"section\" data-e-type=\"section\">\n\t\t\t\t\t\t<div class=\"elementor-container elementor-column-gap-default\">\n\t\t\t\t\t<div class=\"elementor-column elementor-col-100 elementor-inner-column elementor-element elementor-element-390758f0\" data-id=\"390758f0\" data-element_type=\"column\" data-e-type=\"column\">\n\t\t\t<div class=\"elementor-widget-wrap elementor-element-populated\">\n\t\t\t\t\t\t<div class=\"elementor-element elementor-element-e456d46 elementor-nav-menu--dropdown-tablet elementor-nav-menu__text-align-aside elementor-nav-menu--toggle elementor-nav-menu--burger elementor-widget elementor-widget-global elementor-global-2875 elementor-widget-nav-menu\" data-id=\"e456d46\" data-element_type=\"widget\" data-e-type=\"widget\" data-settings=\"{&quot;layout&quot;:&quot;vertical&quot;,&quot;submenu_icon&quot;:{&quot;value&quot;:&quot;fas fa-caret-down&quot;,&quot;library&quot;:&quot;fa-solid&quot;},&quot;toggle&quot;:&quot;burger&quot;}\" data-widget_type=\"nav-menu.default\">\n\t\t\t\t<div class=\"elementor-widget-container\">\n\t\t\t\t\t\t\t\t<nav aria-label=\"Menu\" class=\"elementor-nav-menu--main elementor-nav-menu__container elementor-nav-menu--layout-vertical e--pointer-underline e--animation-fade\">\n\t\t\t\t<ul id=\"menu-1-e456d46\" class=\"elementor-nav-menu sm-vertical\"><li class=\"menu-item menu-item-type-post_type menu-item-object-page menu-item-2852\"><a href=\"https:\/\/staging.ordemdosfisioterapeutas.pt\/en\/eleicoes\/\" class=\"elementor-item\">Supervisory Board elections<\/a><\/li>\n<li class=\"menu-item menu-item-type-post_type menu-item-object-page menu-item-2863\"><a href=\"https:\/\/staging.ordemdosfisioterapeutas.pt\/en\/eleicoes\/calendario-eleitoral\/\" class=\"elementor-item\">Electoral Calendar<\/a><\/li>\n<li class=\"menu-item menu-item-type-post_type menu-item-object-page menu-item-2864\"><a href=\"https:\/\/staging.ordemdosfisioterapeutas.pt\/en\/eleicoes\/comissao-eleitoral\/\" class=\"elementor-item\">Electoral Commission<\/a><\/li>\n<li class=\"menu-item menu-item-type-post_type menu-item-object-page menu-item-2862\"><a href=\"https:\/\/staging.ordemdosfisioterapeutas.pt\/en\/eleicoes\/recenseamento\/\" class=\"elementor-item\">Census<\/a><\/li>\n<li class=\"menu-item menu-item-type-post_type menu-item-object-page menu-item-2861\"><a href=\"https:\/\/staging.ordemdosfisioterapeutas.pt\/en\/eleicoes\/caderno-eleitoral\/\" class=\"elementor-item\">Electoral Roll<\/a><\/li>\n<li class=\"menu-item menu-item-type-post_type menu-item-object-page menu-item-2860\"><a href=\"https:\/\/staging.ordemdosfisioterapeutas.pt\/en\/eleicoes\/candidaturas\/\" class=\"elementor-item\">Applications<\/a><\/li>\n<li class=\"menu-item menu-item-type-post_type menu-item-object-page menu-item-2859\"><a href=\"https:\/\/staging.ordemdosfisioterapeutas.pt\/en\/eleicoes\/listas-candidatas\/\" class=\"elementor-item\">Candidate lists<\/a><\/li>\n<li class=\"menu-item menu-item-type-post_type menu-item-object-page menu-item-2858\"><a href=\"https:\/\/staging.ordemdosfisioterapeutas.pt\/en\/eleicoes\/campanha-eleitoral\/\" class=\"elementor-item\">Election campaign<\/a><\/li>\n<li class=\"menu-item menu-item-type-post_type menu-item-object-page menu-item-2857\"><a href=\"https:\/\/staging.ordemdosfisioterapeutas.pt\/en\/eleicoes\/ato-eleitoral\/\" class=\"elementor-item\">Electoral Act<\/a><\/li>\n<li class=\"menu-item menu-item-type-post_type menu-item-object-page menu-item-2856\"><a href=\"https:\/\/staging.ordemdosfisioterapeutas.pt\/en\/eleicoes\/apuramento-dos-resultados\/\" class=\"elementor-item\">Provisional Results<\/a><\/li>\n<li class=\"menu-item menu-item-type-post_type menu-item-object-page menu-item-2855\"><a href=\"https:\/\/staging.ordemdosfisioterapeutas.pt\/en\/eleicoes\/resultados-oficiais\/\" class=\"elementor-item\">Official Results<\/a><\/li>\n<\/ul>\t\t\t<\/nav>\n\t\t\t\t\t<div class=\"elementor-menu-toggle\" role=\"button\" tabindex=\"0\" aria-label=\"Toggle menu\" aria-expanded=\"false\">\n\t\t\t<i aria-hidden=\"true\" role=\"presentation\" class=\"elementor-menu-toggle__icon--open eicon-menu-bar\"><\/i><i aria-hidden=\"true\" role=\"presentation\" class=\"elementor-menu-toggle__icon--close eicon-close\"><\/i>\t\t<\/div>\n\t\t\t\t\t<nav class=\"elementor-nav-menu--dropdown elementor-nav-menu__container\" aria-hidden=\"true\">\n\t\t\t\t<ul id=\"menu-2-e456d46\" class=\"elementor-nav-menu sm-vertical\"><li class=\"menu-item menu-item-type-post_type menu-item-object-page menu-item-2852\"><a href=\"https:\/\/staging.ordemdosfisioterapeutas.pt\/en\/eleicoes\/\" class=\"elementor-item\" tabindex=\"-1\">Supervisory Board elections<\/a><\/li>\n<li class=\"menu-item menu-item-type-post_type menu-item-object-page menu-item-2863\"><a href=\"https:\/\/staging.ordemdosfisioterapeutas.pt\/en\/eleicoes\/calendario-eleitoral\/\" class=\"elementor-item\" tabindex=\"-1\">Electoral Calendar<\/a><\/li>\n<li class=\"menu-item menu-item-type-post_type menu-item-object-page menu-item-2864\"><a href=\"https:\/\/staging.ordemdosfisioterapeutas.pt\/en\/eleicoes\/comissao-eleitoral\/\" class=\"elementor-item\" tabindex=\"-1\">Electoral Commission<\/a><\/li>\n<li class=\"menu-item menu-item-type-post_type menu-item-object-page menu-item-2862\"><a href=\"https:\/\/staging.ordemdosfisioterapeutas.pt\/en\/eleicoes\/recenseamento\/\" class=\"elementor-item\" tabindex=\"-1\">Census<\/a><\/li>\n<li class=\"menu-item menu-item-type-post_type menu-item-object-page menu-item-2861\"><a href=\"https:\/\/staging.ordemdosfisioterapeutas.pt\/en\/eleicoes\/caderno-eleitoral\/\" class=\"elementor-item\" tabindex=\"-1\">Electoral Roll<\/a><\/li>\n<li class=\"menu-item menu-item-type-post_type menu-item-object-page menu-item-2860\"><a href=\"https:\/\/staging.ordemdosfisioterapeutas.pt\/en\/eleicoes\/candidaturas\/\" class=\"elementor-item\" tabindex=\"-1\">Applications<\/a><\/li>\n<li class=\"menu-item menu-item-type-post_type menu-item-object-page menu-item-2859\"><a href=\"https:\/\/staging.ordemdosfisioterapeutas.pt\/en\/eleicoes\/listas-candidatas\/\" class=\"elementor-item\" tabindex=\"-1\">Candidate lists<\/a><\/li>\n<li class=\"menu-item menu-item-type-post_type menu-item-object-page menu-item-2858\"><a href=\"https:\/\/staging.ordemdosfisioterapeutas.pt\/en\/eleicoes\/campanha-eleitoral\/\" class=\"elementor-item\" tabindex=\"-1\">Election campaign<\/a><\/li>\n<li class=\"menu-item menu-item-type-post_type menu-item-object-page menu-item-2857\"><a href=\"https:\/\/staging.ordemdosfisioterapeutas.pt\/en\/eleicoes\/ato-eleitoral\/\" class=\"elementor-item\" tabindex=\"-1\">Electoral Act<\/a><\/li>\n<li class=\"menu-item menu-item-type-post_type menu-item-object-page menu-item-2856\"><a href=\"https:\/\/staging.ordemdosfisioterapeutas.pt\/en\/eleicoes\/apuramento-dos-resultados\/\" class=\"elementor-item\" tabindex=\"-1\">Provisional Results<\/a><\/li>\n<li class=\"menu-item menu-item-type-post_type menu-item-object-page menu-item-2855\"><a href=\"https:\/\/staging.ordemdosfisioterapeutas.pt\/en\/eleicoes\/resultados-oficiais\/\" class=\"elementor-item\" tabindex=\"-1\">Official Results<\/a><\/li>\n<\/ul>\t\t\t<\/nav>\n\t\t\t\t\t\t<\/div>\n\t\t\t\t<\/div>\n\t\t\t\t\t<\/div>\n\t\t<\/div>\n\t\t\t\t\t<\/div>\n\t\t<\/section>\n\t\t\t\t\t<\/div>\n\t\t<\/div>\n\t\t\t\t<div class=\"elementor-column elementor-col-50 elementor-top-column elementor-element elementor-element-9698849\" data-id=\"9698849\" data-element_type=\"column\" data-e-type=\"column\">\n\t\t\t<div class=\"elementor-widget-wrap elementor-element-populated\">\n\t\t\t\t\t\t<div class=\"elementor-element elementor-element-e1a92e5 elementor-widget elementor-widget-text-editor\" data-id=\"e1a92e5\" data-element_type=\"widget\" data-e-type=\"widget\" data-widget_type=\"text-editor.default\">\n\t\t\t\t<div class=\"elementor-widget-container\">\n\t\t\t\t\t\t\t\t\t<p>The electoral campaign begins the day after the candidates accepted for the ballot have been publicised, i.e. on the day of the election. <b>31 October 2024 <\/b>and will end on <b>13th November 2024 <\/b>(the day before the elections).<\/p><p>During this period, <b>the Order will make available <\/b>the candidates' means of promoting their proposals and interacting with voters, as follows:<\/p><ul><li>Each candidate list is entitled to send 3 e-mails. The message to be sent should be addressed to eleicoes@ordemdosfisioterapeutas.pt so that the Order's services can forward it to all voters;<\/li><li>During the election campaign period, at the request of interested parties, links to the web pages of the candidate lists will be placed on the Order's website.<\/li><\/ul><p>A <b>The Order will make <\/b>also occasional access to the Order's premises at Rua D. Jo\u00e3o V, n\u00b0 24 - 1.06, 1250-091 Lisboa.<\/p><ul><li>The availability of a space on the premises with a capacity of up to 15 people must be requested by the representatives of the candidate lists, indicating the date and time desired, at least 48 hours in advance, to eleicoes@ordemdosfisioterapeutas.pt;<\/li><li>The organisation's services must respond to requests made within 24 hours;<\/li><li>In the event of overlapping dates, and if there is no agreement between the lists, the premises will be made available to the list whose request was received first, and the other list must suggest an alternative date;<\/li><li>The time available to use this space is from 9am to 6pm on working days.<\/li><\/ul><p>The Order, using the terms of its Statute, has decided that there will be no contribution to the costs inherent in the electoral campaigns of the lists that may stand for election, as in the previous electoral process.<\/p>\t\t\t\t\t\t\t\t<\/div>\n\t\t\t\t<\/div>\n\t\t\t\t\t<\/div>\n\t\t<\/div>\n\t\t\t\t\t<\/div>\n\t\t<\/section>\n\t\t\t\t<\/div>","protected":false},"excerpt":{"rendered":"<p>A campanha eleitoral tem in\u00edcio no dia seguinte \u00e0 publicita\u00e7\u00e3o das candidaturas aceites a sufr\u00e1gio, ou seja, come\u00e7ar\u00e1 no dia 31 de outubro de 2024 e terminar\u00e1 no dia 13 de novembro de 2024 (antev\u00e9spera das elei\u00e7\u00f5es). Durante este per\u00edodo, a Ordem disponibilizar\u00e1 aos candidatos meios de promo\u00e7\u00e3o das suas propostas e de intera\u00e7\u00e3o com &#8230; <a title=\"Election campaign\" class=\"read-more\" href=\"https:\/\/staging.ordemdosfisioterapeutas.pt\/en\/eleicoes\/campanha-eleitoral\/\" aria-label=\"Read more about Campanha Eleitoral\">Read more<\/a><\/p>","protected":false},"author":1,"featured_media":0,"parent":2495,"menu_order":7,"comment_status":"closed","ping_status":"closed","template":"","meta":{"footnotes":""},"class_list":["post-2840","page","type-page","status-publish"],"_links":{"self":[{"href":"https:\/\/staging.ordemdosfisioterapeutas.pt\/en\/wp-json\/wp\/v2\/pages\/2840","targetHints":{"allow":["GET"]}}],"collection":[{"href":"https:\/\/staging.ordemdosfisioterapeutas.pt\/en\/wp-json\/wp\/v2\/pages"}],"about":[{"href":"https:\/\/staging.ordemdosfisioterapeutas.pt\/en\/wp-json\/wp\/v2\/types\/page"}],"author":[{"embeddable":true,"href":"https:\/\/staging.ordemdosfisioterapeutas.pt\/en\/wp-json\/wp\/v2\/users\/1"}],"replies":[{"embeddable":true,"href":"https:\/\/staging.ordemdosfisioterapeutas.pt\/en\/wp-json\/wp\/v2\/comments?post=2840"}],"version-history":[{"count":0,"href":"https:\/\/staging.ordemdosfisioterapeutas.pt\/en\/wp-json\/wp\/v2\/pages\/2840\/revisions"}],"up":[{"embeddable":true,"href":"https:\/\/staging.ordemdosfisioterapeutas.pt\/en\/wp-json\/wp\/v2\/pages\/2495"}],"wp:attachment":[{"href":"https:\/\/staging.ordemdosfisioterapeutas.pt\/en\/wp-json\/wp\/v2\/media?parent=2840"}],"curies":[{"name":"wp","href":"https:\/\/api.w.org\/{rel}","templated":true}]}}

<div data-elementor-type="wp-page" data-elementor-id="2840" class="elementor elementor-2840" data-elementor-post-type="page">
						<section class="elementor-section elementor-top-section elementor-element elementor-element-78fbde3 elementor-section-boxed elementor-section-height-default elementor-section-height-default" data-id="78fbde3" data-element_type="section" data-e-type="section">
						<div class="elementor-container elementor-column-gap-default">
					<div class="elementor-column elementor-col-50 elementor-top-column elementor-element elementor-element-18c143a5 sticky-parent" data-id="18c143a5" data-element_type="column" data-e-type="column">
			<div class="elementor-widget-wrap elementor-element-populated">
						<section class="elementor-section elementor-inner-section elementor-element elementor-element-2d3cc907 sticky-column elementor-section-boxed elementor-section-height-default elementor-section-height-default" data-id="2d3cc907" data-element_type="section" data-e-type="section">
						<div class="elementor-container elementor-column-gap-default">
					<div class="elementor-column elementor-col-100 elementor-inner-column elementor-element elementor-element-390758f0" data-id="390758f0" data-element_type="column" data-e-type="column">
			<div class="elementor-widget-wrap elementor-element-populated">
						<div class="elementor-element elementor-element-e456d46 elementor-nav-menu--dropdown-tablet elementor-nav-menu__text-align-aside elementor-nav-menu--toggle elementor-nav-menu--burger elementor-widget elementor-widget-global elementor-global-2875 elementor-widget-nav-menu" data-id="e456d46" data-element_type="widget" data-e-type="widget" data-settings="{&quot;layout&quot;:&quot;vertical&quot;,&quot;submenu_icon&quot;:{&quot;value&quot;:&quot;fas fa-caret-down&quot;,&quot;library&quot;:&quot;fa-solid&quot;},&quot;toggle&quot;:&quot;burger&quot;}" data-widget_type="nav-menu.default">
				<div class="elementor-widget-container">
								<nav aria-label="Menu" class="elementor-nav-menu--main elementor-nav-menu__container elementor-nav-menu--layout-vertical e--pointer-underline e--animation-fade">
				<ul id="menu-1-e456d46" class="elementor-nav-menu sm-vertical"><li class="menu-item menu-item-type-post_type menu-item-object-page menu-item-2852"><a href="https://staging.ordemdosfisioterapeutas.pt/en/eleicoes/" class="elementor-item">Supervisory Board elections</a></li>
<li class="menu-item menu-item-type-post_type menu-item-object-page menu-item-2863"><a href="https://staging.ordemdosfisioterapeutas.pt/en/eleicoes/calendario-eleitoral/" class="elementor-item">Electoral Calendar</a></li>
<li class="menu-item menu-item-type-post_type menu-item-object-page menu-item-2864"><a href="https://staging.ordemdosfisioterapeutas.pt/en/eleicoes/comissao-eleitoral/" class="elementor-item">Electoral Commission</a></li>
<li class="menu-item menu-item-type-post_type menu-item-object-page menu-item-2862"><a href="https://staging.ordemdosfisioterapeutas.pt/en/eleicoes/recenseamento/" class="elementor-item">Census</a></li>
<li class="menu-item menu-item-type-post_type menu-item-object-page menu-item-2861"><a href="https://staging.ordemdosfisioterapeutas.pt/en/eleicoes/caderno-eleitoral/" class="elementor-item">Electoral Roll</a></li>
<li class="menu-item menu-item-type-post_type menu-item-object-page menu-item-2860"><a href="https://staging.ordemdosfisioterapeutas.pt/en/eleicoes/candidaturas/" class="elementor-item">Applications</a></li>
<li class="menu-item menu-item-type-post_type menu-item-object-page menu-item-2859"><a href="https://staging.ordemdosfisioterapeutas.pt/en/eleicoes/listas-candidatas/" class="elementor-item">Candidate lists</a></li>
<li class="menu-item menu-item-type-post_type menu-item-object-page menu-item-2858"><a href="https://staging.ordemdosfisioterapeutas.pt/en/eleicoes/campanha-eleitoral/" class="elementor-item">Election campaign</a></li>
<li class="menu-item menu-item-type-post_type menu-item-object-page menu-item-2857"><a href="https://staging.ordemdosfisioterapeutas.pt/en/eleicoes/ato-eleitoral/" class="elementor-item">Electoral Act</a></li>
<li class="menu-item menu-item-type-post_type menu-item-object-page menu-item-2856"><a href="https://staging.ordemdosfisioterapeutas.pt/en/eleicoes/apuramento-dos-resultados/" class="elementor-item">Provisional Results</a></li>
<li class="menu-item menu-item-type-post_type menu-item-object-page menu-item-2855"><a href="https://staging.ordemdosfisioterapeutas.pt/en/eleicoes/resultados-oficiais/" class="elementor-item">Official Results</a></li>
</ul>			</nav>
					<div class="elementor-menu-toggle" role="button" tabindex="0" aria-label="Toggle menu" aria-expanded="false">
			<i aria-hidden="true" role="presentation" class="elementor-menu-toggle__icon--open eicon-menu-bar"></i><i aria-hidden="true" role="presentation" class="elementor-menu-toggle__icon--close eicon-close"></i>		</div>
					<nav class="elementor-nav-menu--dropdown elementor-nav-menu__container" aria-hidden="true">
				<ul id="menu-2-e456d46" class="elementor-nav-menu sm-vertical"><li class="menu-item menu-item-type-post_type menu-item-object-page menu-item-2852"><a href="https://staging.ordemdosfisioterapeutas.pt/en/eleicoes/" class="elementor-item" tabindex="-1">Supervisory Board elections</a></li>
<li class="menu-item menu-item-type-post_type menu-item-object-page menu-item-2863"><a href="https://staging.ordemdosfisioterapeutas.pt/en/eleicoes/calendario-eleitoral/" class="elementor-item" tabindex="-1">Electoral Calendar</a></li>
<li class="menu-item menu-item-type-post_type menu-item-object-page menu-item-2864"><a href="https://staging.ordemdosfisioterapeutas.pt/en/eleicoes/comissao-eleitoral/" class="elementor-item" tabindex="-1">Electoral Commission</a></li>
<li class="menu-item menu-item-type-post_type menu-item-object-page menu-item-2862"><a href="https://staging.ordemdosfisioterapeutas.pt/en/eleicoes/recenseamento/" class="elementor-item" tabindex="-1">Census</a></li>
<li class="menu-item menu-item-type-post_type menu-item-object-page menu-item-2861"><a href="https://staging.ordemdosfisioterapeutas.pt/en/eleicoes/caderno-eleitoral/" class="elementor-item" tabindex="-1">Electoral Roll</a></li>
<li class="menu-item menu-item-type-post_type menu-item-object-page menu-item-2860"><a href="https://staging.ordemdosfisioterapeutas.pt/en/eleicoes/candidaturas/" class="elementor-item" tabindex="-1">Applications</a></li>
<li class="menu-item menu-item-type-post_type menu-item-object-page menu-item-2859"><a href="https://staging.ordemdosfisioterapeutas.pt/en/eleicoes/listas-candidatas/" class="elementor-item" tabindex="-1">Candidate lists</a></li>
<li class="menu-item menu-item-type-post_type menu-item-object-page menu-item-2858"><a href="https://staging.ordemdosfisioterapeutas.pt/en/eleicoes/campanha-eleitoral/" class="elementor-item" tabindex="-1">Election campaign</a></li>
<li class="menu-item menu-item-type-post_type menu-item-object-page menu-item-2857"><a href="https://staging.ordemdosfisioterapeutas.pt/en/eleicoes/ato-eleitoral/" class="elementor-item" tabindex="-1">Electoral Act</a></li>
<li class="menu-item menu-item-type-post_type menu-item-object-page menu-item-2856"><a href="https://staging.ordemdosfisioterapeutas.pt/en/eleicoes/apuramento-dos-resultados/" class="elementor-item" tabindex="-1">Provisional Results</a></li>
<li class="menu-item menu-item-type-post_type menu-item-object-page menu-item-2855"><a href="https://staging.ordemdosfisioterapeutas.pt/en/eleicoes/resultados-oficiais/" class="elementor-item" tabindex="-1">Official Results</a></li>
</ul>			</nav>
						</div>
				</div>
					</div>
		</div>
					</div>
		</section>
					</div>
		</div>
				<div class="elementor-column elementor-col-50 elementor-top-column elementor-element elementor-element-9698849" data-id="9698849" data-element_type="column" data-e-type="column">
			<div class="elementor-widget-wrap elementor-element-populated">
						<div class="elementor-element elementor-element-e1a92e5 elementor-widget elementor-widget-text-editor" data-id="e1a92e5" data-element_type="widget" data-e-type="widget" data-widget_type="text-editor.default">
				<div class="elementor-widget-container">
									<p>The electoral campaign begins the day after the candidates accepted for the ballot have been publicised, i.e. on the day of the election. <b>31 October 2024 </b>and will end on <b>13th November 2024 </b>(the day before the elections).</p><p>During this period, <b>the Order will make available </b>the candidates' means of promoting their proposals and interacting with voters, as follows:</p><ul><li>Each candidate list is entitled to send 3 e-mails. The message to be sent should be addressed to eleicoes@ordemdosfisioterapeutas.pt so that the Order's services can forward it to all voters;</li><li>During the election campaign period, at the request of interested parties, links to the web pages of the candidate lists will be placed on the Order's website.</li></ul><p>A <b>The Order will make </b>also occasional access to the Order's premises at Rua D. João V, n° 24 - 1.06, 1250-091 Lisboa.</p><ul><li>The availability of a space on the premises with a capacity of up to 15 people must be requested by the representatives of the candidate lists, indicating the date and time desired, at least 48 hours in advance, to eleicoes@ordemdosfisioterapeutas.pt;</li><li>The organisation's services must respond to requests made within 24 hours;</li><li>In the event of overlapping dates, and if there is no agreement between the lists, the premises will be made available to the list whose request was received first, and the other list must suggest an alternative date;</li><li>The time available to use this space is from 9am to 6pm on working days.</li></ul><p>The Order, using the terms of its Statute, has decided that there will be no contribution to the costs inherent in the electoral campaigns of the lists that may stand for election, as in the previous electoral process.</p>								</div>
				</div>
					</div>
		</div>
					</div>
		</section>
				</div>

<p>A campanha eleitoral tem início no dia seguinte à publicitação das candidaturas aceites a sufrágio, ou seja, começará no dia 31 de outubro de 2024 e terminará no dia 13 de novembro de 2024 (antevéspera das eleições). Durante este período, a Ordem disponibilizará aos candidatos meios de promoção das suas propostas e de interação com &#8230; <a title="Election campaign" class="read-more" href="https://staging.ordemdosfisioterapeutas.pt/en/eleicoes/campanha-eleitoral/" aria-label="Read more about Campanha Eleitoral">Read more</a></p>
