{"id":5604,"date":"2023-03-26T17:56:00","date_gmt":"2023-03-26T16:56:00","guid":{"rendered":"https:\/\/staging.ordemdosfisioterapeutas.pt\/?page_id=5604"},"modified":"2023-03-28T11:24:24","modified_gmt":"2023-03-28T10:24:24","slug":"gabinete-de-estudos-e-planeamento","status":"publish","type":"page","link":"https:\/\/staging.ordemdosfisioterapeutas.pt\/en\/gabinete-de-estudos-e-planeamento\/","title":{"rendered":"Planning and Studies Office"},"content":{"rendered":"<div data-elementor-type=\"wp-page\" data-elementor-id=\"5604\" class=\"elementor elementor-5604\" data-elementor-post-type=\"page\">\n\t\t\t\t\t\t<section class=\"elementor-section elementor-top-section elementor-element elementor-element-506caec elementor-section-boxed elementor-section-height-default elementor-section-height-default\" data-id=\"506caec\" data-element_type=\"section\" data-e-type=\"section\">\n\t\t\t\t\t\t<div class=\"elementor-container elementor-column-gap-default\">\n\t\t\t\t\t<div class=\"elementor-column elementor-col-100 elementor-top-column elementor-element elementor-element-4462ff9\" data-id=\"4462ff9\" data-element_type=\"column\" data-e-type=\"column\">\n\t\t\t<div class=\"elementor-widget-wrap elementor-element-populated\">\n\t\t\t\t\t\t<div class=\"elementor-element elementor-element-8b40276 elementor-position-top elementor-widget elementor-widget-image-box\" data-id=\"8b40276\" data-element_type=\"widget\" data-e-type=\"widget\" data-widget_type=\"image-box.default\">\n\t\t\t\t<div class=\"elementor-widget-container\">\n\t\t\t\t\t<div class=\"elementor-image-box-wrapper\"><figure class=\"elementor-image-box-img\"><a href=\"https:\/\/staging.ordemdosfisioterapeutas.pt\/wp-content\/uploads\/2023\/03\/GEP-EDUARDO-CRUZ_2023.pdf\" target=\"_blank\" tabindex=\"-1\"><img fetchpriority=\"high\" decoding=\"async\" width=\"550\" height=\"383\" src=\"https:\/\/staging.ordemdosfisioterapeutas.pt\/wp-content\/uploads\/2023\/03\/eduardo.png\" class=\"attachment-full size-full wp-image-5606\" alt=\"\" srcset=\"https:\/\/staging.ordemdosfisioterapeutas.pt\/wp-content\/uploads\/2023\/03\/eduardo.png 550w, https:\/\/staging.ordemdosfisioterapeutas.pt\/wp-content\/uploads\/2023\/03\/eduardo-300x209.png 300w, https:\/\/staging.ordemdosfisioterapeutas.pt\/wp-content\/uploads\/2023\/03\/eduardo-18x12.png 18w\" sizes=\"(max-width: 550px) 100vw, 550px\" \/><\/a><\/figure><div class=\"elementor-image-box-content\"><h3 class=\"elementor-image-box-title\"><a href=\"https:\/\/staging.ordemdosfisioterapeutas.pt\/wp-content\/uploads\/2023\/03\/GEP-EDUARDO-CRUZ_2023.pdf\" target=\"_blank\">Eduardo Jos\u00e9 Cruz<\/a><\/h3><p class=\"elementor-image-box-description\">Coordinator\n<br>\nC\u00e9dula no.: 2191<\/p><\/div><\/div>\t\t\t\t<\/div>\n\t\t\t\t<\/div>\n\t\t\t\t\t<\/div>\n\t\t<\/div>\n\t\t\t\t\t<\/div>\n\t\t<\/section>\n\t\t\t\t<section class=\"elementor-section elementor-top-section elementor-element elementor-element-a8b7a7c elementor-section-boxed elementor-section-height-default elementor-section-height-default\" data-id=\"a8b7a7c\" data-element_type=\"section\" data-e-type=\"section\">\n\t\t\t\t\t\t<div class=\"elementor-container elementor-column-gap-default\">\n\t\t\t\t\t<div class=\"elementor-column elementor-col-20 elementor-top-column elementor-element elementor-element-9574efa\" data-id=\"9574efa\" data-element_type=\"column\" data-e-type=\"column\">\n\t\t\t<div class=\"elementor-widget-wrap\">\n\t\t\t\t\t\t\t<\/div>\n\t\t<\/div>\n\t\t\t\t<div class=\"elementor-column elementor-col-20 elementor-top-column elementor-element elementor-element-d6d677d\" data-id=\"d6d677d\" data-element_type=\"column\" data-e-type=\"column\">\n\t\t\t<div class=\"elementor-widget-wrap elementor-element-populated\">\n\t\t\t\t\t\t<div class=\"elementor-element elementor-element-3a5fc5c elementor-position-top elementor-widget elementor-widget-image-box\" data-id=\"3a5fc5c\" data-element_type=\"widget\" data-e-type=\"widget\" data-widget_type=\"image-box.default\">\n\t\t\t\t<div class=\"elementor-widget-container\">\n\t\t\t\t\t<div class=\"elementor-image-box-wrapper\"><figure class=\"elementor-image-box-img\"><a href=\"https:\/\/staging.ordemdosfisioterapeutas.pt\/wp-content\/uploads\/2023\/03\/GEP-CRISTINA-JACOME_2023.pdf\" target=\"_blank\" tabindex=\"-1\"><img decoding=\"async\" width=\"550\" height=\"383\" src=\"https:\/\/staging.ordemdosfisioterapeutas.pt\/wp-content\/uploads\/2023\/03\/jacome.png\" class=\"attachment-full size-full wp-image-5608\" alt=\"\" srcset=\"https:\/\/staging.ordemdosfisioterapeutas.pt\/wp-content\/uploads\/2023\/03\/jacome.png 550w, https:\/\/staging.ordemdosfisioterapeutas.pt\/wp-content\/uploads\/2023\/03\/jacome-300x209.png 300w, https:\/\/staging.ordemdosfisioterapeutas.pt\/wp-content\/uploads\/2023\/03\/jacome-18x12.png 18w\" sizes=\"(max-width: 550px) 100vw, 550px\" \/><\/a><\/figure><div class=\"elementor-image-box-content\"><h3 class=\"elementor-image-box-title\"><a href=\"https:\/\/staging.ordemdosfisioterapeutas.pt\/wp-content\/uploads\/2023\/03\/GEP-CRISTINA-JACOME_2023.pdf\" target=\"_blank\">Cristina J\u00e1come<\/a><\/h3><p class=\"elementor-image-box-description\"><br>\nC\u00e9dula no.: 1111<\/p><\/div><\/div>\t\t\t\t<\/div>\n\t\t\t\t<\/div>\n\t\t\t\t\t<\/div>\n\t\t<\/div>\n\t\t\t\t<div class=\"elementor-column elementor-col-20 elementor-top-column elementor-element elementor-element-e7d6e54\" data-id=\"e7d6e54\" data-element_type=\"column\" data-e-type=\"column\">\n\t\t\t<div class=\"elementor-widget-wrap elementor-element-populated\">\n\t\t\t\t\t\t<div class=\"elementor-element elementor-element-d8d28b1 elementor-position-top elementor-widget elementor-widget-image-box\" data-id=\"d8d28b1\" data-element_type=\"widget\" data-e-type=\"widget\" data-widget_type=\"image-box.default\">\n\t\t\t\t<div class=\"elementor-widget-container\">\n\t\t\t\t\t<div class=\"elementor-image-box-wrapper\"><figure class=\"elementor-image-box-img\"><a href=\"https:\/\/staging.ordemdosfisioterapeutas.pt\/wp-content\/uploads\/2023\/03\/GEP-FERNANDO-RIBEIRO_2023.pdf\" target=\"_blank\" tabindex=\"-1\"><img decoding=\"async\" width=\"550\" height=\"383\" src=\"https:\/\/staging.ordemdosfisioterapeutas.pt\/wp-content\/uploads\/2023\/03\/F-Ribeirot.png\" class=\"attachment-full size-full wp-image-5607\" alt=\"\" srcset=\"https:\/\/staging.ordemdosfisioterapeutas.pt\/wp-content\/uploads\/2023\/03\/F-Ribeirot.png 550w, https:\/\/staging.ordemdosfisioterapeutas.pt\/wp-content\/uploads\/2023\/03\/F-Ribeirot-300x209.png 300w, https:\/\/staging.ordemdosfisioterapeutas.pt\/wp-content\/uploads\/2023\/03\/F-Ribeirot-18x12.png 18w\" sizes=\"(max-width: 550px) 100vw, 550px\" \/><\/a><\/figure><div class=\"elementor-image-box-content\"><h3 class=\"elementor-image-box-title\"><a href=\"https:\/\/staging.ordemdosfisioterapeutas.pt\/wp-content\/uploads\/2023\/03\/GEP-FERNANDO-RIBEIRO_2023.pdf\" target=\"_blank\">Fernando Ribeiro<\/a><\/h3><p class=\"elementor-image-box-description\"><br>\nC\u00e9dula no.: 2560<\/p><\/div><\/div>\t\t\t\t<\/div>\n\t\t\t\t<\/div>\n\t\t\t\t\t<\/div>\n\t\t<\/div>\n\t\t\t\t<div class=\"elementor-column elementor-col-20 elementor-top-column elementor-element elementor-element-243cf91\" data-id=\"243cf91\" data-element_type=\"column\" data-e-type=\"column\">\n\t\t\t<div class=\"elementor-widget-wrap elementor-element-populated\">\n\t\t\t\t\t\t<div class=\"elementor-element elementor-element-2007fd1 elementor-position-top elementor-widget elementor-widget-image-box\" data-id=\"2007fd1\" data-element_type=\"widget\" data-e-type=\"widget\" data-widget_type=\"image-box.default\">\n\t\t\t\t<div class=\"elementor-widget-container\">\n\t\t\t\t\t<div class=\"elementor-image-box-wrapper\"><figure class=\"elementor-image-box-img\"><a href=\"https:\/\/staging.ordemdosfisioterapeutas.pt\/wp-content\/uploads\/2023\/03\/GEP-DIOGO-PIRES_2023.pdf\" target=\"_blank\" tabindex=\"-1\"><img loading=\"lazy\" decoding=\"async\" width=\"550\" height=\"383\" src=\"https:\/\/staging.ordemdosfisioterapeutas.pt\/wp-content\/uploads\/2023\/03\/Diogo-P.png\" class=\"attachment-full size-full wp-image-5605\" alt=\"\" srcset=\"https:\/\/staging.ordemdosfisioterapeutas.pt\/wp-content\/uploads\/2023\/03\/Diogo-P.png 550w, https:\/\/staging.ordemdosfisioterapeutas.pt\/wp-content\/uploads\/2023\/03\/Diogo-P-300x209.png 300w, https:\/\/staging.ordemdosfisioterapeutas.pt\/wp-content\/uploads\/2023\/03\/Diogo-P-18x12.png 18w\" sizes=\"(max-width: 550px) 100vw, 550px\" \/><\/a><\/figure><div class=\"elementor-image-box-content\"><h3 class=\"elementor-image-box-title\"><a href=\"https:\/\/staging.ordemdosfisioterapeutas.pt\/wp-content\/uploads\/2023\/03\/GEP-DIOGO-PIRES_2023.pdf\" target=\"_blank\">Diogo Pires<\/a><\/h3><p class=\"elementor-image-box-description\"><br>\nC\u00e9dula no.: 2420<\/p><\/div><\/div>\t\t\t\t<\/div>\n\t\t\t\t<\/div>\n\t\t\t\t\t<\/div>\n\t\t<\/div>\n\t\t\t\t<div class=\"elementor-column elementor-col-20 elementor-top-column elementor-element elementor-element-53a9598\" data-id=\"53a9598\" data-element_type=\"column\" data-e-type=\"column\">\n\t\t\t<div class=\"elementor-widget-wrap\">\n\t\t\t\t\t\t\t<\/div>\n\t\t<\/div>\n\t\t\t\t\t<\/div>\n\t\t<\/section>\n\t\t\t\t<\/div>","protected":false},"excerpt":{"rendered":"<p>Eduardo Jos\u00e9 Cruz Coordinator C\u00e9dula no.: 2191 Cristina J\u00e1come C\u00e9dula no.: 1111 Fernando Ribeiro C\u00e9dula no.: 2560 Diogo Pires C\u00e9dula no.: 2420<\/p>","protected":false},"author":1,"featured_media":0,"parent":0,"menu_order":0,"comment_status":"closed","ping_status":"closed","template":"","meta":{"footnotes":""},"class_list":["post-5604","page","type-page","status-publish"],"_links":{"self":[{"href":"https:\/\/staging.ordemdosfisioterapeutas.pt\/en\/wp-json\/wp\/v2\/pages\/5604","targetHints":{"allow":["GET"]}}],"collection":[{"href":"https:\/\/staging.ordemdosfisioterapeutas.pt\/en\/wp-json\/wp\/v2\/pages"}],"about":[{"href":"https:\/\/staging.ordemdosfisioterapeutas.pt\/en\/wp-json\/wp\/v2\/types\/page"}],"author":[{"embeddable":true,"href":"https:\/\/staging.ordemdosfisioterapeutas.pt\/en\/wp-json\/wp\/v2\/users\/1"}],"replies":[{"embeddable":true,"href":"https:\/\/staging.ordemdosfisioterapeutas.pt\/en\/wp-json\/wp\/v2\/comments?post=5604"}],"version-history":[{"count":0,"href":"https:\/\/staging.ordemdosfisioterapeutas.pt\/en\/wp-json\/wp\/v2\/pages\/5604\/revisions"}],"wp:attachment":[{"href":"https:\/\/staging.ordemdosfisioterapeutas.pt\/en\/wp-json\/wp\/v2\/media?parent=5604"}],"curies":[{"name":"wp","href":"https:\/\/api.w.org\/{rel}","templated":true}]}}

<div data-elementor-type="wp-page" data-elementor-id="5604" class="elementor elementor-5604" data-elementor-post-type="page">
						<section class="elementor-section elementor-top-section elementor-element elementor-element-506caec elementor-section-boxed elementor-section-height-default elementor-section-height-default" data-id="506caec" data-element_type="section" data-e-type="section">
						<div class="elementor-container elementor-column-gap-default">
					<div class="elementor-column elementor-col-100 elementor-top-column elementor-element elementor-element-4462ff9" data-id="4462ff9" data-element_type="column" data-e-type="column">
			<div class="elementor-widget-wrap elementor-element-populated">
						<div class="elementor-element elementor-element-8b40276 elementor-position-top elementor-widget elementor-widget-image-box" data-id="8b40276" data-element_type="widget" data-e-type="widget" data-widget_type="image-box.default">
				<div class="elementor-widget-container">
					<div class="elementor-image-box-wrapper"><figure class="elementor-image-box-img"><a href="https://staging.ordemdosfisioterapeutas.pt/wp-content/uploads/2023/03/GEP-EDUARDO-CRUZ_2023.pdf" target="_blank" tabindex="-1"><img fetchpriority="high" decoding="async" width="550" height="383" src="https://staging.ordemdosfisioterapeutas.pt/wp-content/uploads/2023/03/eduardo.png" class="attachment-full size-full wp-image-5606" alt="" srcset="https://staging.ordemdosfisioterapeutas.pt/wp-content/uploads/2023/03/eduardo.png 550w, https://staging.ordemdosfisioterapeutas.pt/wp-content/uploads/2023/03/eduardo-300x209.png 300w, https://staging.ordemdosfisioterapeutas.pt/wp-content/uploads/2023/03/eduardo-18x12.png 18w" sizes="(max-width: 550px) 100vw, 550px" /></a></figure><div class="elementor-image-box-content"><h3 class="elementor-image-box-title"><a href="https://staging.ordemdosfisioterapeutas.pt/wp-content/uploads/2023/03/GEP-EDUARDO-CRUZ_2023.pdf" target="_blank">Eduardo José Cruz</a></h3><p class="elementor-image-box-description">Coordinator
<br>
Cédula no.: 2191</p></div></div>				</div>
				</div>
					</div>
		</div>
					</div>
		</section>
				<section class="elementor-section elementor-top-section elementor-element elementor-element-a8b7a7c elementor-section-boxed elementor-section-height-default elementor-section-height-default" data-id="a8b7a7c" data-element_type="section" data-e-type="section">
						<div class="elementor-container elementor-column-gap-default">
					<div class="elementor-column elementor-col-20 elementor-top-column elementor-element elementor-element-9574efa" data-id="9574efa" data-element_type="column" data-e-type="column">
			<div class="elementor-widget-wrap">
							</div>
		</div>
				<div class="elementor-column elementor-col-20 elementor-top-column elementor-element elementor-element-d6d677d" data-id="d6d677d" data-element_type="column" data-e-type="column">
			<div class="elementor-widget-wrap elementor-element-populated">
						<div class="elementor-element elementor-element-3a5fc5c elementor-position-top elementor-widget elementor-widget-image-box" data-id="3a5fc5c" data-element_type="widget" data-e-type="widget" data-widget_type="image-box.default">
				<div class="elementor-widget-container">
					<div class="elementor-image-box-wrapper"><figure class="elementor-image-box-img"><a href="https://staging.ordemdosfisioterapeutas.pt/wp-content/uploads/2023/03/GEP-CRISTINA-JACOME_2023.pdf" target="_blank" tabindex="-1"><img decoding="async" width="550" height="383" src="https://staging.ordemdosfisioterapeutas.pt/wp-content/uploads/2023/03/jacome.png" class="attachment-full size-full wp-image-5608" alt="" srcset="https://staging.ordemdosfisioterapeutas.pt/wp-content/uploads/2023/03/jacome.png 550w, https://staging.ordemdosfisioterapeutas.pt/wp-content/uploads/2023/03/jacome-300x209.png 300w, https://staging.ordemdosfisioterapeutas.pt/wp-content/uploads/2023/03/jacome-18x12.png 18w" sizes="(max-width: 550px) 100vw, 550px" /></a></figure><div class="elementor-image-box-content"><h3 class="elementor-image-box-title"><a href="https://staging.ordemdosfisioterapeutas.pt/wp-content/uploads/2023/03/GEP-CRISTINA-JACOME_2023.pdf" target="_blank">Cristina Jácome</a></h3><p class="elementor-image-box-description"><br>
Cédula no.: 1111</p></div></div>				</div>
				</div>
					</div>
		</div>
				<div class="elementor-column elementor-col-20 elementor-top-column elementor-element elementor-element-e7d6e54" data-id="e7d6e54" data-element_type="column" data-e-type="column">
			<div class="elementor-widget-wrap elementor-element-populated">
						<div class="elementor-element elementor-element-d8d28b1 elementor-position-top elementor-widget elementor-widget-image-box" data-id="d8d28b1" data-element_type="widget" data-e-type="widget" data-widget_type="image-box.default">
				<div class="elementor-widget-container">
					<div class="elementor-image-box-wrapper"><figure class="elementor-image-box-img"><a href="https://staging.ordemdosfisioterapeutas.pt/wp-content/uploads/2023/03/GEP-FERNANDO-RIBEIRO_2023.pdf" target="_blank" tabindex="-1"><img decoding="async" width="550" height="383" src="https://staging.ordemdosfisioterapeutas.pt/wp-content/uploads/2023/03/F-Ribeirot.png" class="attachment-full size-full wp-image-5607" alt="" srcset="https://staging.ordemdosfisioterapeutas.pt/wp-content/uploads/2023/03/F-Ribeirot.png 550w, https://staging.ordemdosfisioterapeutas.pt/wp-content/uploads/2023/03/F-Ribeirot-300x209.png 300w, https://staging.ordemdosfisioterapeutas.pt/wp-content/uploads/2023/03/F-Ribeirot-18x12.png 18w" sizes="(max-width: 550px) 100vw, 550px" /></a></figure><div class="elementor-image-box-content"><h3 class="elementor-image-box-title"><a href="https://staging.ordemdosfisioterapeutas.pt/wp-content/uploads/2023/03/GEP-FERNANDO-RIBEIRO_2023.pdf" target="_blank">Fernando Ribeiro</a></h3><p class="elementor-image-box-description"><br>
Cédula no.: 2560</p></div></div>				</div>
				</div>
					</div>
		</div>
				<div class="elementor-column elementor-col-20 elementor-top-column elementor-element elementor-element-243cf91" data-id="243cf91" data-element_type="column" data-e-type="column">
			<div class="elementor-widget-wrap elementor-element-populated">
						<div class="elementor-element elementor-element-2007fd1 elementor-position-top elementor-widget elementor-widget-image-box" data-id="2007fd1" data-element_type="widget" data-e-type="widget" data-widget_type="image-box.default">
				<div class="elementor-widget-container">
					<div class="elementor-image-box-wrapper"><figure class="elementor-image-box-img"><a href="https://staging.ordemdosfisioterapeutas.pt/wp-content/uploads/2023/03/GEP-DIOGO-PIRES_2023.pdf" target="_blank" tabindex="-1"><img loading="lazy" decoding="async" width="550" height="383" src="https://staging.ordemdosfisioterapeutas.pt/wp-content/uploads/2023/03/Diogo-P.png" class="attachment-full size-full wp-image-5605" alt="" srcset="https://staging.ordemdosfisioterapeutas.pt/wp-content/uploads/2023/03/Diogo-P.png 550w, https://staging.ordemdosfisioterapeutas.pt/wp-content/uploads/2023/03/Diogo-P-300x209.png 300w, https://staging.ordemdosfisioterapeutas.pt/wp-content/uploads/2023/03/Diogo-P-18x12.png 18w" sizes="(max-width: 550px) 100vw, 550px" /></a></figure><div class="elementor-image-box-content"><h3 class="elementor-image-box-title"><a href="https://staging.ordemdosfisioterapeutas.pt/wp-content/uploads/2023/03/GEP-DIOGO-PIRES_2023.pdf" target="_blank">Diogo Pires</a></h3><p class="elementor-image-box-description"><br>
Cédula no.: 2420</p></div></div>				</div>
				</div>
					</div>
		</div>
				<div class="elementor-column elementor-col-20 elementor-top-column elementor-element elementor-element-53a9598" data-id="53a9598" data-element_type="column" data-e-type="column">
			<div class="elementor-widget-wrap">
							</div>
		</div>
					</div>
		</section>
				</div>

<p>Eduardo José Cruz Coordinator Cédula no.: 2191 Cristina Jácome Cédula no.: 1111 Fernando Ribeiro Cédula no.: 2560 Diogo Pires Cédula no.: 2420</p>
