{"id":7542,"date":"2025-01-31T15:36:00","date_gmt":"2025-01-31T15:36:00","guid":{"rendered":"https:\/\/staging.ordemdosfisioterapeutas.pt\/?page_id=7542"},"modified":"2025-07-05T21:07:24","modified_gmt":"2025-07-05T20:07:24","slug":"vila-gale","status":"publish","type":"page","link":"https:\/\/staging.ordemdosfisioterapeutas.pt\/en\/vila-gale\/","title":{"rendered":"Vila Gal\u00e9"},"content":{"rendered":"<div data-elementor-type=\"wp-page\" data-elementor-id=\"7542\" class=\"elementor elementor-7542\" data-elementor-post-type=\"page\">\n\t\t\t\t<div class=\"elementor-element elementor-element-f767f5d e-grid e-con-boxed e-con e-parent\" data-id=\"f767f5d\" data-element_type=\"container\" data-e-type=\"container\">\n\t\t\t\t\t<div class=\"e-con-inner\">\n\t\t\t\t<div class=\"elementor-element elementor-element-12db7f9 elementor-widget elementor-widget-image\" data-id=\"12db7f9\" data-element_type=\"widget\" data-e-type=\"widget\" data-widget_type=\"image.default\">\n\t\t\t\t<div class=\"elementor-widget-container\">\n\t\t\t\t\t\t\t\t\t\t\t\t\t\t\t<img decoding=\"async\" src=\"https:\/\/staging.ordemdosfisioterapeutas.pt\/wp-content\/uploads\/elementor\/thumbs\/imagem-CARD-r3dj1ty1g1js72xwgm2yystsuvxgby72tdhq69kjcw.webp\" title=\"image-CARD\" alt=\"imagem-CARD\" loading=\"lazy\" \/>\t\t\t\t\t\t\t\t\t\t\t\t\t\t\t<\/div>\n\t\t\t\t<\/div>\n\t\t\t\t<div class=\"elementor-element elementor-element-7658a8f elementor-widget elementor-widget-image\" data-id=\"7658a8f\" data-element_type=\"widget\" data-e-type=\"widget\" data-widget_type=\"image.default\">\n\t\t\t\t<div class=\"elementor-widget-container\">\n\t\t\t\t\t\t\t\t\t\t\t\t\t\t\t<img decoding=\"async\" src=\"https:\/\/staging.ordemdosfisioterapeutas.pt\/wp-content\/uploads\/elementor\/thumbs\/parcerias-r3dj0mpgpnwvlbcun4qd1nnlq32o4tf0m68b40m4g0.webp\" title=\"partnerships\" alt=\"parcerias\" loading=\"lazy\" \/>\t\t\t\t\t\t\t\t\t\t\t\t\t\t\t<\/div>\n\t\t\t\t<\/div>\n\t\t\t\t\t<\/div>\n\t\t\t\t<\/div>\n\t\t<div class=\"elementor-element elementor-element-927d09d e-flex e-con-boxed e-con e-parent\" data-id=\"927d09d\" data-element_type=\"container\" data-e-type=\"container\">\n\t\t\t\t\t<div class=\"e-con-inner\">\n\t\t\t\t<div class=\"elementor-element elementor-element-9df1d8e elementor-widget elementor-widget-heading\" data-id=\"9df1d8e\" data-element_type=\"widget\" data-e-type=\"widget\" data-widget_type=\"heading.default\">\n\t\t\t\t<div class=\"elementor-widget-container\">\n\t\t\t\t\t<h2 class=\"elementor-heading-title elementor-size-default\">Description<\/h2>\t\t\t\t<\/div>\n\t\t\t\t<\/div>\n\t\t\t\t\t<\/div>\n\t\t\t\t<\/div>\n\t\t<div class=\"elementor-element elementor-element-73c81c9 e-flex e-con-boxed e-con e-parent\" data-id=\"73c81c9\" data-element_type=\"container\" data-e-type=\"container\">\n\t\t\t\t\t<div class=\"e-con-inner\">\n\t\t\t\t<div class=\"elementor-element elementor-element-e8ceaec elementor-widget elementor-widget-text-editor\" data-id=\"e8ceaec\" data-element_type=\"widget\" data-e-type=\"widget\" data-widget_type=\"text-editor.default\">\n\t\t\t\t<div class=\"elementor-widget-container\">\n\t\t\t\t\t\t\t\t\t<p>The Vila Gal\u00e9 group is one of Portugal's leading hotel groups and is now in 120th position in Hotels magazine's ranking of the 200 largest hotel companies. It is made up of several companies, of which VILA GAL\u00c9 - Sociedade de Empreendimentos Tur\u00edsticos, S.A. stands out for its size and importance.\u00a0<em>ranking<\/em> 1 of Portuguese companies.<\/p><p>This company, founded in 1986, is dedicated to the operation and management of all the hotel units that make up the group, as well as the realisation of projects and the construction of new tourist developments.<\/p><p>The Vila Gal\u00e9 group currently manages 44 hotels: 32 in Portugal (Algarve, Beja, \u00c9vora, Elvas, Alter do Ch\u00e3o, Oeiras, Cascais, Sintra, Ericeira, Estoril, Lisbon, Coimbra, Serra da Estrela, Tomar, Figueira da Foz, Porto, Braga, Douro, Madeira and the Azores), 10 in Brazil (Alagoas, Rio de Janeiro, Fortaleza, Caucaia, Salvador, Guarajuba, Pernambuco, Touros, Angra dos Reis and S\u00e3o Paulo), 1 in Cuba and 1 in Spain with a further 9.800 rooms and more than 24,000 beds.<\/p>\t\t\t\t\t\t\t\t<\/div>\n\t\t\t\t<\/div>\n\t\t\t\t\t<\/div>\n\t\t\t\t<\/div>\n\t\t<div class=\"elementor-element elementor-element-cee4a58 condicoes e-flex e-con-boxed e-con e-parent\" data-id=\"cee4a58\" data-element_type=\"container\" data-e-type=\"container\">\n\t\t\t\t\t<div class=\"e-con-inner\">\n\t\t\t\t<div class=\"elementor-element elementor-element-e67c4f1 elementor-widget elementor-widget-heading\" data-id=\"e67c4f1\" data-element_type=\"widget\" data-e-type=\"widget\" data-widget_type=\"heading.default\">\n\t\t\t\t<div class=\"elementor-widget-container\">\n\t\t\t\t\t<h2 class=\"elementor-heading-title elementor-size-default\">Conditions<\/h2>\t\t\t\t<\/div>\n\t\t\t\t<\/div>\n\t\t\t\t<div class=\"elementor-element elementor-element-8c9131f elementor-widget elementor-widget-text-editor\" data-id=\"8c9131f\" data-element_type=\"widget\" data-e-type=\"widget\" data-widget_type=\"text-editor.default\">\n\t\t\t\t<div class=\"elementor-widget-container\">\n\t\t\t\t\t\t\t\t\t<ul><li>Free membership<\/li><li>Access to exclusive promotions<\/li><li>Direct discount of <strong>10%<\/strong>calculated on the Online Rates published on the website <span style=\"text-decoration: underline;\"><a href=\"https:\/\/u2654599.ct.sendgrid.net\/ls\/click?upn=u001.6J25MkZgmY94bAvcC2doBvtQoudgz0TM6UbRU5tBMuoLQ2wyNuywFdUWQTENoGj-2Fo6d8L7RcHwYQfyQt9gAMVmIocdghukXxcYtramnNPe80BstDrCigYnTt8IrHUqYz8lCuLb0cDK2lNZAnrIYi2qUE7CCEBfgskJi6kj4kbKUOEjRftYF6uYaOqYB0k4zjmDmxxXxVo-2BA7-2B0ueyOagb7O-2BE2wBdhncsOp2FoJs7fnlH-2FFi4Uve98X08CM6D11kg69MMCD8bVR3CCuHJ5Dp3hciTvZDYlV-2FSyAAhEljXCAcYRLH-2F-2FU7oA9wfvUgRbeNKsyyhhiPjwH0uFrFNciqtSx-2BNt4bzPjiTapoKqbv03awI8eyHoJQ-2BOwJvS-2BMQjQpi55u_Cjsmoy8Ze1tEWbhn-2BUOaUeK-2BH5S2EL5GXFR3mWFP3xMtCM6rY11CAkGI0KBa8aAfDqMTmvgIgI3AfyUUdc5ZX8-2Fzo0r0csiInq5es-2FI95gA-2FP85DEOI5JRfNVBCs9zykSrAICp235rXMT14fs6TT-2BevXdBTfoulaoXGZV8IMlPWMRjd7wNVtFe-2B7pFpbGFj6-2B-2FvGnzETRKfKfosjmOBI82SCiAWhzQPP4Y-2BqE0UKQlcAd0P7-2FO9uqe5xxXJ9kJuU\" target=\"_blank\" rel=\"noopener\">www.vilagale.com<\/a><\/span><\/li><\/ul><p>in accommodation, services and in spas and health clubs<\/p><ul><li>Early check-in from 11am<\/li><\/ul><p>subject to availability<\/p><ul><li>Late check-out until 3pm<\/li><\/ul><p>subject to availability<\/p><ul><li>Booking priority<\/li><\/ul><p>You can sign up for the Order of Physiotherapists Card - VILA GAL\u00c9 at <span style=\"text-decoration: underline;\"><a href=\"https:\/\/bit.ly\/PARCERIA_OF_VilaGale\" target=\"_blank\" rel=\"noopener\">Membership of the Ordem dos Fisioterapeutas benefits card - Vila Gal\u00e9<\/a><\/span>.\u00a0<\/p>\t\t\t\t\t\t\t\t<\/div>\n\t\t\t\t<\/div>\n\t\t\t\t<div class=\"elementor-element elementor-element-a150a1a elementor-align-left elementor-mobile-align-center elementor-widget elementor-widget-button\" data-id=\"a150a1a\" data-element_type=\"widget\" data-e-type=\"widget\" data-widget_type=\"button.default\">\n\t\t\t\t<div class=\"elementor-widget-container\">\n\t\t\t\t\t\t\t\t\t<div class=\"elementor-button-wrapper\">\n\t\t\t\t\t<a class=\"elementor-button elementor-button-link elementor-size-xs\" href=\"https:\/\/bit.ly\/PARCERIA_OF_VilaGale\">\n\t\t\t\t\t\t<span class=\"elementor-button-content-wrapper\">\n\t\t\t\t\t\t\t\t\t<span class=\"elementor-button-text\">Join here<\/span>\n\t\t\t\t\t<\/span>\n\t\t\t\t\t<\/a>\n\t\t\t\t<\/div>\n\t\t\t\t\t\t\t\t<\/div>\n\t\t\t\t<\/div>\n\t\t\t\t\t<\/div>\n\t\t\t\t<\/div>\n\t\t<div class=\"elementor-element elementor-element-c07f4c8 e-flex e-con-boxed e-con e-parent\" data-id=\"c07f4c8\" data-element_type=\"container\" data-e-type=\"container\">\n\t\t\t\t\t<div class=\"e-con-inner\">\n\t\t\t\t<div class=\"elementor-element elementor-element-1ff30c6 elementor-widget elementor-widget-heading\" data-id=\"1ff30c6\" data-element_type=\"widget\" data-e-type=\"widget\" data-widget_type=\"heading.default\">\n\t\t\t\t<div class=\"elementor-widget-container\">\n\t\t\t\t\t<h2 class=\"elementor-heading-title elementor-size-default\">Contact us<\/h2>\t\t\t\t<\/div>\n\t\t\t\t<\/div>\n\t\t\t\t\t<\/div>\n\t\t\t\t<\/div>\n\t\t<div class=\"elementor-element elementor-element-4c04009 e-flex e-con-boxed e-con e-parent\" data-id=\"4c04009\" data-element_type=\"container\" data-e-type=\"container\">\n\t\t\t\t\t<div class=\"e-con-inner\">\n\t\t\t\t<div class=\"elementor-element elementor-element-299e68e elementor-widget elementor-widget-text-editor\" data-id=\"299e68e\" data-element_type=\"widget\" data-e-type=\"widget\" data-widget_type=\"text-editor.default\">\n\t\t\t\t<div class=\"elementor-widget-container\">\n\t\t\t\t\t\t\t\t\t<p><strong>Telephone: <\/strong><a href=\"tel:(+351)%20212%20460%20650\">(+351) 212 460 650 <\/a>(call to national fixed network)<\/p><p>Monday to Friday from 9am to 7.30pm<\/p><p>Saturdays and public holidays* from 9am to 6pm<\/p><p>*excludes 1st January, 1st May, 1st, 8th and 25th December<\/p><p><strong>Email:<\/strong> <a href=\"mailto:portugal.reservas@vilagale.com\">portugal.reservas@vilagale.com <\/a><\/p>\t\t\t\t\t\t\t\t<\/div>\n\t\t\t\t<\/div>\n\t\t\t\t\t<\/div>\n\t\t\t\t<\/div>\n\t\t\t\t<\/div>","protected":false},"excerpt":{"rendered":"<p>Descri\u00e7\u00e3o O grupo Vila Gal\u00e9 \u00e9 um dos principais grupos hoteleiros portugueses e est\u00e1 agora na 120\u00ba posi\u00e7\u00e3o no ranking das 200 maiores empresas de hotelaria da revista Hotels. \u00c9 composto por diversas sociedades, das quais se destaca, pela sua dimens\u00e3o e import\u00e2ncia, a VILA GAL\u00c9 \u2013 Sociedade de Empreendimentos Tur\u00edsticos, S.A., que faz parte &#8230; <a title=\"Vila Gal\u00e9\" class=\"read-more\" href=\"https:\/\/staging.ordemdosfisioterapeutas.pt\/en\/vila-gale\/\" aria-label=\"Read more about Vila Gal\u00e9\">Read more<\/a><\/p>","protected":false},"author":1,"featured_media":0,"parent":0,"menu_order":0,"comment_status":"closed","ping_status":"closed","template":"","meta":{"footnotes":""},"class_list":["post-7542","page","type-page","status-publish"],"_links":{"self":[{"href":"https:\/\/staging.ordemdosfisioterapeutas.pt\/en\/wp-json\/wp\/v2\/pages\/7542","targetHints":{"allow":["GET"]}}],"collection":[{"href":"https:\/\/staging.ordemdosfisioterapeutas.pt\/en\/wp-json\/wp\/v2\/pages"}],"about":[{"href":"https:\/\/staging.ordemdosfisioterapeutas.pt\/en\/wp-json\/wp\/v2\/types\/page"}],"author":[{"embeddable":true,"href":"https:\/\/staging.ordemdosfisioterapeutas.pt\/en\/wp-json\/wp\/v2\/users\/1"}],"replies":[{"embeddable":true,"href":"https:\/\/staging.ordemdosfisioterapeutas.pt\/en\/wp-json\/wp\/v2\/comments?post=7542"}],"version-history":[{"count":0,"href":"https:\/\/staging.ordemdosfisioterapeutas.pt\/en\/wp-json\/wp\/v2\/pages\/7542\/revisions"}],"wp:attachment":[{"href":"https:\/\/staging.ordemdosfisioterapeutas.pt\/en\/wp-json\/wp\/v2\/media?parent=7542"}],"curies":[{"name":"wp","href":"https:\/\/api.w.org\/{rel}","templated":true}]}}

Vila Galé

<div data-elementor-type="wp-page" data-elementor-id="7542" class="elementor elementor-7542" data-elementor-post-type="page">
				<div class="elementor-element elementor-element-f767f5d e-grid e-con-boxed e-con e-parent" data-id="f767f5d" data-element_type="container" data-e-type="container">
					<div class="e-con-inner">
				<div class="elementor-element elementor-element-12db7f9 elementor-widget elementor-widget-image" data-id="12db7f9" data-element_type="widget" data-e-type="widget" data-widget_type="image.default">
				<div class="elementor-widget-container">
															<img decoding="async" src="https://staging.ordemdosfisioterapeutas.pt/wp-content/uploads/elementor/thumbs/imagem-CARD-r3dj1ty1g1js72xwgm2yystsuvxgby72tdhq69kjcw.webp" title="image-CARD" alt="imagem-CARD" loading="lazy" />															</div>
				</div>
				<div class="elementor-element elementor-element-7658a8f elementor-widget elementor-widget-image" data-id="7658a8f" data-element_type="widget" data-e-type="widget" data-widget_type="image.default">
				<div class="elementor-widget-container">
															<img decoding="async" src="https://staging.ordemdosfisioterapeutas.pt/wp-content/uploads/elementor/thumbs/parcerias-r3dj0mpgpnwvlbcun4qd1nnlq32o4tf0m68b40m4g0.webp" title="partnerships" alt="parcerias" loading="lazy" />															</div>
				</div>
					</div>
				</div>
		<div class="elementor-element elementor-element-927d09d e-flex e-con-boxed e-con e-parent" data-id="927d09d" data-element_type="container" data-e-type="container">
					<div class="e-con-inner">
				<div class="elementor-element elementor-element-9df1d8e elementor-widget elementor-widget-heading" data-id="9df1d8e" data-element_type="widget" data-e-type="widget" data-widget_type="heading.default">
				<div class="elementor-widget-container">
					<h2 class="elementor-heading-title elementor-size-default">Description</h2>				</div>
				</div>
					</div>
				</div>
		<div class="elementor-element elementor-element-73c81c9 e-flex e-con-boxed e-con e-parent" data-id="73c81c9" data-element_type="container" data-e-type="container">
					<div class="e-con-inner">
				<div class="elementor-element elementor-element-e8ceaec elementor-widget elementor-widget-text-editor" data-id="e8ceaec" data-element_type="widget" data-e-type="widget" data-widget_type="text-editor.default">
				<div class="elementor-widget-container">
									<p>The Vila Galé group is one of Portugal's leading hotel groups and is now in 120th position in Hotels magazine's ranking of the 200 largest hotel companies. It is made up of several companies, of which VILA GALÉ - Sociedade de Empreendimentos Turísticos, S.A. stands out for its size and importance. <em>ranking</em> 1 of Portuguese companies.</p><p>This company, founded in 1986, is dedicated to the operation and management of all the hotel units that make up the group, as well as the realisation of projects and the construction of new tourist developments.</p><p>The Vila Galé group currently manages 44 hotels: 32 in Portugal (Algarve, Beja, Évora, Elvas, Alter do Chão, Oeiras, Cascais, Sintra, Ericeira, Estoril, Lisbon, Coimbra, Serra da Estrela, Tomar, Figueira da Foz, Porto, Braga, Douro, Madeira and the Azores), 10 in Brazil (Alagoas, Rio de Janeiro, Fortaleza, Caucaia, Salvador, Guarajuba, Pernambuco, Touros, Angra dos Reis and São Paulo), 1 in Cuba and 1 in Spain with a further 9.800 rooms and more than 24,000 beds.</p>								</div>
				</div>
					</div>
				</div>
		<div class="elementor-element elementor-element-cee4a58 condicoes e-flex e-con-boxed e-con e-parent" data-id="cee4a58" data-element_type="container" data-e-type="container">
					<div class="e-con-inner">
				<div class="elementor-element elementor-element-e67c4f1 elementor-widget elementor-widget-heading" data-id="e67c4f1" data-element_type="widget" data-e-type="widget" data-widget_type="heading.default">
				<div class="elementor-widget-container">
					<h2 class="elementor-heading-title elementor-size-default">Conditions</h2>				</div>
				</div>
				<div class="elementor-element elementor-element-8c9131f elementor-widget elementor-widget-text-editor" data-id="8c9131f" data-element_type="widget" data-e-type="widget" data-widget_type="text-editor.default">
				<div class="elementor-widget-container">
									<ul><li>Free membership</li><li>Access to exclusive promotions</li><li>Direct discount of <strong>10%</strong>calculated on the Online Rates published on the website <span style="text-decoration: underline;"><a href="https://u2654599.ct.sendgrid.net/ls/click?upn=u001.6J25MkZgmY94bAvcC2doBvtQoudgz0TM6UbRU5tBMuoLQ2wyNuywFdUWQTENoGj-2Fo6d8L7RcHwYQfyQt9gAMVmIocdghukXxcYtramnNPe80BstDrCigYnTt8IrHUqYz8lCuLb0cDK2lNZAnrIYi2qUE7CCEBfgskJi6kj4kbKUOEjRftYF6uYaOqYB0k4zjmDmxxXxVo-2BA7-2B0ueyOagb7O-2BE2wBdhncsOp2FoJs7fnlH-2FFi4Uve98X08CM6D11kg69MMCD8bVR3CCuHJ5Dp3hciTvZDYlV-2FSyAAhEljXCAcYRLH-2F-2FU7oA9wfvUgRbeNKsyyhhiPjwH0uFrFNciqtSx-2BNt4bzPjiTapoKqbv03awI8eyHoJQ-2BOwJvS-2BMQjQpi55u_Cjsmoy8Ze1tEWbhn-2BUOaUeK-2BH5S2EL5GXFR3mWFP3xMtCM6rY11CAkGI0KBa8aAfDqMTmvgIgI3AfyUUdc5ZX8-2Fzo0r0csiInq5es-2FI95gA-2FP85DEOI5JRfNVBCs9zykSrAICp235rXMT14fs6TT-2BevXdBTfoulaoXGZV8IMlPWMRjd7wNVtFe-2B7pFpbGFj6-2B-2FvGnzETRKfKfosjmOBI82SCiAWhzQPP4Y-2BqE0UKQlcAd0P7-2FO9uqe5xxXJ9kJuU" target="_blank" rel="noopener">www.vilagale.com</a></span></li></ul><p>in accommodation, services and in spas and health clubs</p><ul><li>Early check-in from 11am</li></ul><p>subject to availability</p><ul><li>Late check-out until 3pm</li></ul><p>subject to availability</p><ul><li>Booking priority</li></ul><p>You can sign up for the Order of Physiotherapists Card - VILA GALÉ at <span style="text-decoration: underline;"><a href="https://bit.ly/PARCERIA_OF_VilaGale" target="_blank" rel="noopener">Membership of the Ordem dos Fisioterapeutas benefits card - Vila Galé</a></span>. </p>								</div>
				</div>
				<div class="elementor-element elementor-element-a150a1a elementor-align-left elementor-mobile-align-center elementor-widget elementor-widget-button" data-id="a150a1a" data-element_type="widget" data-e-type="widget" data-widget_type="button.default">
				<div class="elementor-widget-container">
									<div class="elementor-button-wrapper">
					<a class="elementor-button elementor-button-link elementor-size-xs" href="https://bit.ly/PARCERIA_OF_VilaGale">
						<span class="elementor-button-content-wrapper">
									<span class="elementor-button-text">Join here</span>
					</span>
					</a>
				</div>
								</div>
				</div>
					</div>
				</div>
		<div class="elementor-element elementor-element-c07f4c8 e-flex e-con-boxed e-con e-parent" data-id="c07f4c8" data-element_type="container" data-e-type="container">
					<div class="e-con-inner">
				<div class="elementor-element elementor-element-1ff30c6 elementor-widget elementor-widget-heading" data-id="1ff30c6" data-element_type="widget" data-e-type="widget" data-widget_type="heading.default">
				<div class="elementor-widget-container">
					<h2 class="elementor-heading-title elementor-size-default">Contact us</h2>				</div>
				</div>
					</div>
				</div>
		<div class="elementor-element elementor-element-4c04009 e-flex e-con-boxed e-con e-parent" data-id="4c04009" data-element_type="container" data-e-type="container">
					<div class="e-con-inner">
				<div class="elementor-element elementor-element-299e68e elementor-widget elementor-widget-text-editor" data-id="299e68e" data-element_type="widget" data-e-type="widget" data-widget_type="text-editor.default">
				<div class="elementor-widget-container">
									<p><strong>Telephone: </strong><a href="tel:(+351)%20212%20460%20650">(+351) 212 460 650 </a>(call to national fixed network)</p><p>Monday to Friday from 9am to 7.30pm</p><p>Saturdays and public holidays* from 9am to 6pm</p><p>*excludes 1st January, 1st May, 1st, 8th and 25th December</p><p><strong>Email:</strong> <a href="mailto:portugal.reservas@vilagale.com">portugal.reservas@vilagale.com </a></p>								</div>
				</div>
					</div>
				</div>
				</div>

<p>Descrição O grupo Vila Galé é um dos principais grupos hoteleiros portugueses e está agora na 120º posição no ranking das 200 maiores empresas de hotelaria da revista Hotels. É composto por diversas sociedades, das quais se destaca, pela sua dimensão e importância, a VILA GALÉ – Sociedade de Empreendimentos Turísticos, S.A., que faz parte &#8230; <a title="Vila Galé" class="read-more" href="https://staging.ordemdosfisioterapeutas.pt/en/vila-gale/" aria-label="Read more about Vila Galé">Read more</a></p>
