{"id":3763,"date":"2022-01-15T15:07:50","date_gmt":"2022-01-15T15:07:50","guid":{"rendered":"https:\/\/staging.ordemdosfisioterapeutas.pt\/?page_id=3763"},"modified":"2022-01-15T15:14:53","modified_gmt":"2022-01-15T15:14:53","slug":"mensagem-do-bastonario","status":"publish","type":"page","link":"https:\/\/staging.ordemdosfisioterapeutas.pt\/es\/mensagem-do-bastonario\/","title":{"rendered":"Mensaje del Presidente"},"content":{"rendered":"<div data-elementor-type=\"wp-page\" data-elementor-id=\"3763\" class=\"elementor elementor-3763\" data-elementor-post-type=\"page\">\n\t\t\t\t\t\t<section class=\"elementor-section elementor-top-section elementor-element elementor-element-6e61d33 elementor-section-boxed elementor-section-height-default elementor-section-height-default\" data-id=\"6e61d33\" data-element_type=\"section\" data-e-type=\"section\">\n\t\t\t\t\t\t<div class=\"elementor-container elementor-column-gap-default\">\n\t\t\t\t\t<div class=\"elementor-column elementor-col-50 elementor-top-column elementor-element elementor-element-e2f65e9\" data-id=\"e2f65e9\" data-element_type=\"column\" data-e-type=\"column\">\n\t\t\t<div class=\"elementor-widget-wrap elementor-element-populated\">\n\t\t\t\t\t\t<div class=\"elementor-element elementor-element-8cc0c92 elementor-widget elementor-widget-image\" data-id=\"8cc0c92\" data-element_type=\"widget\" data-e-type=\"widget\" data-widget_type=\"image.default\">\n\t\t\t\t<div class=\"elementor-widget-container\">\n\t\t\t\t\t\t\t\t\t\t\t\t\t\t\t<img fetchpriority=\"high\" decoding=\"async\" width=\"550\" height=\"383\" src=\"https:\/\/staging.ordemdosfisioterapeutas.pt\/wp-content\/uploads\/2022\/01\/antonio-lopes.png\" class=\"attachment-full size-full wp-image-3765\" alt=\"Ant\u00f4nio Lopes\" srcset=\"https:\/\/staging.ordemdosfisioterapeutas.pt\/wp-content\/uploads\/2022\/01\/antonio-lopes.png 550w, https:\/\/staging.ordemdosfisioterapeutas.pt\/wp-content\/uploads\/2022\/01\/antonio-lopes-300x209.png 300w, https:\/\/staging.ordemdosfisioterapeutas.pt\/wp-content\/uploads\/2022\/01\/antonio-lopes-18x12.png 18w\" sizes=\"(max-width: 550px) 100vw, 550px\" \/>\t\t\t\t\t\t\t\t\t\t\t\t\t\t\t<\/div>\n\t\t\t\t<\/div>\n\t\t\t\t\t<\/div>\n\t\t<\/div>\n\t\t\t\t<div class=\"elementor-column elementor-col-50 elementor-top-column elementor-element elementor-element-4ee0f98\" data-id=\"4ee0f98\" data-element_type=\"column\" data-e-type=\"column\">\n\t\t\t<div class=\"elementor-widget-wrap elementor-element-populated\">\n\t\t\t\t\t\t<div class=\"elementor-element elementor-element-f0ccdca elementor-widget elementor-widget-text-editor\" data-id=\"f0ccdca\" data-element_type=\"widget\" data-e-type=\"widget\" data-widget_type=\"text-editor.default\">\n\t\t\t\t<div class=\"elementor-widget-container\">\n\t\t\t\t\t\t\t\t\t<p>\u00a1Bienvenido a la Orden de Fisioterapeutas!<\/p><p>Con la toma de posesi\u00f3n de los \u00f3rganos de gobierno de la Orden el 14 de diciembre de 2021, elegidos el 15 de noviembre, la Orden de Fisioterapeutas se considera, al amparo de la Ley 122\/2019, de 30 de septiembre, efectivamente instalada.<\/p><p><span style=\"color: var( --e-global-color-text ); font-family: var( --e-global-typography-text-font-family ), Sans-serif; font-size: var( --e-global-typography-text-font-size ); font-weight: var( --e-global-typography-text-font-weight );\">Nos encontramos, pues, en el punto de partida de un nuevo reto y de una nueva organizaci\u00f3n. Una que sepa defender a los ciudadanos, apoyar a los fisioterapeutas y construir el futuro. Pero, \u00bfc\u00f3mo?<\/span><\/p><p>Creo, y creemos los miembros del Consejo, que el apoyo a los fisioterapeutas pasa por potenciar la imagen del profesional como solucionador de problemas, en colaboraci\u00f3n con otros, en beneficio de los ciudadanos. Debe corresponder a los fisioterapeutas crear las condiciones para que ellos mismos definan la mejor manera de asignar los recursos en funci\u00f3n de las necesidades de los usuarios, desde una perspectiva integrada y de continuidad asistencial.<\/p><p>Que los fisioterapeutas se encarguen de demostrar los resultados de su intervenci\u00f3n, apoy\u00e1ndose en estudios de coste-beneficio y en una evaluaci\u00f3n de los niveles de satisfacci\u00f3n por parte de los propios ciudadanos.<\/p><p>Tambi\u00e9n seremos, para los fisioterapeutas y para el mundo, la autoridad competente en materia de reconocimiento de cualificaciones profesionales para el ejercicio de la profesi\u00f3n en nuestro pa\u00eds. Al mismo tiempo, seremos la autoridad mejor preparada para contribuir al desarrollo y a la garant\u00eda de calidad de la ense\u00f1anza de la fisioterapia a todos los niveles. En este sentido, la relaci\u00f3n de la Orden con las instituciones de ense\u00f1anza superior ser\u00e1 crucial.<\/p><p>Pero tambi\u00e9n estaremos al servicio de los ciudadanos, promoviendo su derecho al acceso directo a la atenci\u00f3n prestada por los fisioterapeutas, aprovechando la posibilidad de derivaci\u00f3n por parte de cualquier profesional sanitario y asumiendo el derecho y el deber de derivar rec\u00edprocamente a los usuarios a otros profesionales sanitarios, o a un fisioterapeuta m\u00e1s cualificado, siempre que la situaci\u00f3n lo justifique. De este modo, la Orden velar\u00e1 tambi\u00e9n por los intereses de los ciudadanos y, por tanto, estar\u00e1 disponible para recibirlos.<\/p><p>De hecho, la Orden tiene que estructurarse para ser la Voz de la profesi\u00f3n, una red de recursos al servicio de los ciudadanos y de los fisioterapeutas, y un observatorio de la realidad de la profesi\u00f3n. Necesitaremos, por tanto, el esfuerzo y el compromiso de los fisioterapeutas para hacer su aportaci\u00f3n, por lo que haremos un esfuerzo extra para completar la colegiaci\u00f3n de todos. S\u00f3lo as\u00ed podremos garantizar que nuestras acciones reflejen el presente y trabajen por el futuro de todos los fisioterapeutas.<\/p><p>Este Consejo se compromete a llevar a buen puerto este ambicioso proyecto, junto con los dem\u00e1s \u00f3rganos elegidos. Contamos tambi\u00e9n con la inestimable colaboraci\u00f3n de las dem\u00e1s profesiones, en particular las del sector sanitario y sus \u00f3rganos representativos, que llevan m\u00e1s tiempo establecidos y disponen ya de los conocimientos que da la experiencia. Mantendremos el mismo esp\u00edritu de colaboraci\u00f3n, apertura al di\u00e1logo y disponibilidad.<\/p><p>Y c\u00f3mo la \"mano\" ha sido simb\u00f3licamente representativa de los fisioterapeutas,<\/p><p>Manos a la obra.<\/p><p>A trabajar\".<\/p><p>Ant\u00f3nio Lopes<\/p><p>Presidente de la Orden de Fisioterapeutas\u00a0\u00a0\u00a0\u00a0<\/p>\t\t\t\t\t\t\t\t<\/div>\n\t\t\t\t<\/div>\n\t\t\t\t\t<\/div>\n\t\t<\/div>\n\t\t\t\t\t<\/div>\n\t\t<\/section>\n\t\t\t\t<\/div>","protected":false},"excerpt":{"rendered":"<p>\u00a1Bienvenido a la Orden de Fisioterapeutas! Con la toma de posesi\u00f3n el 14 de diciembre de 2021 de los \u00f3rganos de gobierno de la Orden, elegidos el 15 de noviembre, la Orden de Fisioterapeutas se considera, en los t\u00e9rminos de la Ley 122\/2019, de 30 de septiembre, efectivamente instalada. Nos encontramos, por tanto, en el punto de partida de un nuevo ... <a title=\"Mensaje del Presidente\" class=\"read-more\" href=\"https:\/\/staging.ordemdosfisioterapeutas.pt\/es\/mensagem-do-bastonario\/\" aria-label=\"Leer m\u00e1s sobre Mensaje del Presidente\">Seguir leyendo<\/a><\/p>","protected":false},"author":1,"featured_media":0,"parent":0,"menu_order":0,"comment_status":"closed","ping_status":"closed","template":"","meta":{"footnotes":""},"class_list":["post-3763","page","type-page","status-publish"],"_links":{"self":[{"href":"https:\/\/staging.ordemdosfisioterapeutas.pt\/es\/wp-json\/wp\/v2\/pages\/3763","targetHints":{"allow":["GET"]}}],"collection":[{"href":"https:\/\/staging.ordemdosfisioterapeutas.pt\/es\/wp-json\/wp\/v2\/pages"}],"about":[{"href":"https:\/\/staging.ordemdosfisioterapeutas.pt\/es\/wp-json\/wp\/v2\/types\/page"}],"author":[{"embeddable":true,"href":"https:\/\/staging.ordemdosfisioterapeutas.pt\/es\/wp-json\/wp\/v2\/users\/1"}],"replies":[{"embeddable":true,"href":"https:\/\/staging.ordemdosfisioterapeutas.pt\/es\/wp-json\/wp\/v2\/comments?post=3763"}],"version-history":[{"count":0,"href":"https:\/\/staging.ordemdosfisioterapeutas.pt\/es\/wp-json\/wp\/v2\/pages\/3763\/revisions"}],"wp:attachment":[{"href":"https:\/\/staging.ordemdosfisioterapeutas.pt\/es\/wp-json\/wp\/v2\/media?parent=3763"}],"curies":[{"name":"wp","href":"https:\/\/api.w.org\/{rel}","templated":true}]}}

<div data-elementor-type="wp-page" data-elementor-id="3763" class="elementor elementor-3763" data-elementor-post-type="page">
						<section class="elementor-section elementor-top-section elementor-element elementor-element-6e61d33 elementor-section-boxed elementor-section-height-default elementor-section-height-default" data-id="6e61d33" data-element_type="section" data-e-type="section">
						<div class="elementor-container elementor-column-gap-default">
					<div class="elementor-column elementor-col-50 elementor-top-column elementor-element elementor-element-e2f65e9" data-id="e2f65e9" data-element_type="column" data-e-type="column">
			<div class="elementor-widget-wrap elementor-element-populated">
						<div class="elementor-element elementor-element-8cc0c92 elementor-widget elementor-widget-image" data-id="8cc0c92" data-element_type="widget" data-e-type="widget" data-widget_type="image.default">
				<div class="elementor-widget-container">
															<img fetchpriority="high" decoding="async" width="550" height="383" src="https://staging.ordemdosfisioterapeutas.pt/wp-content/uploads/2022/01/antonio-lopes.png" class="attachment-full size-full wp-image-3765" alt="Antônio Lopes" srcset="https://staging.ordemdosfisioterapeutas.pt/wp-content/uploads/2022/01/antonio-lopes.png 550w, https://staging.ordemdosfisioterapeutas.pt/wp-content/uploads/2022/01/antonio-lopes-300x209.png 300w, https://staging.ordemdosfisioterapeutas.pt/wp-content/uploads/2022/01/antonio-lopes-18x12.png 18w" sizes="(max-width: 550px) 100vw, 550px" />															</div>
				</div>
					</div>
		</div>
				<div class="elementor-column elementor-col-50 elementor-top-column elementor-element elementor-element-4ee0f98" data-id="4ee0f98" data-element_type="column" data-e-type="column">
			<div class="elementor-widget-wrap elementor-element-populated">
						<div class="elementor-element elementor-element-f0ccdca elementor-widget elementor-widget-text-editor" data-id="f0ccdca" data-element_type="widget" data-e-type="widget" data-widget_type="text-editor.default">
				<div class="elementor-widget-container">
									<p>¡Bienvenido a la Orden de Fisioterapeutas!</p><p>Con la toma de posesión de los órganos de gobierno de la Orden el 14 de diciembre de 2021, elegidos el 15 de noviembre, la Orden de Fisioterapeutas se considera, al amparo de la Ley 122/2019, de 30 de septiembre, efectivamente instalada.</p><p><span style="color: var( --e-global-color-text ); font-family: var( --e-global-typography-text-font-family ), Sans-serif; font-size: var( --e-global-typography-text-font-size ); font-weight: var( --e-global-typography-text-font-weight );">Nos encontramos, pues, en el punto de partida de un nuevo reto y de una nueva organización. Una que sepa defender a los ciudadanos, apoyar a los fisioterapeutas y construir el futuro. Pero, ¿cómo?</span></p><p>Creo, y creemos los miembros del Consejo, que el apoyo a los fisioterapeutas pasa por potenciar la imagen del profesional como solucionador de problemas, en colaboración con otros, en beneficio de los ciudadanos. Debe corresponder a los fisioterapeutas crear las condiciones para que ellos mismos definan la mejor manera de asignar los recursos en función de las necesidades de los usuarios, desde una perspectiva integrada y de continuidad asistencial.</p><p>Que los fisioterapeutas se encarguen de demostrar los resultados de su intervención, apoyándose en estudios de coste-beneficio y en una evaluación de los niveles de satisfacción por parte de los propios ciudadanos.</p><p>También seremos, para los fisioterapeutas y para el mundo, la autoridad competente en materia de reconocimiento de cualificaciones profesionales para el ejercicio de la profesión en nuestro país. Al mismo tiempo, seremos la autoridad mejor preparada para contribuir al desarrollo y a la garantía de calidad de la enseñanza de la fisioterapia a todos los niveles. En este sentido, la relación de la Orden con las instituciones de enseñanza superior será crucial.</p><p>Pero también estaremos al servicio de los ciudadanos, promoviendo su derecho al acceso directo a la atención prestada por los fisioterapeutas, aprovechando la posibilidad de derivación por parte de cualquier profesional sanitario y asumiendo el derecho y el deber de derivar recíprocamente a los usuarios a otros profesionales sanitarios, o a un fisioterapeuta más cualificado, siempre que la situación lo justifique. De este modo, la Orden velará también por los intereses de los ciudadanos y, por tanto, estará disponible para recibirlos.</p><p>De hecho, la Orden tiene que estructurarse para ser la Voz de la profesión, una red de recursos al servicio de los ciudadanos y de los fisioterapeutas, y un observatorio de la realidad de la profesión. Necesitaremos, por tanto, el esfuerzo y el compromiso de los fisioterapeutas para hacer su aportación, por lo que haremos un esfuerzo extra para completar la colegiación de todos. Sólo así podremos garantizar que nuestras acciones reflejen el presente y trabajen por el futuro de todos los fisioterapeutas.</p><p>Este Consejo se compromete a llevar a buen puerto este ambicioso proyecto, junto con los demás órganos elegidos. Contamos también con la inestimable colaboración de las demás profesiones, en particular las del sector sanitario y sus órganos representativos, que llevan más tiempo establecidos y disponen ya de los conocimientos que da la experiencia. Mantendremos el mismo espíritu de colaboración, apertura al diálogo y disponibilidad.</p><p>Y cómo la "mano" ha sido simbólicamente representativa de los fisioterapeutas,</p><p>Manos a la obra.</p><p>A trabajar".</p><p>António Lopes</p><p>Presidente de la Orden de Fisioterapeutas    </p>								</div>
				</div>
					</div>
		</div>
					</div>
		</section>
				</div>

<p>¡Bienvenido a la Orden de Fisioterapeutas! Con la toma de posesión el 14 de diciembre de 2021 de los órganos de gobierno de la Orden, elegidos el 15 de noviembre, la Orden de Fisioterapeutas se considera, en los términos de la Ley 122/2019, de 30 de septiembre, efectivamente instalada. Nos encontramos, por tanto, en el punto de partida de un nuevo ... <a title="Mensaje del Presidente" class="read-more" href="https://staging.ordemdosfisioterapeutas.pt/es/mensagem-do-bastonario/" aria-label="Leer más sobre Mensaje del Presidente">Seguir leyendo</a></p>
