{"id":6597,"date":"2023-09-14T15:47:48","date_gmt":"2023-09-14T14:47:48","guid":{"rendered":"https:\/\/staging.ordemdosfisioterapeutas.pt\/?page_id=6597"},"modified":"2023-09-14T17:06:27","modified_gmt":"2023-09-14T16:06:27","slug":"grupos-de-trabalho","status":"publish","type":"page","link":"https:\/\/staging.ordemdosfisioterapeutas.pt\/es\/grupos-de-trabalho\/","title":{"rendered":"Grupos de trabajo"},"content":{"rendered":"<div data-elementor-type=\"wp-page\" data-elementor-id=\"6597\" class=\"elementor elementor-6597\" data-elementor-post-type=\"page\">\n\t\t\t\t\t\t<section class=\"elementor-section elementor-top-section elementor-element elementor-element-072ab4b elementor-section-boxed elementor-section-height-default elementor-section-height-default\" data-id=\"072ab4b\" data-element_type=\"section\" data-e-type=\"section\">\n\t\t\t\t\t\t<div class=\"elementor-container elementor-column-gap-default\">\n\t\t\t\t\t<div class=\"elementor-column elementor-col-100 elementor-top-column elementor-element elementor-element-81f2a88\" data-id=\"81f2a88\" data-element_type=\"column\" data-e-type=\"column\">\n\t\t\t<div class=\"elementor-widget-wrap elementor-element-populated\">\n\t\t\t\t\t\t<div class=\"elementor-element elementor-element-dc22902 elementor-list-item-link-full_width elementor-widget elementor-widget-icon-list\" data-id=\"dc22902\" data-element_type=\"widget\" data-e-type=\"widget\" data-widget_type=\"icon-list.default\">\n\t\t\t\t<div class=\"elementor-widget-container\">\n\t\t\t\t\t\t\t<ul class=\"elementor-icon-list-items\">\n\t\t\t\t\t\t\t<li class=\"elementor-icon-list-item\">\n\t\t\t\t\t\t\t\t\t\t\t<a href=\"https:\/\/staging.ordemdosfisioterapeutas.pt\/es\/seguranca-do-doente\/\" target=\"_blank\">\n\n\t\t\t\t\t\t\t\t\t\t\t\t<span class=\"elementor-icon-list-icon\">\n\t\t\t\t\t\t\t<i aria-hidden=\"true\" class=\"fas fa-users\"><\/i>\t\t\t\t\t\t<\/span>\n\t\t\t\t\t\t\t\t\t\t<span class=\"elementor-icon-list-text\">Seguridad del paciente<\/span>\n\t\t\t\t\t\t\t\t\t\t\t<\/a>\n\t\t\t\t\t\t\t\t\t<\/li>\n\t\t\t\t\t\t\t\t<li class=\"elementor-icon-list-item\">\n\t\t\t\t\t\t\t\t\t\t\t<a href=\"https:\/\/staging.ordemdosfisioterapeutas.pt\/es\/fisioterapia-no-desporto\/\" target=\"_blank\">\n\n\t\t\t\t\t\t\t\t\t\t\t\t<span class=\"elementor-icon-list-icon\">\n\t\t\t\t\t\t\t<i aria-hidden=\"true\" class=\"fas fa-users\"><\/i>\t\t\t\t\t\t<\/span>\n\t\t\t\t\t\t\t\t\t\t<span class=\"elementor-icon-list-text\">Fisioterapia en el deporte<\/span>\n\t\t\t\t\t\t\t\t\t\t\t<\/a>\n\t\t\t\t\t\t\t\t\t<\/li>\n\t\t\t\t\t\t\t\t<li class=\"elementor-icon-list-item\">\n\t\t\t\t\t\t\t\t\t\t\t<a href=\"https:\/\/staging.ordemdosfisioterapeutas.pt\/es\/fisioterapia-em-saude-mental\/\" target=\"_blank\">\n\n\t\t\t\t\t\t\t\t\t\t\t\t<span class=\"elementor-icon-list-icon\">\n\t\t\t\t\t\t\t<i aria-hidden=\"true\" class=\"fas fa-users\"><\/i>\t\t\t\t\t\t<\/span>\n\t\t\t\t\t\t\t\t\t\t<span class=\"elementor-icon-list-text\">Fisioterapia en salud mental<\/span>\n\t\t\t\t\t\t\t\t\t\t\t<\/a>\n\t\t\t\t\t\t\t\t\t<\/li>\n\t\t\t\t\t\t\t\t<li class=\"elementor-icon-list-item\">\n\t\t\t\t\t\t\t\t\t\t\t<a href=\"https:\/\/staging.ordemdosfisioterapeutas.pt\/es\/fisioterapia-em-oncologia\/\" target=\"_blank\">\n\n\t\t\t\t\t\t\t\t\t\t\t\t<span class=\"elementor-icon-list-icon\">\n\t\t\t\t\t\t\t<i aria-hidden=\"true\" class=\"fas fa-users\"><\/i>\t\t\t\t\t\t<\/span>\n\t\t\t\t\t\t\t\t\t\t<span class=\"elementor-icon-list-text\">Fisioterapia en Oncolog\u00eda<\/span>\n\t\t\t\t\t\t\t\t\t\t\t<\/a>\n\t\t\t\t\t\t\t\t\t<\/li>\n\t\t\t\t\t\t\t\t<li class=\"elementor-icon-list-item\">\n\t\t\t\t\t\t\t\t\t\t\t<a href=\"https:\/\/staging.ordemdosfisioterapeutas.pt\/es\/fisioterapia-aquatica\/\" target=\"_blank\">\n\n\t\t\t\t\t\t\t\t\t\t\t\t<span class=\"elementor-icon-list-icon\">\n\t\t\t\t\t\t\t<i aria-hidden=\"true\" class=\"fas fa-users\"><\/i>\t\t\t\t\t\t<\/span>\n\t\t\t\t\t\t\t\t\t\t<span class=\"elementor-icon-list-text\">Fisioterapia acu\u00e1tica<\/span>\n\t\t\t\t\t\t\t\t\t\t\t<\/a>\n\t\t\t\t\t\t\t\t\t<\/li>\n\t\t\t\t\t\t\t\t<li class=\"elementor-icon-list-item\">\n\t\t\t\t\t\t\t\t\t\t\t<a href=\"https:\/\/staging.ordemdosfisioterapeutas.pt\/es\/fisioterapia-cardorrespiratoria-e-vascular\/\" target=\"_blank\">\n\n\t\t\t\t\t\t\t\t\t\t\t\t<span class=\"elementor-icon-list-icon\">\n\t\t\t\t\t\t\t<i aria-hidden=\"true\" class=\"fas fa-users\"><\/i>\t\t\t\t\t\t<\/span>\n\t\t\t\t\t\t\t\t\t\t<span class=\"elementor-icon-list-text\">Fisioterapia Cardio-Respiratoria y Vascular<\/span>\n\t\t\t\t\t\t\t\t\t\t\t<\/a>\n\t\t\t\t\t\t\t\t\t<\/li>\n\t\t\t\t\t\t\t\t<li class=\"elementor-icon-list-item\">\n\t\t\t\t\t\t\t\t\t\t\t<a href=\"https:\/\/staging.ordemdosfisioterapeutas.pt\/es\/fisioterapia-em-saude-pelvica-e-da-mulher\/\" target=\"_blank\">\n\n\t\t\t\t\t\t\t\t\t\t\t\t<span class=\"elementor-icon-list-icon\">\n\t\t\t\t\t\t\t<i aria-hidden=\"true\" class=\"fas fa-users\"><\/i>\t\t\t\t\t\t<\/span>\n\t\t\t\t\t\t\t\t\t\t<span class=\"elementor-icon-list-text\">Fisioterapia para la mujer y la salud p\u00e9lvica<\/span>\n\t\t\t\t\t\t\t\t\t\t\t<\/a>\n\t\t\t\t\t\t\t\t\t<\/li>\n\t\t\t\t\t\t\t\t<li class=\"elementor-icon-list-item\">\n\t\t\t\t\t\t\t\t\t\t\t<a href=\"https:\/\/staging.ordemdosfisioterapeutas.pt\/es\/fisioterapia-em-neurologia\/\" target=\"_blank\">\n\n\t\t\t\t\t\t\t\t\t\t\t\t<span class=\"elementor-icon-list-icon\">\n\t\t\t\t\t\t\t<i aria-hidden=\"true\" class=\"fas fa-users\"><\/i>\t\t\t\t\t\t<\/span>\n\t\t\t\t\t\t\t\t\t\t<span class=\"elementor-icon-list-text\">Fisioterapia en neurolog\u00eda<\/span>\n\t\t\t\t\t\t\t\t\t\t\t<\/a>\n\t\t\t\t\t\t\t\t\t<\/li>\n\t\t\t\t\t\t\t\t<li class=\"elementor-icon-list-item\">\n\t\t\t\t\t\t\t\t\t\t\t<a href=\"https:\/\/staging.ordemdosfisioterapeutas.pt\/es\/fisioterapia-em-contexto-de-emergencia-catastrofes-e-acao-humanitaria\/\" target=\"_blank\">\n\n\t\t\t\t\t\t\t\t\t\t\t\t<span class=\"elementor-icon-list-icon\">\n\t\t\t\t\t\t\t<i aria-hidden=\"true\" class=\"fas fa-users\"><\/i>\t\t\t\t\t\t<\/span>\n\t\t\t\t\t\t\t\t\t\t<span class=\"elementor-icon-list-text\">Fisioterapia en el contexto de emergencias, cat\u00e1strofes y acci\u00f3n humanitaria<\/span>\n\t\t\t\t\t\t\t\t\t\t\t<\/a>\n\t\t\t\t\t\t\t\t\t<\/li>\n\t\t\t\t\t\t\t\t<li class=\"elementor-icon-list-item\">\n\t\t\t\t\t\t\t\t\t\t\t<a href=\"https:\/\/staging.ordemdosfisioterapeutas.pt\/es\/fisioterapia-em-pediatria\/\" target=\"_blank\">\n\n\t\t\t\t\t\t\t\t\t\t\t\t<span class=\"elementor-icon-list-icon\">\n\t\t\t\t\t\t\t<i aria-hidden=\"true\" class=\"fas fa-users\"><\/i>\t\t\t\t\t\t<\/span>\n\t\t\t\t\t\t\t\t\t\t<span class=\"elementor-icon-list-text\">Fisioterapia en pediatr\u00eda<\/span>\n\t\t\t\t\t\t\t\t\t\t\t<\/a>\n\t\t\t\t\t\t\t\t\t<\/li>\n\t\t\t\t\t\t\t\t<li class=\"elementor-icon-list-item\">\n\t\t\t\t\t\t\t\t\t\t\t<a href=\"https:\/\/staging.ordemdosfisioterapeutas.pt\/es\/fisioterapia-dermatofuncional\/\" target=\"_blank\">\n\n\t\t\t\t\t\t\t\t\t\t\t\t<span class=\"elementor-icon-list-icon\">\n\t\t\t\t\t\t\t<i aria-hidden=\"true\" class=\"fas fa-users\"><\/i>\t\t\t\t\t\t<\/span>\n\t\t\t\t\t\t\t\t\t\t<span class=\"elementor-icon-list-text\">Fisioterapia dermatofuncional<\/span>\n\t\t\t\t\t\t\t\t\t\t\t<\/a>\n\t\t\t\t\t\t\t\t\t<\/li>\n\t\t\t\t\t\t\t\t<li class=\"elementor-icon-list-item\">\n\t\t\t\t\t\t\t\t\t\t\t<a href=\"https:\/\/staging.ordemdosfisioterapeutas.pt\/es\/fisioterapia-em-saude-publica\/\" target=\"_blank\">\n\n\t\t\t\t\t\t\t\t\t\t\t\t<span class=\"elementor-icon-list-icon\">\n\t\t\t\t\t\t\t<i aria-hidden=\"true\" class=\"fas fa-users\"><\/i>\t\t\t\t\t\t<\/span>\n\t\t\t\t\t\t\t\t\t\t<span class=\"elementor-icon-list-text\">Fisioterapia en la sanidad p\u00fablica<\/span>\n\t\t\t\t\t\t\t\t\t\t\t<\/a>\n\t\t\t\t\t\t\t\t\t<\/li>\n\t\t\t\t\t\t\t\t<li class=\"elementor-icon-list-item\">\n\t\t\t\t\t\t\t\t\t\t\t<a href=\"https:\/\/staging.ordemdosfisioterapeutas.pt\/es\/fisioterapia-em-saude-ocupacional-e-ergonomia\/\" target=\"_blank\">\n\n\t\t\t\t\t\t\t\t\t\t\t\t<span class=\"elementor-icon-list-icon\">\n\t\t\t\t\t\t\t<i aria-hidden=\"true\" class=\"fas fa-users\"><\/i>\t\t\t\t\t\t<\/span>\n\t\t\t\t\t\t\t\t\t\t<span class=\"elementor-icon-list-text\">Fisioterapia en salud laboral y ergonom\u00eda<\/span>\n\t\t\t\t\t\t\t\t\t\t\t<\/a>\n\t\t\t\t\t\t\t\t\t<\/li>\n\t\t\t\t\t\t\t\t<li class=\"elementor-icon-list-item\">\n\t\t\t\t\t\t\t\t\t\t\t<a href=\"https:\/\/staging.ordemdosfisioterapeutas.pt\/es\/fisioterapia-musculo-esqueletica\/\" target=\"_blank\">\n\n\t\t\t\t\t\t\t\t\t\t\t\t<span class=\"elementor-icon-list-icon\">\n\t\t\t\t\t\t\t<i aria-hidden=\"true\" class=\"fas fa-users\"><\/i>\t\t\t\t\t\t<\/span>\n\t\t\t\t\t\t\t\t\t\t<span class=\"elementor-icon-list-text\">Fisioterapia musculoesquel\u00e9tica<\/span>\n\t\t\t\t\t\t\t\t\t\t\t<\/a>\n\t\t\t\t\t\t\t\t\t<\/li>\n\t\t\t\t\t\t<\/ul>\n\t\t\t\t\t\t<\/div>\n\t\t\t\t<\/div>\n\t\t\t\t\t<\/div>\n\t\t<\/div>\n\t\t\t\t\t<\/div>\n\t\t<\/section>\n\t\t\t\t<\/div>","protected":false},"excerpt":{"rendered":"<p>Seguridad del paciente Fisioterapia en el deporte Fisioterapia en salud mental Fisioterapia en oncolog\u00eda Fisioterapia en acuarioterapia Fisioterapia cardiorrespiratoria y vascular Fisioterapia en salud p\u00e9lvica y de la mujer Fisioterapia en neurolog\u00eda Fisioterapia en emergencias, cat\u00e1strofes y acci\u00f3n humanitaria Fisioterapia en pediatr\u00eda Fisioterapia dermatofuncional Fisioterapia en salud p\u00fablica Fisioterapia en salud laboral y ergonom\u00eda Fisioterapia musculoesquel\u00e9tica<\/p>","protected":false},"author":1,"featured_media":0,"parent":0,"menu_order":0,"comment_status":"closed","ping_status":"closed","template":"","meta":{"footnotes":""},"class_list":["post-6597","page","type-page","status-publish"],"_links":{"self":[{"href":"https:\/\/staging.ordemdosfisioterapeutas.pt\/es\/wp-json\/wp\/v2\/pages\/6597","targetHints":{"allow":["GET"]}}],"collection":[{"href":"https:\/\/staging.ordemdosfisioterapeutas.pt\/es\/wp-json\/wp\/v2\/pages"}],"about":[{"href":"https:\/\/staging.ordemdosfisioterapeutas.pt\/es\/wp-json\/wp\/v2\/types\/page"}],"author":[{"embeddable":true,"href":"https:\/\/staging.ordemdosfisioterapeutas.pt\/es\/wp-json\/wp\/v2\/users\/1"}],"replies":[{"embeddable":true,"href":"https:\/\/staging.ordemdosfisioterapeutas.pt\/es\/wp-json\/wp\/v2\/comments?post=6597"}],"version-history":[{"count":0,"href":"https:\/\/staging.ordemdosfisioterapeutas.pt\/es\/wp-json\/wp\/v2\/pages\/6597\/revisions"}],"wp:attachment":[{"href":"https:\/\/staging.ordemdosfisioterapeutas.pt\/es\/wp-json\/wp\/v2\/media?parent=6597"}],"curies":[{"name":"wp","href":"https:\/\/api.w.org\/{rel}","templated":true}]}}

<div data-elementor-type="wp-page" data-elementor-id="6597" class="elementor elementor-6597" data-elementor-post-type="page">
						<section class="elementor-section elementor-top-section elementor-element elementor-element-072ab4b elementor-section-boxed elementor-section-height-default elementor-section-height-default" data-id="072ab4b" data-element_type="section" data-e-type="section">
						<div class="elementor-container elementor-column-gap-default">
					<div class="elementor-column elementor-col-100 elementor-top-column elementor-element elementor-element-81f2a88" data-id="81f2a88" data-element_type="column" data-e-type="column">
			<div class="elementor-widget-wrap elementor-element-populated">
						<div class="elementor-element elementor-element-dc22902 elementor-list-item-link-full_width elementor-widget elementor-widget-icon-list" data-id="dc22902" data-element_type="widget" data-e-type="widget" data-widget_type="icon-list.default">
				<div class="elementor-widget-container">
							<ul class="elementor-icon-list-items">
							<li class="elementor-icon-list-item">
											<a href="https://staging.ordemdosfisioterapeutas.pt/es/seguranca-do-doente/" target="_blank">

												<span class="elementor-icon-list-icon">
							<i aria-hidden="true" class="fas fa-users"></i>						</span>
										<span class="elementor-icon-list-text">Seguridad del paciente</span>
											</a>
									</li>
								<li class="elementor-icon-list-item">
											<a href="https://staging.ordemdosfisioterapeutas.pt/es/fisioterapia-no-desporto/" target="_blank">

												<span class="elementor-icon-list-icon">
							<i aria-hidden="true" class="fas fa-users"></i>						</span>
										<span class="elementor-icon-list-text">Fisioterapia en el deporte</span>
											</a>
									</li>
								<li class="elementor-icon-list-item">
											<a href="https://staging.ordemdosfisioterapeutas.pt/es/fisioterapia-em-saude-mental/" target="_blank">

												<span class="elementor-icon-list-icon">
							<i aria-hidden="true" class="fas fa-users"></i>						</span>
										<span class="elementor-icon-list-text">Fisioterapia en salud mental</span>
											</a>
									</li>
								<li class="elementor-icon-list-item">
											<a href="https://staging.ordemdosfisioterapeutas.pt/es/fisioterapia-em-oncologia/" target="_blank">

												<span class="elementor-icon-list-icon">
							<i aria-hidden="true" class="fas fa-users"></i>						</span>
										<span class="elementor-icon-list-text">Fisioterapia en Oncología</span>
											</a>
									</li>
								<li class="elementor-icon-list-item">
											<a href="https://staging.ordemdosfisioterapeutas.pt/es/fisioterapia-aquatica/" target="_blank">

												<span class="elementor-icon-list-icon">
							<i aria-hidden="true" class="fas fa-users"></i>						</span>
										<span class="elementor-icon-list-text">Fisioterapia acuática</span>
											</a>
									</li>
								<li class="elementor-icon-list-item">
											<a href="https://staging.ordemdosfisioterapeutas.pt/es/fisioterapia-cardorrespiratoria-e-vascular/" target="_blank">

												<span class="elementor-icon-list-icon">
							<i aria-hidden="true" class="fas fa-users"></i>						</span>
										<span class="elementor-icon-list-text">Fisioterapia Cardio-Respiratoria y Vascular</span>
											</a>
									</li>
								<li class="elementor-icon-list-item">
											<a href="https://staging.ordemdosfisioterapeutas.pt/es/fisioterapia-em-saude-pelvica-e-da-mulher/" target="_blank">

												<span class="elementor-icon-list-icon">
							<i aria-hidden="true" class="fas fa-users"></i>						</span>
										<span class="elementor-icon-list-text">Fisioterapia para la mujer y la salud pélvica</span>
											</a>
									</li>
								<li class="elementor-icon-list-item">
											<a href="https://staging.ordemdosfisioterapeutas.pt/es/fisioterapia-em-neurologia/" target="_blank">

												<span class="elementor-icon-list-icon">
							<i aria-hidden="true" class="fas fa-users"></i>						</span>
										<span class="elementor-icon-list-text">Fisioterapia en neurología</span>
											</a>
									</li>
								<li class="elementor-icon-list-item">
											<a href="https://staging.ordemdosfisioterapeutas.pt/es/fisioterapia-em-contexto-de-emergencia-catastrofes-e-acao-humanitaria/" target="_blank">

												<span class="elementor-icon-list-icon">
							<i aria-hidden="true" class="fas fa-users"></i>						</span>
										<span class="elementor-icon-list-text">Fisioterapia en el contexto de emergencias, catástrofes y acción humanitaria</span>
											</a>
									</li>
								<li class="elementor-icon-list-item">
											<a href="https://staging.ordemdosfisioterapeutas.pt/es/fisioterapia-em-pediatria/" target="_blank">

												<span class="elementor-icon-list-icon">
							<i aria-hidden="true" class="fas fa-users"></i>						</span>
										<span class="elementor-icon-list-text">Fisioterapia en pediatría</span>
											</a>
									</li>
								<li class="elementor-icon-list-item">
											<a href="https://staging.ordemdosfisioterapeutas.pt/es/fisioterapia-dermatofuncional/" target="_blank">

												<span class="elementor-icon-list-icon">
							<i aria-hidden="true" class="fas fa-users"></i>						</span>
										<span class="elementor-icon-list-text">Fisioterapia dermatofuncional</span>
											</a>
									</li>
								<li class="elementor-icon-list-item">
											<a href="https://staging.ordemdosfisioterapeutas.pt/es/fisioterapia-em-saude-publica/" target="_blank">

												<span class="elementor-icon-list-icon">
							<i aria-hidden="true" class="fas fa-users"></i>						</span>
										<span class="elementor-icon-list-text">Fisioterapia en la sanidad pública</span>
											</a>
									</li>
								<li class="elementor-icon-list-item">
											<a href="https://staging.ordemdosfisioterapeutas.pt/es/fisioterapia-em-saude-ocupacional-e-ergonomia/" target="_blank">

												<span class="elementor-icon-list-icon">
							<i aria-hidden="true" class="fas fa-users"></i>						</span>
										<span class="elementor-icon-list-text">Fisioterapia en salud laboral y ergonomía</span>
											</a>
									</li>
								<li class="elementor-icon-list-item">
											<a href="https://staging.ordemdosfisioterapeutas.pt/es/fisioterapia-musculo-esqueletica/" target="_blank">

												<span class="elementor-icon-list-icon">
							<i aria-hidden="true" class="fas fa-users"></i>						</span>
										<span class="elementor-icon-list-text">Fisioterapia musculoesquelética</span>
											</a>
									</li>
						</ul>
						</div>
				</div>
					</div>
		</div>
					</div>
		</section>
				</div>

<p>Seguridad del paciente Fisioterapia en el deporte Fisioterapia en salud mental Fisioterapia en oncología Fisioterapia en acuarioterapia Fisioterapia cardiorrespiratoria y vascular Fisioterapia en salud pélvica y de la mujer Fisioterapia en neurología Fisioterapia en emergencias, catástrofes y acción humanitaria Fisioterapia en pediatría Fisioterapia dermatofuncional Fisioterapia en salud pública Fisioterapia en salud laboral y ergonomía Fisioterapia musculoesquelética</p>
