{"id":7542,"date":"2025-01-31T15:36:00","date_gmt":"2025-01-31T15:36:00","guid":{"rendered":"https:\/\/staging.ordemdosfisioterapeutas.pt\/?page_id=7542"},"modified":"2025-07-05T21:07:24","modified_gmt":"2025-07-05T20:07:24","slug":"vila-gale","status":"publish","type":"page","link":"https:\/\/staging.ordemdosfisioterapeutas.pt\/es\/vila-gale\/","title":{"rendered":"Vila Gal\u00e9"},"content":{"rendered":"<div data-elementor-type=\"wp-page\" data-elementor-id=\"7542\" class=\"elementor elementor-7542\" data-elementor-post-type=\"page\">\n\t\t\t\t<div class=\"elementor-element elementor-element-f767f5d e-grid e-con-boxed e-con e-parent\" data-id=\"f767f5d\" data-element_type=\"container\" data-e-type=\"container\">\n\t\t\t\t\t<div class=\"e-con-inner\">\n\t\t\t\t<div class=\"elementor-element elementor-element-12db7f9 elementor-widget elementor-widget-image\" data-id=\"12db7f9\" data-element_type=\"widget\" data-e-type=\"widget\" data-widget_type=\"image.default\">\n\t\t\t\t<div class=\"elementor-widget-container\">\n\t\t\t\t\t\t\t\t\t\t\t\t\t\t\t<img decoding=\"async\" src=\"https:\/\/staging.ordemdosfisioterapeutas.pt\/wp-content\/uploads\/elementor\/thumbs\/imagem-CARD-r3dj1ty1g1js72xwgm2yystsuvxgby72tdhq69kjcw.webp\" title=\"image-CARD\" alt=\"imagem-CARD\" loading=\"lazy\" \/>\t\t\t\t\t\t\t\t\t\t\t\t\t\t\t<\/div>\n\t\t\t\t<\/div>\n\t\t\t\t<div class=\"elementor-element elementor-element-7658a8f elementor-widget elementor-widget-image\" data-id=\"7658a8f\" data-element_type=\"widget\" data-e-type=\"widget\" data-widget_type=\"image.default\">\n\t\t\t\t<div class=\"elementor-widget-container\">\n\t\t\t\t\t\t\t\t\t\t\t\t\t\t\t<img decoding=\"async\" src=\"https:\/\/staging.ordemdosfisioterapeutas.pt\/wp-content\/uploads\/elementor\/thumbs\/parcerias-r3dj0mpgpnwvlbcun4qd1nnlq32o4tf0m68b40m4g0.webp\" title=\"asociaciones\" alt=\"parcerias\" loading=\"lazy\" \/>\t\t\t\t\t\t\t\t\t\t\t\t\t\t\t<\/div>\n\t\t\t\t<\/div>\n\t\t\t\t\t<\/div>\n\t\t\t\t<\/div>\n\t\t<div class=\"elementor-element elementor-element-927d09d e-flex e-con-boxed e-con e-parent\" data-id=\"927d09d\" data-element_type=\"container\" data-e-type=\"container\">\n\t\t\t\t\t<div class=\"e-con-inner\">\n\t\t\t\t<div class=\"elementor-element elementor-element-9df1d8e elementor-widget elementor-widget-heading\" data-id=\"9df1d8e\" data-element_type=\"widget\" data-e-type=\"widget\" data-widget_type=\"heading.default\">\n\t\t\t\t<div class=\"elementor-widget-container\">\n\t\t\t\t\t<h2 class=\"elementor-heading-title elementor-size-default\">Descripci\u00f3n<\/h2>\t\t\t\t<\/div>\n\t\t\t\t<\/div>\n\t\t\t\t\t<\/div>\n\t\t\t\t<\/div>\n\t\t<div class=\"elementor-element elementor-element-73c81c9 e-flex e-con-boxed e-con e-parent\" data-id=\"73c81c9\" data-element_type=\"container\" data-e-type=\"container\">\n\t\t\t\t\t<div class=\"e-con-inner\">\n\t\t\t\t<div class=\"elementor-element elementor-element-e8ceaec elementor-widget elementor-widget-text-editor\" data-id=\"e8ceaec\" data-element_type=\"widget\" data-e-type=\"widget\" data-widget_type=\"text-editor.default\">\n\t\t\t\t<div class=\"elementor-widget-container\">\n\t\t\t\t\t\t\t\t\t<p>El grupo Vila Gal\u00e9 es uno de los principales grupos hoteleros de Portugal y ocupa el puesto 120 en la clasificaci\u00f3n de las 200 mayores empresas hoteleras de la revista Hotels. Est\u00e1 formado por varias empresas, de las que VILA GAL\u00c9 - Sociedade de Empreendimentos Tur\u00edsticos, S.A. destaca por su tama\u00f1o e importancia.\u00a0<em>clasificaci\u00f3n<\/em> 1 de empresas portuguesas.<\/p><p>Esta empresa, fundada en 1986, se dedica a la explotaci\u00f3n y gesti\u00f3n de todas las unidades hoteleras que componen el grupo, as\u00ed como a la realizaci\u00f3n de proyectos y la construcci\u00f3n de nuevos desarrollos tur\u00edsticos.<\/p><p>El grupo Vila Gal\u00e9 gestiona actualmente 44 hoteles: 32 en Portugal (Algarve, Beja, \u00c9vora, Elvas, Alter do Ch\u00e3o, Oeiras, Cascais, Sintra, Ericeira, Estoril, Lisboa, Coimbra, Serra da Estrela, Tomar, Figueira da Foz, Oporto, Braga, Douro, Madeira y Azores), 10 en Brasil (Alagoas, R\u00edo de Janeiro, Fortaleza, Caucaia, Salvador, Guarajuba, Pernambuco, Touros, Angra dos Reis y S\u00e3o Paulo), 1 en Cuba y 1 en Espa\u00f1a con 9 m\u00e1s.800 habitaciones y m\u00e1s de 24.000 camas.<\/p>\t\t\t\t\t\t\t\t<\/div>\n\t\t\t\t<\/div>\n\t\t\t\t\t<\/div>\n\t\t\t\t<\/div>\n\t\t<div class=\"elementor-element elementor-element-cee4a58 condicoes e-flex e-con-boxed e-con e-parent\" data-id=\"cee4a58\" data-element_type=\"container\" data-e-type=\"container\">\n\t\t\t\t\t<div class=\"e-con-inner\">\n\t\t\t\t<div class=\"elementor-element elementor-element-e67c4f1 elementor-widget elementor-widget-heading\" data-id=\"e67c4f1\" data-element_type=\"widget\" data-e-type=\"widget\" data-widget_type=\"heading.default\">\n\t\t\t\t<div class=\"elementor-widget-container\">\n\t\t\t\t\t<h2 class=\"elementor-heading-title elementor-size-default\">Condiciones<\/h2>\t\t\t\t<\/div>\n\t\t\t\t<\/div>\n\t\t\t\t<div class=\"elementor-element elementor-element-8c9131f elementor-widget elementor-widget-text-editor\" data-id=\"8c9131f\" data-element_type=\"widget\" data-e-type=\"widget\" data-widget_type=\"text-editor.default\">\n\t\t\t\t<div class=\"elementor-widget-container\">\n\t\t\t\t\t\t\t\t\t<ul><li>Afiliaci\u00f3n gratuita<\/li><li>Acceso a promociones exclusivas<\/li><li>Descuento directo de <strong>10%<\/strong>calculado sobre las tarifas en l\u00ednea publicadas en el sitio web <span style=\"text-decoration: underline;\"><a href=\"https:\/\/u2654599.ct.sendgrid.net\/ls\/click?upn=u001.6J25MkZgmY94bAvcC2doBvtQoudgz0TM6UbRU5tBMuoLQ2wyNuywFdUWQTENoGj-2Fo6d8L7RcHwYQfyQt9gAMVmIocdghukXxcYtramnNPe80BstDrCigYnTt8IrHUqYz8lCuLb0cDK2lNZAnrIYi2qUE7CCEBfgskJi6kj4kbKUOEjRftYF6uYaOqYB0k4zjmDmxxXxVo-2BA7-2B0ueyOagb7O-2BE2wBdhncsOp2FoJs7fnlH-2FFi4Uve98X08CM6D11kg69MMCD8bVR3CCuHJ5Dp3hciTvZDYlV-2FSyAAhEljXCAcYRLH-2F-2FU7oA9wfvUgRbeNKsyyhhiPjwH0uFrFNciqtSx-2BNt4bzPjiTapoKqbv03awI8eyHoJQ-2BOwJvS-2BMQjQpi55u_Cjsmoy8Ze1tEWbhn-2BUOaUeK-2BH5S2EL5GXFR3mWFP3xMtCM6rY11CAkGI0KBa8aAfDqMTmvgIgI3AfyUUdc5ZX8-2Fzo0r0csiInq5es-2FI95gA-2FP85DEOI5JRfNVBCs9zykSrAICp235rXMT14fs6TT-2BevXdBTfoulaoXGZV8IMlPWMRjd7wNVtFe-2B7pFpbGFj6-2B-2FvGnzETRKfKfosjmOBI82SCiAWhzQPP4Y-2BqE0UKQlcAd0P7-2FO9uqe5xxXJ9kJuU\" target=\"_blank\" rel=\"noopener\">www.vilagale.com<\/a><\/span><\/li><\/ul><p>en el alojamiento, los servicios y los balnearios y gimnasios<\/p><ul><li>Registro temprano a partir de las 11.00 horas<\/li><\/ul><p>sujeto a disponibilidad<\/p><ul><li>Salida tard\u00eda hasta las 15:00<\/li><\/ul><p>sujeto a disponibilidad<\/p><ul><li>Prioridad de reserva<\/li><\/ul><p>Puede darse de alta en la Tarjeta de la Orden de Fisioterapeutas - VILA GAL\u00c9 en <span style=\"text-decoration: underline;\"><a href=\"https:\/\/bit.ly\/PARCERIA_OF_VilaGale\" target=\"_blank\" rel=\"noopener\">Tarjeta de beneficios de miembro de la Ordem dos Fisioterapeutas - Vila Gal\u00e9<\/a><\/span>.\u00a0<\/p>\t\t\t\t\t\t\t\t<\/div>\n\t\t\t\t<\/div>\n\t\t\t\t<div class=\"elementor-element elementor-element-a150a1a elementor-align-left elementor-mobile-align-center elementor-widget elementor-widget-button\" data-id=\"a150a1a\" data-element_type=\"widget\" data-e-type=\"widget\" data-widget_type=\"button.default\">\n\t\t\t\t<div class=\"elementor-widget-container\">\n\t\t\t\t\t\t\t\t\t<div class=\"elementor-button-wrapper\">\n\t\t\t\t\t<a class=\"elementor-button elementor-button-link elementor-size-xs\" href=\"https:\/\/bit.ly\/PARCERIA_OF_VilaGale\">\n\t\t\t\t\t\t<span class=\"elementor-button-content-wrapper\">\n\t\t\t\t\t\t\t\t\t<span class=\"elementor-button-text\">\u00danete aqu\u00ed<\/span>\n\t\t\t\t\t<\/span>\n\t\t\t\t\t<\/a>\n\t\t\t\t<\/div>\n\t\t\t\t\t\t\t\t<\/div>\n\t\t\t\t<\/div>\n\t\t\t\t\t<\/div>\n\t\t\t\t<\/div>\n\t\t<div class=\"elementor-element elementor-element-c07f4c8 e-flex e-con-boxed e-con e-parent\" data-id=\"c07f4c8\" data-element_type=\"container\" data-e-type=\"container\">\n\t\t\t\t\t<div class=\"e-con-inner\">\n\t\t\t\t<div class=\"elementor-element elementor-element-1ff30c6 elementor-widget elementor-widget-heading\" data-id=\"1ff30c6\" data-element_type=\"widget\" data-e-type=\"widget\" data-widget_type=\"heading.default\">\n\t\t\t\t<div class=\"elementor-widget-container\">\n\t\t\t\t\t<h2 class=\"elementor-heading-title elementor-size-default\">P\u00f3ngase en contacto con nosotros<\/h2>\t\t\t\t<\/div>\n\t\t\t\t<\/div>\n\t\t\t\t\t<\/div>\n\t\t\t\t<\/div>\n\t\t<div class=\"elementor-element elementor-element-4c04009 e-flex e-con-boxed e-con e-parent\" data-id=\"4c04009\" data-element_type=\"container\" data-e-type=\"container\">\n\t\t\t\t\t<div class=\"e-con-inner\">\n\t\t\t\t<div class=\"elementor-element elementor-element-299e68e elementor-widget elementor-widget-text-editor\" data-id=\"299e68e\" data-element_type=\"widget\" data-e-type=\"widget\" data-widget_type=\"text-editor.default\">\n\t\t\t\t<div class=\"elementor-widget-container\">\n\t\t\t\t\t\t\t\t\t<p><strong>Tel\u00e9fono: <\/strong><a href=\"tel:(+351)%20212%20460%20650\">(+351) 212 460 650 <\/a>(llamada a la red fija nacional)<\/p><p>De lunes a viernes, de 9.00 a 19.30 h.<\/p><p>S\u00e1bados y festivos* de 9.00 a 18.00 horas<\/p><p>*excluidos el 1 de enero, el 1 de mayo y el 1, 8 y 25 de diciembre.<\/p><p><strong>Correo electr\u00f3nico:<\/strong> <a href=\"mailto:portugal.reservas@vilagale.com\">portugal.reservas@vilagale.com <\/a><\/p>\t\t\t\t\t\t\t\t<\/div>\n\t\t\t\t<\/div>\n\t\t\t\t\t<\/div>\n\t\t\t\t<\/div>\n\t\t\t\t<\/div>","protected":false},"excerpt":{"rendered":"<p>Descri\u00e7\u00e3o O grupo Vila Gal\u00e9 \u00e9 um dos principais grupos hoteleiros portugueses e est\u00e1 agora na 120\u00ba posi\u00e7\u00e3o no ranking das 200 maiores empresas de hotelaria da revista Hotels. \u00c9 composto por diversas sociedades, das quais se destaca, pela sua dimens\u00e3o e import\u00e2ncia, a VILA GAL\u00c9 \u2013 Sociedade de Empreendimentos Tur\u00edsticos, S.A., que faz parte &#8230; <a title=\"Vila Gal\u00e9\" class=\"read-more\" href=\"https:\/\/staging.ordemdosfisioterapeutas.pt\/es\/vila-gale\/\" aria-label=\"Leer m\u00e1s sobre Vila Gal\u00e9\">Seguir leyendo<\/a><\/p>","protected":false},"author":1,"featured_media":0,"parent":0,"menu_order":0,"comment_status":"closed","ping_status":"closed","template":"","meta":{"footnotes":""},"class_list":["post-7542","page","type-page","status-publish"],"_links":{"self":[{"href":"https:\/\/staging.ordemdosfisioterapeutas.pt\/es\/wp-json\/wp\/v2\/pages\/7542","targetHints":{"allow":["GET"]}}],"collection":[{"href":"https:\/\/staging.ordemdosfisioterapeutas.pt\/es\/wp-json\/wp\/v2\/pages"}],"about":[{"href":"https:\/\/staging.ordemdosfisioterapeutas.pt\/es\/wp-json\/wp\/v2\/types\/page"}],"author":[{"embeddable":true,"href":"https:\/\/staging.ordemdosfisioterapeutas.pt\/es\/wp-json\/wp\/v2\/users\/1"}],"replies":[{"embeddable":true,"href":"https:\/\/staging.ordemdosfisioterapeutas.pt\/es\/wp-json\/wp\/v2\/comments?post=7542"}],"version-history":[{"count":0,"href":"https:\/\/staging.ordemdosfisioterapeutas.pt\/es\/wp-json\/wp\/v2\/pages\/7542\/revisions"}],"wp:attachment":[{"href":"https:\/\/staging.ordemdosfisioterapeutas.pt\/es\/wp-json\/wp\/v2\/media?parent=7542"}],"curies":[{"name":"wp","href":"https:\/\/api.w.org\/{rel}","templated":true}]}}

Vila Galé

<div data-elementor-type="wp-page" data-elementor-id="7542" class="elementor elementor-7542" data-elementor-post-type="page">
				<div class="elementor-element elementor-element-f767f5d e-grid e-con-boxed e-con e-parent" data-id="f767f5d" data-element_type="container" data-e-type="container">
					<div class="e-con-inner">
				<div class="elementor-element elementor-element-12db7f9 elementor-widget elementor-widget-image" data-id="12db7f9" data-element_type="widget" data-e-type="widget" data-widget_type="image.default">
				<div class="elementor-widget-container">
															<img decoding="async" src="https://staging.ordemdosfisioterapeutas.pt/wp-content/uploads/elementor/thumbs/imagem-CARD-r3dj1ty1g1js72xwgm2yystsuvxgby72tdhq69kjcw.webp" title="image-CARD" alt="imagem-CARD" loading="lazy" />															</div>
				</div>
				<div class="elementor-element elementor-element-7658a8f elementor-widget elementor-widget-image" data-id="7658a8f" data-element_type="widget" data-e-type="widget" data-widget_type="image.default">
				<div class="elementor-widget-container">
															<img decoding="async" src="https://staging.ordemdosfisioterapeutas.pt/wp-content/uploads/elementor/thumbs/parcerias-r3dj0mpgpnwvlbcun4qd1nnlq32o4tf0m68b40m4g0.webp" title="asociaciones" alt="parcerias" loading="lazy" />															</div>
				</div>
					</div>
				</div>
		<div class="elementor-element elementor-element-927d09d e-flex e-con-boxed e-con e-parent" data-id="927d09d" data-element_type="container" data-e-type="container">
					<div class="e-con-inner">
				<div class="elementor-element elementor-element-9df1d8e elementor-widget elementor-widget-heading" data-id="9df1d8e" data-element_type="widget" data-e-type="widget" data-widget_type="heading.default">
				<div class="elementor-widget-container">
					<h2 class="elementor-heading-title elementor-size-default">Descripción</h2>				</div>
				</div>
					</div>
				</div>
		<div class="elementor-element elementor-element-73c81c9 e-flex e-con-boxed e-con e-parent" data-id="73c81c9" data-element_type="container" data-e-type="container">
					<div class="e-con-inner">
				<div class="elementor-element elementor-element-e8ceaec elementor-widget elementor-widget-text-editor" data-id="e8ceaec" data-element_type="widget" data-e-type="widget" data-widget_type="text-editor.default">
				<div class="elementor-widget-container">
									<p>El grupo Vila Galé es uno de los principales grupos hoteleros de Portugal y ocupa el puesto 120 en la clasificación de las 200 mayores empresas hoteleras de la revista Hotels. Está formado por varias empresas, de las que VILA GALÉ - Sociedade de Empreendimentos Turísticos, S.A. destaca por su tamaño e importancia. <em>clasificación</em> 1 de empresas portuguesas.</p><p>Esta empresa, fundada en 1986, se dedica a la explotación y gestión de todas las unidades hoteleras que componen el grupo, así como a la realización de proyectos y la construcción de nuevos desarrollos turísticos.</p><p>El grupo Vila Galé gestiona actualmente 44 hoteles: 32 en Portugal (Algarve, Beja, Évora, Elvas, Alter do Chão, Oeiras, Cascais, Sintra, Ericeira, Estoril, Lisboa, Coimbra, Serra da Estrela, Tomar, Figueira da Foz, Oporto, Braga, Douro, Madeira y Azores), 10 en Brasil (Alagoas, Río de Janeiro, Fortaleza, Caucaia, Salvador, Guarajuba, Pernambuco, Touros, Angra dos Reis y São Paulo), 1 en Cuba y 1 en España con 9 más.800 habitaciones y más de 24.000 camas.</p>								</div>
				</div>
					</div>
				</div>
		<div class="elementor-element elementor-element-cee4a58 condicoes e-flex e-con-boxed e-con e-parent" data-id="cee4a58" data-element_type="container" data-e-type="container">
					<div class="e-con-inner">
				<div class="elementor-element elementor-element-e67c4f1 elementor-widget elementor-widget-heading" data-id="e67c4f1" data-element_type="widget" data-e-type="widget" data-widget_type="heading.default">
				<div class="elementor-widget-container">
					<h2 class="elementor-heading-title elementor-size-default">Condiciones</h2>				</div>
				</div>
				<div class="elementor-element elementor-element-8c9131f elementor-widget elementor-widget-text-editor" data-id="8c9131f" data-element_type="widget" data-e-type="widget" data-widget_type="text-editor.default">
				<div class="elementor-widget-container">
									<ul><li>Afiliación gratuita</li><li>Acceso a promociones exclusivas</li><li>Descuento directo de <strong>10%</strong>calculado sobre las tarifas en línea publicadas en el sitio web <span style="text-decoration: underline;"><a href="https://u2654599.ct.sendgrid.net/ls/click?upn=u001.6J25MkZgmY94bAvcC2doBvtQoudgz0TM6UbRU5tBMuoLQ2wyNuywFdUWQTENoGj-2Fo6d8L7RcHwYQfyQt9gAMVmIocdghukXxcYtramnNPe80BstDrCigYnTt8IrHUqYz8lCuLb0cDK2lNZAnrIYi2qUE7CCEBfgskJi6kj4kbKUOEjRftYF6uYaOqYB0k4zjmDmxxXxVo-2BA7-2B0ueyOagb7O-2BE2wBdhncsOp2FoJs7fnlH-2FFi4Uve98X08CM6D11kg69MMCD8bVR3CCuHJ5Dp3hciTvZDYlV-2FSyAAhEljXCAcYRLH-2F-2FU7oA9wfvUgRbeNKsyyhhiPjwH0uFrFNciqtSx-2BNt4bzPjiTapoKqbv03awI8eyHoJQ-2BOwJvS-2BMQjQpi55u_Cjsmoy8Ze1tEWbhn-2BUOaUeK-2BH5S2EL5GXFR3mWFP3xMtCM6rY11CAkGI0KBa8aAfDqMTmvgIgI3AfyUUdc5ZX8-2Fzo0r0csiInq5es-2FI95gA-2FP85DEOI5JRfNVBCs9zykSrAICp235rXMT14fs6TT-2BevXdBTfoulaoXGZV8IMlPWMRjd7wNVtFe-2B7pFpbGFj6-2B-2FvGnzETRKfKfosjmOBI82SCiAWhzQPP4Y-2BqE0UKQlcAd0P7-2FO9uqe5xxXJ9kJuU" target="_blank" rel="noopener">www.vilagale.com</a></span></li></ul><p>en el alojamiento, los servicios y los balnearios y gimnasios</p><ul><li>Registro temprano a partir de las 11.00 horas</li></ul><p>sujeto a disponibilidad</p><ul><li>Salida tardía hasta las 15:00</li></ul><p>sujeto a disponibilidad</p><ul><li>Prioridad de reserva</li></ul><p>Puede darse de alta en la Tarjeta de la Orden de Fisioterapeutas - VILA GALÉ en <span style="text-decoration: underline;"><a href="https://bit.ly/PARCERIA_OF_VilaGale" target="_blank" rel="noopener">Tarjeta de beneficios de miembro de la Ordem dos Fisioterapeutas - Vila Galé</a></span>. </p>								</div>
				</div>
				<div class="elementor-element elementor-element-a150a1a elementor-align-left elementor-mobile-align-center elementor-widget elementor-widget-button" data-id="a150a1a" data-element_type="widget" data-e-type="widget" data-widget_type="button.default">
				<div class="elementor-widget-container">
									<div class="elementor-button-wrapper">
					<a class="elementor-button elementor-button-link elementor-size-xs" href="https://bit.ly/PARCERIA_OF_VilaGale">
						<span class="elementor-button-content-wrapper">
									<span class="elementor-button-text">Únete aquí</span>
					</span>
					</a>
				</div>
								</div>
				</div>
					</div>
				</div>
		<div class="elementor-element elementor-element-c07f4c8 e-flex e-con-boxed e-con e-parent" data-id="c07f4c8" data-element_type="container" data-e-type="container">
					<div class="e-con-inner">
				<div class="elementor-element elementor-element-1ff30c6 elementor-widget elementor-widget-heading" data-id="1ff30c6" data-element_type="widget" data-e-type="widget" data-widget_type="heading.default">
				<div class="elementor-widget-container">
					<h2 class="elementor-heading-title elementor-size-default">Póngase en contacto con nosotros</h2>				</div>
				</div>
					</div>
				</div>
		<div class="elementor-element elementor-element-4c04009 e-flex e-con-boxed e-con e-parent" data-id="4c04009" data-element_type="container" data-e-type="container">
					<div class="e-con-inner">
				<div class="elementor-element elementor-element-299e68e elementor-widget elementor-widget-text-editor" data-id="299e68e" data-element_type="widget" data-e-type="widget" data-widget_type="text-editor.default">
				<div class="elementor-widget-container">
									<p><strong>Teléfono: </strong><a href="tel:(+351)%20212%20460%20650">(+351) 212 460 650 </a>(llamada a la red fija nacional)</p><p>De lunes a viernes, de 9.00 a 19.30 h.</p><p>Sábados y festivos* de 9.00 a 18.00 horas</p><p>*excluidos el 1 de enero, el 1 de mayo y el 1, 8 y 25 de diciembre.</p><p><strong>Correo electrónico:</strong> <a href="mailto:portugal.reservas@vilagale.com">portugal.reservas@vilagale.com </a></p>								</div>
				</div>
					</div>
				</div>
				</div>

<p>Descrição O grupo Vila Galé é um dos principais grupos hoteleiros portugueses e está agora na 120º posição no ranking das 200 maiores empresas de hotelaria da revista Hotels. É composto por diversas sociedades, das quais se destaca, pela sua dimensão e importância, a VILA GALÉ – Sociedade de Empreendimentos Turísticos, S.A., que faz parte &#8230; <a title="Vila Galé" class="read-more" href="https://staging.ordemdosfisioterapeutas.pt/es/vila-gale/" aria-label="Leer más sobre Vila Galé">Seguir leyendo</a></p>
