{"id":5562,"date":"2023-02-11T17:06:28","date_gmt":"2023-02-11T17:06:28","guid":{"rendered":"https:\/\/staging.ordemdosfisioterapeutas.pt\/?post_type=tribe_events&#038;p=5562"},"modified":"2023-02-11T17:08:02","modified_gmt":"2023-02-11T17:08:02","slug":"i-congresso-biomedlab","status":"publish","type":"tribe_events","link":"https:\/\/staging.ordemdosfisioterapeutas.pt\/es\/eventos\/i-congresso-biomedlab\/","title":{"rendered":"1er Congreso BioMedLab"},"content":{"rendered":"<p>La Orden Portuguesa de Fisioterapeutas participa en el I Congreso BioMedLab, organizado por la Asociaci\u00f3n Portuguesa de Ciencias Biom\u00e9dicas de Laboratorio. Estar\u00e1 representada por la Consejera Andreia Rocha, del Consejo General.<\/p>","protected":false},"excerpt":{"rendered":"<p>La Orden Portuguesa de Fisioterapeutas participa en el I Congreso BioMedLab, organizado por la Asociaci\u00f3n Portuguesa de Ciencias Biom\u00e9dicas de Laboratorio. Estar\u00e1 representada por la Consejera Andreia Rocha, del Consejo General.<\/p>","protected":false},"author":1,"featured_media":0,"template":"","meta":{"_tribe_events_status":"","_tribe_events_status_reason":"","footnotes":""},"tags":[],"tribe_events_cat":[31],"class_list":["post-5562","tribe_events","type-tribe_events","status-publish","hentry","tribe_events_cat-ordem-participa","cat_ordem-participa"],"_links":{"self":[{"href":"https:\/\/staging.ordemdosfisioterapeutas.pt\/es\/wp-json\/wp\/v2\/tribe_events\/5562","targetHints":{"allow":["GET"]}}],"collection":[{"href":"https:\/\/staging.ordemdosfisioterapeutas.pt\/es\/wp-json\/wp\/v2\/tribe_events"}],"about":[{"href":"https:\/\/staging.ordemdosfisioterapeutas.pt\/es\/wp-json\/wp\/v2\/types\/tribe_events"}],"author":[{"embeddable":true,"href":"https:\/\/staging.ordemdosfisioterapeutas.pt\/es\/wp-json\/wp\/v2\/users\/1"}],"version-history":[{"count":0,"href":"https:\/\/staging.ordemdosfisioterapeutas.pt\/es\/wp-json\/wp\/v2\/tribe_events\/5562\/revisions"}],"wp:attachment":[{"href":"https:\/\/staging.ordemdosfisioterapeutas.pt\/es\/wp-json\/wp\/v2\/media?parent=5562"}],"wp:term":[{"taxonomy":"post_tag","embeddable":true,"href":"https:\/\/staging.ordemdosfisioterapeutas.pt\/es\/wp-json\/wp\/v2\/tags?post=5562"},{"taxonomy":"tribe_events_cat","embeddable":true,"href":"https:\/\/staging.ordemdosfisioterapeutas.pt\/es\/wp-json\/wp\/v2\/tribe_events_cat?post=5562"}],"curies":[{"name":"wp","href":"https:\/\/api.w.org\/{rel}","templated":true}]}}

<p>La Orden Portuguesa de Fisioterapeutas participa en el I Congreso BioMedLab, organizado por la Asociación Portuguesa de Ciencias Biomédicas de Laboratorio. Estará representada por la Consejera Andreia Rocha, del Consejo General.</p>
