{"id":5573,"date":"2023-02-11T17:16:11","date_gmt":"2023-02-11T17:16:11","guid":{"rendered":"https:\/\/staging.ordemdosfisioterapeutas.pt\/?post_type=tribe_events&#038;p=5573"},"modified":"2023-04-03T13:03:41","modified_gmt":"2023-04-03T12:03:41","slug":"4o-congresso-da-aucc-associacao-de-unidades-de-cuidados-na-comunidade","status":"publish","type":"tribe_events","link":"https:\/\/staging.ordemdosfisioterapeutas.pt\/es\/eventos\/4o-congresso-da-aucc-associacao-de-unidades-de-cuidados-na-comunidade\/","title":{"rendered":"IV Congreso de la AUCC (Asociaci\u00f3n de Unidades de Cuidados Comunitarios)"},"content":{"rendered":"<p>La Orden de Fisioterapeutas participa en el 4\u00ba Congreso de la Asociaci\u00f3n de Unidades de Cuidados Comunitarios. Estar\u00e1 representada por el Presidente Ant\u00f3nio Lopes.<\/p>","protected":false},"excerpt":{"rendered":"<p>La Orden de Fisioterapeutas participa en el 4\u00ba Congreso de la Asociaci\u00f3n de Unidades de Cuidados Comunitarios. Estar\u00e1 representada por el Presidente Ant\u00f3nio Lopes.<\/p>","protected":false},"author":1,"featured_media":0,"template":"","meta":{"_tribe_events_status":"","_tribe_events_status_reason":"","footnotes":""},"tags":[],"tribe_events_cat":[31],"class_list":["post-5573","tribe_events","type-tribe_events","status-publish","hentry","tribe_events_cat-ordem-participa","cat_ordem-participa"],"_links":{"self":[{"href":"https:\/\/staging.ordemdosfisioterapeutas.pt\/es\/wp-json\/wp\/v2\/tribe_events\/5573","targetHints":{"allow":["GET"]}}],"collection":[{"href":"https:\/\/staging.ordemdosfisioterapeutas.pt\/es\/wp-json\/wp\/v2\/tribe_events"}],"about":[{"href":"https:\/\/staging.ordemdosfisioterapeutas.pt\/es\/wp-json\/wp\/v2\/types\/tribe_events"}],"author":[{"embeddable":true,"href":"https:\/\/staging.ordemdosfisioterapeutas.pt\/es\/wp-json\/wp\/v2\/users\/1"}],"version-history":[{"count":0,"href":"https:\/\/staging.ordemdosfisioterapeutas.pt\/es\/wp-json\/wp\/v2\/tribe_events\/5573\/revisions"}],"wp:attachment":[{"href":"https:\/\/staging.ordemdosfisioterapeutas.pt\/es\/wp-json\/wp\/v2\/media?parent=5573"}],"wp:term":[{"taxonomy":"post_tag","embeddable":true,"href":"https:\/\/staging.ordemdosfisioterapeutas.pt\/es\/wp-json\/wp\/v2\/tags?post=5573"},{"taxonomy":"tribe_events_cat","embeddable":true,"href":"https:\/\/staging.ordemdosfisioterapeutas.pt\/es\/wp-json\/wp\/v2\/tribe_events_cat?post=5573"}],"curies":[{"name":"wp","href":"https:\/\/api.w.org\/{rel}","templated":true}]}}

IV Congreso de la AUCC (Asociación de Unidades de Cuidados Comunitarios)

<p>La Orden de Fisioterapeutas participa en el 4º Congreso de la Asociación de Unidades de Cuidados Comunitarios. Estará representada por el Presidente António Lopes.</p>
