{"id":2316,"date":"2021-05-13T20:20:25","date_gmt":"2021-05-13T19:20:25","guid":{"rendered":"https:\/\/staging.ordemdosfisioterapeutas.pt\/?page_id=2316"},"modified":"2021-05-19T12:25:52","modified_gmt":"2021-05-19T11:25:52","slug":"referencial-da-formacao-inicial","status":"publish","type":"page","link":"https:\/\/staging.ordemdosfisioterapeutas.pt\/fr\/referencial-da-formacao-inicial\/","title":{"rendered":"R\u00e9f\u00e9rentiel de formation initiale"},"content":{"rendered":"<div data-elementor-type=\"wp-page\" data-elementor-id=\"2316\" class=\"elementor elementor-2316\" data-elementor-post-type=\"page\">\n\t\t\t\t\t\t<section class=\"elementor-section elementor-top-section elementor-element elementor-element-78c5b9b elementor-section-boxed elementor-section-height-default elementor-section-height-default\" data-id=\"78c5b9b\" data-element_type=\"section\" data-e-type=\"section\">\n\t\t\t\t\t\t<div class=\"elementor-container elementor-column-gap-default\">\n\t\t\t\t\t<div class=\"elementor-column elementor-col-100 elementor-top-column elementor-element elementor-element-058787a\" data-id=\"058787a\" data-element_type=\"column\" data-e-type=\"column\">\n\t\t\t<div class=\"elementor-widget-wrap elementor-element-populated\">\n\t\t\t\t\t\t<div class=\"elementor-element elementor-element-1c03ce8 elementor-widget elementor-widget-text-editor\" data-id=\"1c03ce8\" data-element_type=\"widget\" data-e-type=\"widget\" data-widget_type=\"text-editor.default\">\n\t\t\t\t<div class=\"elementor-widget-container\">\n\t\t\t\t\t\t\t\t\t<p>\u00a0Le r\u00e9f\u00e9rentiel de formation initiale pour l'inscription \u00e0 l'OF est un document structurant pour la d\u00e9finition des crit\u00e8res minimaux d'acc\u00e8s \u00e0 la profession. Il pr\u00e9sente une synth\u00e8se des qualifications, \u00e0 savoir le profil des comp\u00e9tences, la structure curriculaire des dipl\u00f4mes en physioth\u00e9rapie qui donnent acc\u00e8s \u00e0 la profession, ainsi que l'\u00e9valuation des comp\u00e9tences professionnelles des citoyens europ\u00e9ens form\u00e9s dans d'autres pays de l'UE.<\/p>\t\t\t\t\t\t\t\t<\/div>\n\t\t\t\t<\/div>\n\t\t\t\t\t<\/div>\n\t\t<\/div>\n\t\t\t\t\t<\/div>\n\t\t<\/section>\n\t\t\t\t<section class=\"elementor-section elementor-top-section elementor-element elementor-element-adbc86e elementor-section-boxed elementor-section-height-default elementor-section-height-default\" data-id=\"adbc86e\" data-element_type=\"section\" data-e-type=\"section\">\n\t\t\t\t\t\t<div class=\"elementor-container elementor-column-gap-default\">\n\t\t\t\t\t<div class=\"elementor-column elementor-col-100 elementor-top-column elementor-element elementor-element-f132f35\" data-id=\"f132f35\" data-element_type=\"column\" data-e-type=\"column\">\n\t\t\t<div class=\"elementor-widget-wrap elementor-element-populated\">\n\t\t\t\t\t\t<div class=\"elementor-element elementor-element-fba7a14 elementor-widget elementor-widget-button\" data-id=\"fba7a14\" data-element_type=\"widget\" data-e-type=\"widget\" data-widget_type=\"button.default\">\n\t\t\t\t<div class=\"elementor-widget-container\">\n\t\t\t\t\t\t\t\t\t<div class=\"elementor-button-wrapper\">\n\t\t\t\t\t<a class=\"elementor-button elementor-button-link elementor-size-sm\" href=\"https:\/\/staging.ordemdosfisioterapeutas.pt\/wp-content\/uploads\/2021\/04\/ReferencialdaFormacaoInicial.pdf\" target=\"_blank\">\n\t\t\t\t\t\t<span class=\"elementor-button-content-wrapper\">\n\t\t\t\t\t\t\t\t\t<span class=\"elementor-button-text\">R\u00e9f\u00e9rentiel de formation initiale pour l'inscription \u00e0 l'Ordre des kin\u00e9sith\u00e9rapeutes<\/span>\n\t\t\t\t\t<\/span>\n\t\t\t\t\t<\/a>\n\t\t\t\t<\/div>\n\t\t\t\t\t\t\t\t<\/div>\n\t\t\t\t<\/div>\n\t\t\t\t\t<\/div>\n\t\t<\/div>\n\t\t\t\t\t<\/div>\n\t\t<\/section>\n\t\t\t\t<\/div>","protected":false},"excerpt":{"rendered":"<p>&nbsp;Le Referencial da Forma\u00e7\u00e3o Inicial para a Inscri\u00e7\u00e3o na OF est un document structurant pour la d\u00e9finition des crit\u00e8res minimaux d'acc\u00e8s \u00e0 la profession. Il r\u00e9sume les qualifications, en particulier le profil de comp\u00e9tences, la structure du cursus des dipl\u00f4mes de kin\u00e9sith\u00e9rapie qui donnent acc\u00e8s \u00e0 la profession, ainsi que l'\u00e9valuation des comp\u00e9tences professionnelles des citoyens europ\u00e9ens ayant une formation ... <a title=\"R\u00e9f\u00e9rentiel de formation initiale\" class=\"read-more\" href=\"https:\/\/staging.ordemdosfisioterapeutas.pt\/fr\/referencial-da-formacao-inicial\/\" aria-label=\"En savoir plus sur Referencial da Forma\u00e7\u00e3o Inicial\">En savoir plus<\/a><\/p>","protected":false},"author":1,"featured_media":0,"parent":0,"menu_order":0,"comment_status":"closed","ping_status":"closed","template":"","meta":{"footnotes":""},"class_list":["post-2316","page","type-page","status-publish"],"_links":{"self":[{"href":"https:\/\/staging.ordemdosfisioterapeutas.pt\/fr\/wp-json\/wp\/v2\/pages\/2316","targetHints":{"allow":["GET"]}}],"collection":[{"href":"https:\/\/staging.ordemdosfisioterapeutas.pt\/fr\/wp-json\/wp\/v2\/pages"}],"about":[{"href":"https:\/\/staging.ordemdosfisioterapeutas.pt\/fr\/wp-json\/wp\/v2\/types\/page"}],"author":[{"embeddable":true,"href":"https:\/\/staging.ordemdosfisioterapeutas.pt\/fr\/wp-json\/wp\/v2\/users\/1"}],"replies":[{"embeddable":true,"href":"https:\/\/staging.ordemdosfisioterapeutas.pt\/fr\/wp-json\/wp\/v2\/comments?post=2316"}],"version-history":[{"count":0,"href":"https:\/\/staging.ordemdosfisioterapeutas.pt\/fr\/wp-json\/wp\/v2\/pages\/2316\/revisions"}],"wp:attachment":[{"href":"https:\/\/staging.ordemdosfisioterapeutas.pt\/fr\/wp-json\/wp\/v2\/media?parent=2316"}],"curies":[{"name":"wp","href":"https:\/\/api.w.org\/{rel}","templated":true}]}}

Référentiel de formation initiale

<div data-elementor-type="wp-page" data-elementor-id="2316" class="elementor elementor-2316" data-elementor-post-type="page">
						<section class="elementor-section elementor-top-section elementor-element elementor-element-78c5b9b elementor-section-boxed elementor-section-height-default elementor-section-height-default" data-id="78c5b9b" data-element_type="section" data-e-type="section">
						<div class="elementor-container elementor-column-gap-default">
					<div class="elementor-column elementor-col-100 elementor-top-column elementor-element elementor-element-058787a" data-id="058787a" data-element_type="column" data-e-type="column">
			<div class="elementor-widget-wrap elementor-element-populated">
						<div class="elementor-element elementor-element-1c03ce8 elementor-widget elementor-widget-text-editor" data-id="1c03ce8" data-element_type="widget" data-e-type="widget" data-widget_type="text-editor.default">
				<div class="elementor-widget-container">
									<p> Le référentiel de formation initiale pour l'inscription à l'OF est un document structurant pour la définition des critères minimaux d'accès à la profession. Il présente une synthèse des qualifications, à savoir le profil des compétences, la structure curriculaire des diplômes en physiothérapie qui donnent accès à la profession, ainsi que l'évaluation des compétences professionnelles des citoyens européens formés dans d'autres pays de l'UE.</p>								</div>
				</div>
					</div>
		</div>
					</div>
		</section>
				<section class="elementor-section elementor-top-section elementor-element elementor-element-adbc86e elementor-section-boxed elementor-section-height-default elementor-section-height-default" data-id="adbc86e" data-element_type="section" data-e-type="section">
						<div class="elementor-container elementor-column-gap-default">
					<div class="elementor-column elementor-col-100 elementor-top-column elementor-element elementor-element-f132f35" data-id="f132f35" data-element_type="column" data-e-type="column">
			<div class="elementor-widget-wrap elementor-element-populated">
						<div class="elementor-element elementor-element-fba7a14 elementor-widget elementor-widget-button" data-id="fba7a14" data-element_type="widget" data-e-type="widget" data-widget_type="button.default">
				<div class="elementor-widget-container">
									<div class="elementor-button-wrapper">
					<a class="elementor-button elementor-button-link elementor-size-sm" href="https://staging.ordemdosfisioterapeutas.pt/wp-content/uploads/2021/04/ReferencialdaFormacaoInicial.pdf" target="_blank">
						<span class="elementor-button-content-wrapper">
									<span class="elementor-button-text">Référentiel de formation initiale pour l'inscription à l'Ordre des kinésithérapeutes</span>
					</span>
					</a>
				</div>
								</div>
				</div>
					</div>
		</div>
					</div>
		</section>
				</div>

<p>&nbsp;Le Referencial da Formação Inicial para a Inscrição na OF est un document structurant pour la définition des critères minimaux d'accès à la profession. Il résume les qualifications, en particulier le profil de compétences, la structure du cursus des diplômes de kinésithérapie qui donnent accès à la profession, ainsi que l'évaluation des compétences professionnelles des citoyens européens ayant une formation ... <a title="Référentiel de formation initiale" class="read-more" href="https://staging.ordemdosfisioterapeutas.pt/fr/referencial-da-formacao-inicial/" aria-label="En savoir plus sur Referencial da Formação Inicial">En savoir plus</a></p>
