{"id":2495,"date":"2021-06-28T14:03:45","date_gmt":"2021-06-28T13:03:45","guid":{"rendered":"https:\/\/staging.ordemdosfisioterapeutas.pt\/?page_id=2495"},"modified":"2024-07-31T09:45:16","modified_gmt":"2024-07-31T08:45:16","slug":"eleicoes","status":"publish","type":"page","link":"https:\/\/staging.ordemdosfisioterapeutas.pt\/fr\/eleicoes\/","title":{"rendered":"\u00c9lections au conseil de surveillance"},"content":{"rendered":"<div data-elementor-type=\"wp-page\" data-elementor-id=\"2495\" class=\"elementor elementor-2495\" data-elementor-post-type=\"page\">\n\t\t\t\t\t\t<section class=\"elementor-section elementor-top-section elementor-element elementor-element-7a64a6a6 elementor-section-boxed elementor-section-height-default elementor-section-height-default\" data-id=\"7a64a6a6\" data-element_type=\"section\" data-e-type=\"section\">\n\t\t\t\t\t\t<div class=\"elementor-container elementor-column-gap-default\">\n\t\t\t\t\t<div class=\"elementor-column elementor-col-50 elementor-top-column elementor-element elementor-element-2bc57231 sticky-parent\" data-id=\"2bc57231\" data-element_type=\"column\" data-e-type=\"column\">\n\t\t\t<div class=\"elementor-widget-wrap elementor-element-populated\">\n\t\t\t\t\t\t<section class=\"elementor-section elementor-inner-section elementor-element elementor-element-4899e116 sticky-column elementor-section-boxed elementor-section-height-default elementor-section-height-default\" data-id=\"4899e116\" data-element_type=\"section\" data-e-type=\"section\">\n\t\t\t\t\t\t<div class=\"elementor-container elementor-column-gap-default\">\n\t\t\t\t\t<div class=\"elementor-column elementor-col-100 elementor-inner-column elementor-element elementor-element-288b2628\" data-id=\"288b2628\" data-element_type=\"column\" data-e-type=\"column\">\n\t\t\t<div class=\"elementor-widget-wrap elementor-element-populated\">\n\t\t\t\t\t\t<div class=\"elementor-element elementor-element-2e8c2ce elementor-nav-menu--dropdown-tablet elementor-nav-menu__text-align-aside elementor-nav-menu--toggle elementor-nav-menu--burger elementor-widget elementor-widget-global elementor-global-2875 elementor-widget-nav-menu\" data-id=\"2e8c2ce\" data-element_type=\"widget\" data-e-type=\"widget\" data-settings=\"{&quot;layout&quot;:&quot;vertical&quot;,&quot;submenu_icon&quot;:{&quot;value&quot;:&quot;fas fa-caret-down&quot;,&quot;library&quot;:&quot;fa-solid&quot;},&quot;toggle&quot;:&quot;burger&quot;}\" data-widget_type=\"nav-menu.default\">\n\t\t\t\t<div class=\"elementor-widget-container\">\n\t\t\t\t\t\t\t\t<nav aria-label=\"Menu\" class=\"elementor-nav-menu--main elementor-nav-menu__container elementor-nav-menu--layout-vertical e--pointer-underline e--animation-fade\">\n\t\t\t\t<ul id=\"menu-1-2e8c2ce\" class=\"elementor-nav-menu sm-vertical\"><li class=\"menu-item menu-item-type-post_type menu-item-object-page menu-item-2852\"><a href=\"https:\/\/staging.ordemdosfisioterapeutas.pt\/fr\/eleicoes\/\" class=\"elementor-item\">\u00c9lections au conseil de surveillance<\/a><\/li>\n<li class=\"menu-item menu-item-type-post_type menu-item-object-page menu-item-2863\"><a href=\"https:\/\/staging.ordemdosfisioterapeutas.pt\/fr\/eleicoes\/calendario-eleitoral\/\" class=\"elementor-item\">Calendrier \u00e9lectoral<\/a><\/li>\n<li class=\"menu-item menu-item-type-post_type menu-item-object-page menu-item-2864\"><a href=\"https:\/\/staging.ordemdosfisioterapeutas.pt\/fr\/eleicoes\/comissao-eleitoral\/\" class=\"elementor-item\">Commission \u00e9lectorale<\/a><\/li>\n<li class=\"menu-item menu-item-type-post_type menu-item-object-page menu-item-2862\"><a href=\"https:\/\/staging.ordemdosfisioterapeutas.pt\/fr\/eleicoes\/recenseamento\/\" class=\"elementor-item\">Recensement<\/a><\/li>\n<li class=\"menu-item menu-item-type-post_type menu-item-object-page menu-item-2861\"><a href=\"https:\/\/staging.ordemdosfisioterapeutas.pt\/fr\/eleicoes\/caderno-eleitoral\/\" class=\"elementor-item\">Liste \u00e9lectorale<\/a><\/li>\n<li class=\"menu-item menu-item-type-post_type menu-item-object-page menu-item-2860\"><a href=\"https:\/\/staging.ordemdosfisioterapeutas.pt\/fr\/eleicoes\/candidaturas\/\" class=\"elementor-item\">Applications<\/a><\/li>\n<li class=\"menu-item menu-item-type-post_type menu-item-object-page menu-item-2859\"><a href=\"https:\/\/staging.ordemdosfisioterapeutas.pt\/fr\/eleicoes\/listas-candidatas\/\" class=\"elementor-item\">Listes de candidats<\/a><\/li>\n<li class=\"menu-item menu-item-type-post_type menu-item-object-page menu-item-2858\"><a href=\"https:\/\/staging.ordemdosfisioterapeutas.pt\/fr\/eleicoes\/campanha-eleitoral\/\" class=\"elementor-item\">Campagne \u00e9lectorale<\/a><\/li>\n<li class=\"menu-item menu-item-type-post_type menu-item-object-page menu-item-2857\"><a href=\"https:\/\/staging.ordemdosfisioterapeutas.pt\/fr\/eleicoes\/ato-eleitoral\/\" class=\"elementor-item\">Loi \u00e9lectorale<\/a><\/li>\n<li class=\"menu-item menu-item-type-post_type menu-item-object-page menu-item-2856\"><a href=\"https:\/\/staging.ordemdosfisioterapeutas.pt\/fr\/eleicoes\/apuramento-dos-resultados\/\" class=\"elementor-item\">R\u00e9sultats provisoires<\/a><\/li>\n<li class=\"menu-item menu-item-type-post_type menu-item-object-page menu-item-2855\"><a href=\"https:\/\/staging.ordemdosfisioterapeutas.pt\/fr\/eleicoes\/resultados-oficiais\/\" class=\"elementor-item\">R\u00e9sultats officiels<\/a><\/li>\n<\/ul>\t\t\t<\/nav>\n\t\t\t\t\t<div class=\"elementor-menu-toggle\" role=\"button\" tabindex=\"0\" aria-label=\"Activer le menu\" aria-expanded=\"false\">\n\t\t\t<i aria-hidden=\"true\" role=\"presentation\" class=\"elementor-menu-toggle__icon--open eicon-menu-bar\"><\/i><i aria-hidden=\"true\" role=\"presentation\" class=\"elementor-menu-toggle__icon--close eicon-close\"><\/i>\t\t<\/div>\n\t\t\t\t\t<nav class=\"elementor-nav-menu--dropdown elementor-nav-menu__container\" aria-hidden=\"true\">\n\t\t\t\t<ul id=\"menu-2-2e8c2ce\" class=\"elementor-nav-menu sm-vertical\"><li class=\"menu-item menu-item-type-post_type menu-item-object-page menu-item-2852\"><a href=\"https:\/\/staging.ordemdosfisioterapeutas.pt\/fr\/eleicoes\/\" class=\"elementor-item\" tabindex=\"-1\">\u00c9lections au conseil de surveillance<\/a><\/li>\n<li class=\"menu-item menu-item-type-post_type menu-item-object-page menu-item-2863\"><a href=\"https:\/\/staging.ordemdosfisioterapeutas.pt\/fr\/eleicoes\/calendario-eleitoral\/\" class=\"elementor-item\" tabindex=\"-1\">Calendrier \u00e9lectoral<\/a><\/li>\n<li class=\"menu-item menu-item-type-post_type menu-item-object-page menu-item-2864\"><a href=\"https:\/\/staging.ordemdosfisioterapeutas.pt\/fr\/eleicoes\/comissao-eleitoral\/\" class=\"elementor-item\" tabindex=\"-1\">Commission \u00e9lectorale<\/a><\/li>\n<li class=\"menu-item menu-item-type-post_type menu-item-object-page menu-item-2862\"><a href=\"https:\/\/staging.ordemdosfisioterapeutas.pt\/fr\/eleicoes\/recenseamento\/\" class=\"elementor-item\" tabindex=\"-1\">Recensement<\/a><\/li>\n<li class=\"menu-item menu-item-type-post_type menu-item-object-page menu-item-2861\"><a href=\"https:\/\/staging.ordemdosfisioterapeutas.pt\/fr\/eleicoes\/caderno-eleitoral\/\" class=\"elementor-item\" tabindex=\"-1\">Liste \u00e9lectorale<\/a><\/li>\n<li class=\"menu-item menu-item-type-post_type menu-item-object-page menu-item-2860\"><a href=\"https:\/\/staging.ordemdosfisioterapeutas.pt\/fr\/eleicoes\/candidaturas\/\" class=\"elementor-item\" tabindex=\"-1\">Applications<\/a><\/li>\n<li class=\"menu-item menu-item-type-post_type menu-item-object-page menu-item-2859\"><a href=\"https:\/\/staging.ordemdosfisioterapeutas.pt\/fr\/eleicoes\/listas-candidatas\/\" class=\"elementor-item\" tabindex=\"-1\">Listes de candidats<\/a><\/li>\n<li class=\"menu-item menu-item-type-post_type menu-item-object-page menu-item-2858\"><a href=\"https:\/\/staging.ordemdosfisioterapeutas.pt\/fr\/eleicoes\/campanha-eleitoral\/\" class=\"elementor-item\" tabindex=\"-1\">Campagne \u00e9lectorale<\/a><\/li>\n<li class=\"menu-item menu-item-type-post_type menu-item-object-page menu-item-2857\"><a href=\"https:\/\/staging.ordemdosfisioterapeutas.pt\/fr\/eleicoes\/ato-eleitoral\/\" class=\"elementor-item\" tabindex=\"-1\">Loi \u00e9lectorale<\/a><\/li>\n<li class=\"menu-item menu-item-type-post_type menu-item-object-page menu-item-2856\"><a href=\"https:\/\/staging.ordemdosfisioterapeutas.pt\/fr\/eleicoes\/apuramento-dos-resultados\/\" class=\"elementor-item\" tabindex=\"-1\">R\u00e9sultats provisoires<\/a><\/li>\n<li class=\"menu-item menu-item-type-post_type menu-item-object-page menu-item-2855\"><a href=\"https:\/\/staging.ordemdosfisioterapeutas.pt\/fr\/eleicoes\/resultados-oficiais\/\" class=\"elementor-item\" tabindex=\"-1\">R\u00e9sultats officiels<\/a><\/li>\n<\/ul>\t\t\t<\/nav>\n\t\t\t\t\t\t<\/div>\n\t\t\t\t<\/div>\n\t\t\t\t\t<\/div>\n\t\t<\/div>\n\t\t\t\t\t<\/div>\n\t\t<\/section>\n\t\t\t\t\t<\/div>\n\t\t<\/div>\n\t\t\t\t<div class=\"elementor-column elementor-col-50 elementor-top-column elementor-element elementor-element-351bccd8\" data-id=\"351bccd8\" data-element_type=\"column\" data-e-type=\"column\">\n\t\t\t<div class=\"elementor-widget-wrap elementor-element-populated\">\n\t\t\t\t\t\t<div class=\"elementor-element elementor-element-4307321 elementor-widget elementor-widget-text-editor\" data-id=\"4307321\" data-element_type=\"widget\" data-e-type=\"widget\" data-widget_type=\"text-editor.default\">\n\t\t\t\t<div class=\"elementor-widget-container\">\n\t\t\t\t\t\t\t\t\t<p>Bienvenue sur le site de la <b>\u00c9lections au conseil de surveillance 2024<\/b>. Cette ann\u00e9e, nous aurons un processus \u00e9lectoral crucial pour notre Ordre, avec l'\u00e9lection des membres du Conseil de surveillance, qui aura lieu le jour de l'\u00e9lection. <b>15 novembre 2024<\/b>. Cette page contient toutes les informations n\u00e9cessaires sur le processus \u00e9lectoral, y compris les dates limites importantes, les proc\u00e9dures de candidature et les r\u00e8glements applicables. Le d\u00e9p\u00f4t des candidatures commence le <b>17 ao\u00fbt<\/b> et met fin \u00e0 la <b>16 septembre<\/b>.<\/p><p>Selon la derni\u00e8re r\u00e9vision de la <span style=\"text-decoration: underline;\"><a href=\"https:\/\/ordemdosfisioterapeutas.pt\/wp-content\/uploads\/2024\/02\/LC_lei-122-2019-versao-consolidada_09_02_2024.pdf\" target=\"_blank\" rel=\"noopener\">Statuts<\/a><\/span> de l'Ordre des physioth\u00e9rapeutes (loi n\u00b0 71\/2023, du 12 d\u00e9cembre), la nouvelle loi sur les <b>Conseil de surveillance <\/b>Il a pour mission principale de veiller \u00e0 la l\u00e9galit\u00e9 des activit\u00e9s des organes de l'Ordre, en exer\u00e7ant un pouvoir de contr\u00f4le, notamment en ce qui concerne la r\u00e9glementation de l'exercice de la kin\u00e9sith\u00e9rapie. Il est compos\u00e9 de <b>cinq membres avec droit de vote<\/b>: <b>deux repr\u00e9sentants de la profession inscrits au barreau<\/b>, <b>deux repr\u00e9sentants d'\u00e9tablissements d'enseignement sup\u00e9rieur qualifiant de kin\u00e9sith\u00e9rapeutes et non inscrits \u00e0 l'Ordre<\/b>Le pr\u00e9sident du Conseil est \u00e9lu \u00e0 la majorit\u00e9 absolue des membres mentionn\u00e9s ci-dessus, et une personne de valeur reconnue est coopt\u00e9e par les membres mentionn\u00e9s ci-dessus. Le pr\u00e9sident du Conseil est \u00e9lu parmi les membres qui ne sont pas membres de l'Ordre.<\/p>\t\t\t\t\t\t\t\t<\/div>\n\t\t\t\t<\/div>\n\t\t\t\t\t<\/div>\n\t\t<\/div>\n\t\t\t\t\t<\/div>\n\t\t<\/section>\n\t\t\t\t<\/div>","protected":false},"excerpt":{"rendered":"<p>Bienvenue sur la page des \u00e9lections du Conseil de surveillance 2024. Cette ann\u00e9e verra un processus \u00e9lectoral crucial pour notre Ordre, avec l'\u00e9lection des membres du Conseil de surveillance, qui aura lieu le 15 novembre 2024. Cette page contient toutes les informations n\u00e9cessaires sur le processus \u00e9lectoral, y compris les \u00e9ch\u00e9ances importantes, les proc\u00e9dures ... <a title=\"\u00c9lections au conseil de surveillance\" class=\"read-more\" href=\"https:\/\/staging.ordemdosfisioterapeutas.pt\/fr\/eleicoes\/\" aria-label=\"En savoir plus sur \u00c9lections au conseil de surveillance\">En savoir plus<\/a><\/p>","protected":false},"author":1,"featured_media":0,"parent":0,"menu_order":0,"comment_status":"closed","ping_status":"closed","template":"","meta":{"footnotes":""},"class_list":["post-2495","page","type-page","status-publish"],"_links":{"self":[{"href":"https:\/\/staging.ordemdosfisioterapeutas.pt\/fr\/wp-json\/wp\/v2\/pages\/2495","targetHints":{"allow":["GET"]}}],"collection":[{"href":"https:\/\/staging.ordemdosfisioterapeutas.pt\/fr\/wp-json\/wp\/v2\/pages"}],"about":[{"href":"https:\/\/staging.ordemdosfisioterapeutas.pt\/fr\/wp-json\/wp\/v2\/types\/page"}],"author":[{"embeddable":true,"href":"https:\/\/staging.ordemdosfisioterapeutas.pt\/fr\/wp-json\/wp\/v2\/users\/1"}],"replies":[{"embeddable":true,"href":"https:\/\/staging.ordemdosfisioterapeutas.pt\/fr\/wp-json\/wp\/v2\/comments?post=2495"}],"version-history":[{"count":1,"href":"https:\/\/staging.ordemdosfisioterapeutas.pt\/fr\/wp-json\/wp\/v2\/pages\/2495\/revisions"}],"predecessor-version":[{"id":7888,"href":"https:\/\/staging.ordemdosfisioterapeutas.pt\/fr\/wp-json\/wp\/v2\/pages\/2495\/revisions\/7888"}],"wp:attachment":[{"href":"https:\/\/staging.ordemdosfisioterapeutas.pt\/fr\/wp-json\/wp\/v2\/media?parent=2495"}],"curies":[{"name":"wp","href":"https:\/\/api.w.org\/{rel}","templated":true}]}}

Élections au conseil de surveillance

<div data-elementor-type="wp-page" data-elementor-id="2495" class="elementor elementor-2495" data-elementor-post-type="page">
						<section class="elementor-section elementor-top-section elementor-element elementor-element-7a64a6a6 elementor-section-boxed elementor-section-height-default elementor-section-height-default" data-id="7a64a6a6" data-element_type="section" data-e-type="section">
						<div class="elementor-container elementor-column-gap-default">
					<div class="elementor-column elementor-col-50 elementor-top-column elementor-element elementor-element-2bc57231 sticky-parent" data-id="2bc57231" data-element_type="column" data-e-type="column">
			<div class="elementor-widget-wrap elementor-element-populated">
						<section class="elementor-section elementor-inner-section elementor-element elementor-element-4899e116 sticky-column elementor-section-boxed elementor-section-height-default elementor-section-height-default" data-id="4899e116" data-element_type="section" data-e-type="section">
						<div class="elementor-container elementor-column-gap-default">
					<div class="elementor-column elementor-col-100 elementor-inner-column elementor-element elementor-element-288b2628" data-id="288b2628" data-element_type="column" data-e-type="column">
			<div class="elementor-widget-wrap elementor-element-populated">
						<div class="elementor-element elementor-element-2e8c2ce elementor-nav-menu--dropdown-tablet elementor-nav-menu__text-align-aside elementor-nav-menu--toggle elementor-nav-menu--burger elementor-widget elementor-widget-global elementor-global-2875 elementor-widget-nav-menu" data-id="2e8c2ce" data-element_type="widget" data-e-type="widget" data-settings="{&quot;layout&quot;:&quot;vertical&quot;,&quot;submenu_icon&quot;:{&quot;value&quot;:&quot;fas fa-caret-down&quot;,&quot;library&quot;:&quot;fa-solid&quot;},&quot;toggle&quot;:&quot;burger&quot;}" data-widget_type="nav-menu.default">
				<div class="elementor-widget-container">
								<nav aria-label="Menu" class="elementor-nav-menu--main elementor-nav-menu__container elementor-nav-menu--layout-vertical e--pointer-underline e--animation-fade">
				<ul id="menu-1-2e8c2ce" class="elementor-nav-menu sm-vertical"><li class="menu-item menu-item-type-post_type menu-item-object-page menu-item-2852"><a href="https://staging.ordemdosfisioterapeutas.pt/fr/eleicoes/" class="elementor-item">Élections au conseil de surveillance</a></li>
<li class="menu-item menu-item-type-post_type menu-item-object-page menu-item-2863"><a href="https://staging.ordemdosfisioterapeutas.pt/fr/eleicoes/calendario-eleitoral/" class="elementor-item">Calendrier électoral</a></li>
<li class="menu-item menu-item-type-post_type menu-item-object-page menu-item-2864"><a href="https://staging.ordemdosfisioterapeutas.pt/fr/eleicoes/comissao-eleitoral/" class="elementor-item">Commission électorale</a></li>
<li class="menu-item menu-item-type-post_type menu-item-object-page menu-item-2862"><a href="https://staging.ordemdosfisioterapeutas.pt/fr/eleicoes/recenseamento/" class="elementor-item">Recensement</a></li>
<li class="menu-item menu-item-type-post_type menu-item-object-page menu-item-2861"><a href="https://staging.ordemdosfisioterapeutas.pt/fr/eleicoes/caderno-eleitoral/" class="elementor-item">Liste électorale</a></li>
<li class="menu-item menu-item-type-post_type menu-item-object-page menu-item-2860"><a href="https://staging.ordemdosfisioterapeutas.pt/fr/eleicoes/candidaturas/" class="elementor-item">Applications</a></li>
<li class="menu-item menu-item-type-post_type menu-item-object-page menu-item-2859"><a href="https://staging.ordemdosfisioterapeutas.pt/fr/eleicoes/listas-candidatas/" class="elementor-item">Listes de candidats</a></li>
<li class="menu-item menu-item-type-post_type menu-item-object-page menu-item-2858"><a href="https://staging.ordemdosfisioterapeutas.pt/fr/eleicoes/campanha-eleitoral/" class="elementor-item">Campagne électorale</a></li>
<li class="menu-item menu-item-type-post_type menu-item-object-page menu-item-2857"><a href="https://staging.ordemdosfisioterapeutas.pt/fr/eleicoes/ato-eleitoral/" class="elementor-item">Loi électorale</a></li>
<li class="menu-item menu-item-type-post_type menu-item-object-page menu-item-2856"><a href="https://staging.ordemdosfisioterapeutas.pt/fr/eleicoes/apuramento-dos-resultados/" class="elementor-item">Résultats provisoires</a></li>
<li class="menu-item menu-item-type-post_type menu-item-object-page menu-item-2855"><a href="https://staging.ordemdosfisioterapeutas.pt/fr/eleicoes/resultados-oficiais/" class="elementor-item">Résultats officiels</a></li>
</ul>			</nav>
					<div class="elementor-menu-toggle" role="button" tabindex="0" aria-label="Activer le menu" aria-expanded="false">
			<i aria-hidden="true" role="presentation" class="elementor-menu-toggle__icon--open eicon-menu-bar"></i><i aria-hidden="true" role="presentation" class="elementor-menu-toggle__icon--close eicon-close"></i>		</div>
					<nav class="elementor-nav-menu--dropdown elementor-nav-menu__container" aria-hidden="true">
				<ul id="menu-2-2e8c2ce" class="elementor-nav-menu sm-vertical"><li class="menu-item menu-item-type-post_type menu-item-object-page menu-item-2852"><a href="https://staging.ordemdosfisioterapeutas.pt/fr/eleicoes/" class="elementor-item" tabindex="-1">Élections au conseil de surveillance</a></li>
<li class="menu-item menu-item-type-post_type menu-item-object-page menu-item-2863"><a href="https://staging.ordemdosfisioterapeutas.pt/fr/eleicoes/calendario-eleitoral/" class="elementor-item" tabindex="-1">Calendrier électoral</a></li>
<li class="menu-item menu-item-type-post_type menu-item-object-page menu-item-2864"><a href="https://staging.ordemdosfisioterapeutas.pt/fr/eleicoes/comissao-eleitoral/" class="elementor-item" tabindex="-1">Commission électorale</a></li>
<li class="menu-item menu-item-type-post_type menu-item-object-page menu-item-2862"><a href="https://staging.ordemdosfisioterapeutas.pt/fr/eleicoes/recenseamento/" class="elementor-item" tabindex="-1">Recensement</a></li>
<li class="menu-item menu-item-type-post_type menu-item-object-page menu-item-2861"><a href="https://staging.ordemdosfisioterapeutas.pt/fr/eleicoes/caderno-eleitoral/" class="elementor-item" tabindex="-1">Liste électorale</a></li>
<li class="menu-item menu-item-type-post_type menu-item-object-page menu-item-2860"><a href="https://staging.ordemdosfisioterapeutas.pt/fr/eleicoes/candidaturas/" class="elementor-item" tabindex="-1">Applications</a></li>
<li class="menu-item menu-item-type-post_type menu-item-object-page menu-item-2859"><a href="https://staging.ordemdosfisioterapeutas.pt/fr/eleicoes/listas-candidatas/" class="elementor-item" tabindex="-1">Listes de candidats</a></li>
<li class="menu-item menu-item-type-post_type menu-item-object-page menu-item-2858"><a href="https://staging.ordemdosfisioterapeutas.pt/fr/eleicoes/campanha-eleitoral/" class="elementor-item" tabindex="-1">Campagne électorale</a></li>
<li class="menu-item menu-item-type-post_type menu-item-object-page menu-item-2857"><a href="https://staging.ordemdosfisioterapeutas.pt/fr/eleicoes/ato-eleitoral/" class="elementor-item" tabindex="-1">Loi électorale</a></li>
<li class="menu-item menu-item-type-post_type menu-item-object-page menu-item-2856"><a href="https://staging.ordemdosfisioterapeutas.pt/fr/eleicoes/apuramento-dos-resultados/" class="elementor-item" tabindex="-1">Résultats provisoires</a></li>
<li class="menu-item menu-item-type-post_type menu-item-object-page menu-item-2855"><a href="https://staging.ordemdosfisioterapeutas.pt/fr/eleicoes/resultados-oficiais/" class="elementor-item" tabindex="-1">Résultats officiels</a></li>
</ul>			</nav>
						</div>
				</div>
					</div>
		</div>
					</div>
		</section>
					</div>
		</div>
				<div class="elementor-column elementor-col-50 elementor-top-column elementor-element elementor-element-351bccd8" data-id="351bccd8" data-element_type="column" data-e-type="column">
			<div class="elementor-widget-wrap elementor-element-populated">
						<div class="elementor-element elementor-element-4307321 elementor-widget elementor-widget-text-editor" data-id="4307321" data-element_type="widget" data-e-type="widget" data-widget_type="text-editor.default">
				<div class="elementor-widget-container">
									<p>Bienvenue sur le site de la <b>Élections au conseil de surveillance 2024</b>. Cette année, nous aurons un processus électoral crucial pour notre Ordre, avec l'élection des membres du Conseil de surveillance, qui aura lieu le jour de l'élection. <b>15 novembre 2024</b>. Cette page contient toutes les informations nécessaires sur le processus électoral, y compris les dates limites importantes, les procédures de candidature et les règlements applicables. Le dépôt des candidatures commence le <b>17 août</b> et met fin à la <b>16 septembre</b>.</p><p>Selon la dernière révision de la <span style="text-decoration: underline;"><a href="https://ordemdosfisioterapeutas.pt/wp-content/uploads/2024/02/LC_lei-122-2019-versao-consolidada_09_02_2024.pdf" target="_blank" rel="noopener">Statuts</a></span> de l'Ordre des physiothérapeutes (loi n° 71/2023, du 12 décembre), la nouvelle loi sur les <b>Conseil de surveillance </b>Il a pour mission principale de veiller à la légalité des activités des organes de l'Ordre, en exerçant un pouvoir de contrôle, notamment en ce qui concerne la réglementation de l'exercice de la kinésithérapie. Il est composé de <b>cinq membres avec droit de vote</b>: <b>deux représentants de la profession inscrits au barreau</b>, <b>deux représentants d'établissements d'enseignement supérieur qualifiant de kinésithérapeutes et non inscrits à l'Ordre</b>Le président du Conseil est élu à la majorité absolue des membres mentionnés ci-dessus, et une personne de valeur reconnue est cooptée par les membres mentionnés ci-dessus. Le président du Conseil est élu parmi les membres qui ne sont pas membres de l'Ordre.</p>								</div>
				</div>
					</div>
		</div>
					</div>
		</section>
				</div>

<p>Bienvenue sur la page des élections du Conseil de surveillance 2024. Cette année verra un processus électoral crucial pour notre Ordre, avec l'élection des membres du Conseil de surveillance, qui aura lieu le 15 novembre 2024. Cette page contient toutes les informations nécessaires sur le processus électoral, y compris les échéances importantes, les procédures ... <a title="Élections au conseil de surveillance" class="read-more" href="https://staging.ordemdosfisioterapeutas.pt/fr/eleicoes/" aria-label="En savoir plus sur Élections au conseil de surveillance">En savoir plus</a></p>
