{"id":2827,"date":"2021-09-11T11:49:58","date_gmt":"2021-09-11T10:49:58","guid":{"rendered":"https:\/\/staging.ordemdosfisioterapeutas.pt\/?page_id=2827"},"modified":"2024-07-31T09:55:33","modified_gmt":"2024-07-31T08:55:33","slug":"comissao-eleitoral","status":"publish","type":"page","link":"https:\/\/staging.ordemdosfisioterapeutas.pt\/fr\/eleicoes\/comissao-eleitoral\/","title":{"rendered":"Commission \u00e9lectorale"},"content":{"rendered":"<div data-elementor-type=\"wp-page\" data-elementor-id=\"2827\" class=\"elementor elementor-2827\" data-elementor-post-type=\"page\">\n\t\t\t\t\t\t<section class=\"elementor-section elementor-top-section elementor-element elementor-element-873edb7 elementor-section-boxed elementor-section-height-default elementor-section-height-default\" data-id=\"873edb7\" data-element_type=\"section\" data-e-type=\"section\">\n\t\t\t\t\t\t<div class=\"elementor-container elementor-column-gap-default\">\n\t\t\t\t\t<div class=\"elementor-column elementor-col-50 elementor-top-column elementor-element elementor-element-4cfc2990 sticky-parent\" data-id=\"4cfc2990\" data-element_type=\"column\" data-e-type=\"column\">\n\t\t\t<div class=\"elementor-widget-wrap elementor-element-populated\">\n\t\t\t\t\t\t<section class=\"elementor-section elementor-inner-section elementor-element elementor-element-16958d50 sticky-column elementor-section-boxed elementor-section-height-default elementor-section-height-default\" data-id=\"16958d50\" data-element_type=\"section\" data-e-type=\"section\">\n\t\t\t\t\t\t<div class=\"elementor-container elementor-column-gap-default\">\n\t\t\t\t\t<div class=\"elementor-column elementor-col-100 elementor-inner-column elementor-element elementor-element-6f52bfa5\" data-id=\"6f52bfa5\" data-element_type=\"column\" data-e-type=\"column\">\n\t\t\t<div class=\"elementor-widget-wrap elementor-element-populated\">\n\t\t\t\t\t\t<div class=\"elementor-element elementor-element-a73d872 elementor-nav-menu--dropdown-tablet elementor-nav-menu__text-align-aside elementor-nav-menu--toggle elementor-nav-menu--burger elementor-widget elementor-widget-global elementor-global-2875 elementor-widget-nav-menu\" data-id=\"a73d872\" data-element_type=\"widget\" data-e-type=\"widget\" data-settings=\"{&quot;layout&quot;:&quot;vertical&quot;,&quot;submenu_icon&quot;:{&quot;value&quot;:&quot;fas fa-caret-down&quot;,&quot;library&quot;:&quot;fa-solid&quot;},&quot;toggle&quot;:&quot;burger&quot;}\" data-widget_type=\"nav-menu.default\">\n\t\t\t\t<div class=\"elementor-widget-container\">\n\t\t\t\t\t\t\t\t<nav aria-label=\"Menu\" class=\"elementor-nav-menu--main elementor-nav-menu__container elementor-nav-menu--layout-vertical e--pointer-underline e--animation-fade\">\n\t\t\t\t<ul id=\"menu-1-a73d872\" class=\"elementor-nav-menu sm-vertical\"><li class=\"menu-item menu-item-type-post_type menu-item-object-page menu-item-2852\"><a href=\"https:\/\/staging.ordemdosfisioterapeutas.pt\/fr\/eleicoes\/\" class=\"elementor-item\">\u00c9lections au conseil de surveillance<\/a><\/li>\n<li class=\"menu-item menu-item-type-post_type menu-item-object-page menu-item-2863\"><a href=\"https:\/\/staging.ordemdosfisioterapeutas.pt\/fr\/eleicoes\/calendario-eleitoral\/\" class=\"elementor-item\">Calendrier \u00e9lectoral<\/a><\/li>\n<li class=\"menu-item menu-item-type-post_type menu-item-object-page menu-item-2864\"><a href=\"https:\/\/staging.ordemdosfisioterapeutas.pt\/fr\/eleicoes\/comissao-eleitoral\/\" class=\"elementor-item\">Commission \u00e9lectorale<\/a><\/li>\n<li class=\"menu-item menu-item-type-post_type menu-item-object-page menu-item-2862\"><a href=\"https:\/\/staging.ordemdosfisioterapeutas.pt\/fr\/eleicoes\/recenseamento\/\" class=\"elementor-item\">Recensement<\/a><\/li>\n<li class=\"menu-item menu-item-type-post_type menu-item-object-page menu-item-2861\"><a href=\"https:\/\/staging.ordemdosfisioterapeutas.pt\/fr\/eleicoes\/caderno-eleitoral\/\" class=\"elementor-item\">Liste \u00e9lectorale<\/a><\/li>\n<li class=\"menu-item menu-item-type-post_type menu-item-object-page menu-item-2860\"><a href=\"https:\/\/staging.ordemdosfisioterapeutas.pt\/fr\/eleicoes\/candidaturas\/\" class=\"elementor-item\">Applications<\/a><\/li>\n<li class=\"menu-item menu-item-type-post_type menu-item-object-page menu-item-2859\"><a href=\"https:\/\/staging.ordemdosfisioterapeutas.pt\/fr\/eleicoes\/listas-candidatas\/\" class=\"elementor-item\">Listes de candidats<\/a><\/li>\n<li class=\"menu-item menu-item-type-post_type menu-item-object-page menu-item-2858\"><a href=\"https:\/\/staging.ordemdosfisioterapeutas.pt\/fr\/eleicoes\/campanha-eleitoral\/\" class=\"elementor-item\">Campagne \u00e9lectorale<\/a><\/li>\n<li class=\"menu-item menu-item-type-post_type menu-item-object-page menu-item-2857\"><a href=\"https:\/\/staging.ordemdosfisioterapeutas.pt\/fr\/eleicoes\/ato-eleitoral\/\" class=\"elementor-item\">Loi \u00e9lectorale<\/a><\/li>\n<li class=\"menu-item menu-item-type-post_type menu-item-object-page menu-item-2856\"><a href=\"https:\/\/staging.ordemdosfisioterapeutas.pt\/fr\/eleicoes\/apuramento-dos-resultados\/\" class=\"elementor-item\">R\u00e9sultats provisoires<\/a><\/li>\n<li class=\"menu-item menu-item-type-post_type menu-item-object-page menu-item-2855\"><a href=\"https:\/\/staging.ordemdosfisioterapeutas.pt\/fr\/eleicoes\/resultados-oficiais\/\" class=\"elementor-item\">R\u00e9sultats officiels<\/a><\/li>\n<\/ul>\t\t\t<\/nav>\n\t\t\t\t\t<div class=\"elementor-menu-toggle\" role=\"button\" tabindex=\"0\" aria-label=\"Activer le menu\" aria-expanded=\"false\">\n\t\t\t<i aria-hidden=\"true\" role=\"presentation\" class=\"elementor-menu-toggle__icon--open eicon-menu-bar\"><\/i><i aria-hidden=\"true\" role=\"presentation\" class=\"elementor-menu-toggle__icon--close eicon-close\"><\/i>\t\t<\/div>\n\t\t\t\t\t<nav class=\"elementor-nav-menu--dropdown elementor-nav-menu__container\" aria-hidden=\"true\">\n\t\t\t\t<ul id=\"menu-2-a73d872\" class=\"elementor-nav-menu sm-vertical\"><li class=\"menu-item menu-item-type-post_type menu-item-object-page menu-item-2852\"><a href=\"https:\/\/staging.ordemdosfisioterapeutas.pt\/fr\/eleicoes\/\" class=\"elementor-item\" tabindex=\"-1\">\u00c9lections au conseil de surveillance<\/a><\/li>\n<li class=\"menu-item menu-item-type-post_type menu-item-object-page menu-item-2863\"><a href=\"https:\/\/staging.ordemdosfisioterapeutas.pt\/fr\/eleicoes\/calendario-eleitoral\/\" class=\"elementor-item\" tabindex=\"-1\">Calendrier \u00e9lectoral<\/a><\/li>\n<li class=\"menu-item menu-item-type-post_type menu-item-object-page menu-item-2864\"><a href=\"https:\/\/staging.ordemdosfisioterapeutas.pt\/fr\/eleicoes\/comissao-eleitoral\/\" class=\"elementor-item\" tabindex=\"-1\">Commission \u00e9lectorale<\/a><\/li>\n<li class=\"menu-item menu-item-type-post_type menu-item-object-page menu-item-2862\"><a href=\"https:\/\/staging.ordemdosfisioterapeutas.pt\/fr\/eleicoes\/recenseamento\/\" class=\"elementor-item\" tabindex=\"-1\">Recensement<\/a><\/li>\n<li class=\"menu-item menu-item-type-post_type menu-item-object-page menu-item-2861\"><a href=\"https:\/\/staging.ordemdosfisioterapeutas.pt\/fr\/eleicoes\/caderno-eleitoral\/\" class=\"elementor-item\" tabindex=\"-1\">Liste \u00e9lectorale<\/a><\/li>\n<li class=\"menu-item menu-item-type-post_type menu-item-object-page menu-item-2860\"><a href=\"https:\/\/staging.ordemdosfisioterapeutas.pt\/fr\/eleicoes\/candidaturas\/\" class=\"elementor-item\" tabindex=\"-1\">Applications<\/a><\/li>\n<li class=\"menu-item menu-item-type-post_type menu-item-object-page menu-item-2859\"><a href=\"https:\/\/staging.ordemdosfisioterapeutas.pt\/fr\/eleicoes\/listas-candidatas\/\" class=\"elementor-item\" tabindex=\"-1\">Listes de candidats<\/a><\/li>\n<li class=\"menu-item menu-item-type-post_type menu-item-object-page menu-item-2858\"><a href=\"https:\/\/staging.ordemdosfisioterapeutas.pt\/fr\/eleicoes\/campanha-eleitoral\/\" class=\"elementor-item\" tabindex=\"-1\">Campagne \u00e9lectorale<\/a><\/li>\n<li class=\"menu-item menu-item-type-post_type menu-item-object-page menu-item-2857\"><a href=\"https:\/\/staging.ordemdosfisioterapeutas.pt\/fr\/eleicoes\/ato-eleitoral\/\" class=\"elementor-item\" tabindex=\"-1\">Loi \u00e9lectorale<\/a><\/li>\n<li class=\"menu-item menu-item-type-post_type menu-item-object-page menu-item-2856\"><a href=\"https:\/\/staging.ordemdosfisioterapeutas.pt\/fr\/eleicoes\/apuramento-dos-resultados\/\" class=\"elementor-item\" tabindex=\"-1\">R\u00e9sultats provisoires<\/a><\/li>\n<li class=\"menu-item menu-item-type-post_type menu-item-object-page menu-item-2855\"><a href=\"https:\/\/staging.ordemdosfisioterapeutas.pt\/fr\/eleicoes\/resultados-oficiais\/\" class=\"elementor-item\" tabindex=\"-1\">R\u00e9sultats officiels<\/a><\/li>\n<\/ul>\t\t\t<\/nav>\n\t\t\t\t\t\t<\/div>\n\t\t\t\t<\/div>\n\t\t\t\t\t<\/div>\n\t\t<\/div>\n\t\t\t\t\t<\/div>\n\t\t<\/section>\n\t\t\t\t\t<\/div>\n\t\t<\/div>\n\t\t\t\t<div class=\"elementor-column elementor-col-50 elementor-top-column elementor-element elementor-element-750a2291\" data-id=\"750a2291\" data-element_type=\"column\" data-e-type=\"column\">\n\t\t\t<div class=\"elementor-widget-wrap elementor-element-populated\">\n\t\t\t\t\t\t<div class=\"elementor-element elementor-element-22f6761 elementor-widget elementor-widget-text-editor\" data-id=\"22f6761\" data-element_type=\"widget\" data-e-type=\"widget\" data-widget_type=\"text-editor.default\">\n\t\t\t\t<div class=\"elementor-widget-container\">\n\t\t\t\t\t\t\t\t\t<p>A <b>Commission \u00e9lectorale <\/b>est charg\u00e9e de garantir la l\u00e9galit\u00e9 et la transparence de l'ensemble du processus \u00e9lectoral. Elle joue un r\u00f4le cl\u00e9 dans la supervision de toutes les \u00e9tapes du processus \u00e9lectoral, de la r\u00e9ception des candidatures \u00e0 la tabulation des r\u00e9sultats.<\/p><p>Selon les r\u00e8glements \u00e9lectoraux, la <b>La Commission <\/b><b>E<\/b><b>lectionnaire <\/b>est compos\u00e9 du pr\u00e9sident du conseil d'administration du conseil g\u00e9n\u00e9ral et d'un repr\u00e9sentant de chacune des listes admises au vote, \u00e0 d\u00e9signer lors du d\u00e9p\u00f4t des candidatures respectives.<\/p><p>La composition de la commission \u00e9lectorale sera annonc\u00e9e \u00e0 l'adresse suivante <b>17 septembre 2024<\/b>.<\/p>\t\t\t\t\t\t\t\t<\/div>\n\t\t\t\t<\/div>\n\t\t\t\t\t<\/div>\n\t\t<\/div>\n\t\t\t\t\t<\/div>\n\t\t<\/section>\n\t\t\t\t<\/div>","protected":false},"excerpt":{"rendered":"<p>A Comiss\u00e3o Eleitoral \u00e9 respons\u00e1vel por garantir a legalidade e transpar\u00eancia de todo o processo eleitoral. Desempenha um papel fundamental na supervis\u00e3o de todas as fases do processo eleitoral, desde a rece\u00e7\u00e3o das candidaturas at\u00e9 ao apuramento dos resultados. De acordo com o Regulamento Eleitoral, a Comiss\u00e3o Eleitoral \u00e9 composta pelo presidente da mesa do &#8230; <a title=\"Commission \u00e9lectorale\" class=\"read-more\" href=\"https:\/\/staging.ordemdosfisioterapeutas.pt\/fr\/eleicoes\/comissao-eleitoral\/\" aria-label=\"En savoir plus sur Comiss\u00e3o Eleitoral\">En savoir plus<\/a><\/p>","protected":false},"author":1,"featured_media":0,"parent":2495,"menu_order":1,"comment_status":"closed","ping_status":"closed","template":"","meta":{"footnotes":""},"class_list":["post-2827","page","type-page","status-publish"],"_links":{"self":[{"href":"https:\/\/staging.ordemdosfisioterapeutas.pt\/fr\/wp-json\/wp\/v2\/pages\/2827","targetHints":{"allow":["GET"]}}],"collection":[{"href":"https:\/\/staging.ordemdosfisioterapeutas.pt\/fr\/wp-json\/wp\/v2\/pages"}],"about":[{"href":"https:\/\/staging.ordemdosfisioterapeutas.pt\/fr\/wp-json\/wp\/v2\/types\/page"}],"author":[{"embeddable":true,"href":"https:\/\/staging.ordemdosfisioterapeutas.pt\/fr\/wp-json\/wp\/v2\/users\/1"}],"replies":[{"embeddable":true,"href":"https:\/\/staging.ordemdosfisioterapeutas.pt\/fr\/wp-json\/wp\/v2\/comments?post=2827"}],"version-history":[{"count":0,"href":"https:\/\/staging.ordemdosfisioterapeutas.pt\/fr\/wp-json\/wp\/v2\/pages\/2827\/revisions"}],"up":[{"embeddable":true,"href":"https:\/\/staging.ordemdosfisioterapeutas.pt\/fr\/wp-json\/wp\/v2\/pages\/2495"}],"wp:attachment":[{"href":"https:\/\/staging.ordemdosfisioterapeutas.pt\/fr\/wp-json\/wp\/v2\/media?parent=2827"}],"curies":[{"name":"wp","href":"https:\/\/api.w.org\/{rel}","templated":true}]}}

Commission électorale

<div data-elementor-type="wp-page" data-elementor-id="2827" class="elementor elementor-2827" data-elementor-post-type="page">
						<section class="elementor-section elementor-top-section elementor-element elementor-element-873edb7 elementor-section-boxed elementor-section-height-default elementor-section-height-default" data-id="873edb7" data-element_type="section" data-e-type="section">
						<div class="elementor-container elementor-column-gap-default">
					<div class="elementor-column elementor-col-50 elementor-top-column elementor-element elementor-element-4cfc2990 sticky-parent" data-id="4cfc2990" data-element_type="column" data-e-type="column">
			<div class="elementor-widget-wrap elementor-element-populated">
						<section class="elementor-section elementor-inner-section elementor-element elementor-element-16958d50 sticky-column elementor-section-boxed elementor-section-height-default elementor-section-height-default" data-id="16958d50" data-element_type="section" data-e-type="section">
						<div class="elementor-container elementor-column-gap-default">
					<div class="elementor-column elementor-col-100 elementor-inner-column elementor-element elementor-element-6f52bfa5" data-id="6f52bfa5" data-element_type="column" data-e-type="column">
			<div class="elementor-widget-wrap elementor-element-populated">
						<div class="elementor-element elementor-element-a73d872 elementor-nav-menu--dropdown-tablet elementor-nav-menu__text-align-aside elementor-nav-menu--toggle elementor-nav-menu--burger elementor-widget elementor-widget-global elementor-global-2875 elementor-widget-nav-menu" data-id="a73d872" data-element_type="widget" data-e-type="widget" data-settings="{&quot;layout&quot;:&quot;vertical&quot;,&quot;submenu_icon&quot;:{&quot;value&quot;:&quot;fas fa-caret-down&quot;,&quot;library&quot;:&quot;fa-solid&quot;},&quot;toggle&quot;:&quot;burger&quot;}" data-widget_type="nav-menu.default">
				<div class="elementor-widget-container">
								<nav aria-label="Menu" class="elementor-nav-menu--main elementor-nav-menu__container elementor-nav-menu--layout-vertical e--pointer-underline e--animation-fade">
				<ul id="menu-1-a73d872" class="elementor-nav-menu sm-vertical"><li class="menu-item menu-item-type-post_type menu-item-object-page menu-item-2852"><a href="https://staging.ordemdosfisioterapeutas.pt/fr/eleicoes/" class="elementor-item">Élections au conseil de surveillance</a></li>
<li class="menu-item menu-item-type-post_type menu-item-object-page menu-item-2863"><a href="https://staging.ordemdosfisioterapeutas.pt/fr/eleicoes/calendario-eleitoral/" class="elementor-item">Calendrier électoral</a></li>
<li class="menu-item menu-item-type-post_type menu-item-object-page menu-item-2864"><a href="https://staging.ordemdosfisioterapeutas.pt/fr/eleicoes/comissao-eleitoral/" class="elementor-item">Commission électorale</a></li>
<li class="menu-item menu-item-type-post_type menu-item-object-page menu-item-2862"><a href="https://staging.ordemdosfisioterapeutas.pt/fr/eleicoes/recenseamento/" class="elementor-item">Recensement</a></li>
<li class="menu-item menu-item-type-post_type menu-item-object-page menu-item-2861"><a href="https://staging.ordemdosfisioterapeutas.pt/fr/eleicoes/caderno-eleitoral/" class="elementor-item">Liste électorale</a></li>
<li class="menu-item menu-item-type-post_type menu-item-object-page menu-item-2860"><a href="https://staging.ordemdosfisioterapeutas.pt/fr/eleicoes/candidaturas/" class="elementor-item">Applications</a></li>
<li class="menu-item menu-item-type-post_type menu-item-object-page menu-item-2859"><a href="https://staging.ordemdosfisioterapeutas.pt/fr/eleicoes/listas-candidatas/" class="elementor-item">Listes de candidats</a></li>
<li class="menu-item menu-item-type-post_type menu-item-object-page menu-item-2858"><a href="https://staging.ordemdosfisioterapeutas.pt/fr/eleicoes/campanha-eleitoral/" class="elementor-item">Campagne électorale</a></li>
<li class="menu-item menu-item-type-post_type menu-item-object-page menu-item-2857"><a href="https://staging.ordemdosfisioterapeutas.pt/fr/eleicoes/ato-eleitoral/" class="elementor-item">Loi électorale</a></li>
<li class="menu-item menu-item-type-post_type menu-item-object-page menu-item-2856"><a href="https://staging.ordemdosfisioterapeutas.pt/fr/eleicoes/apuramento-dos-resultados/" class="elementor-item">Résultats provisoires</a></li>
<li class="menu-item menu-item-type-post_type menu-item-object-page menu-item-2855"><a href="https://staging.ordemdosfisioterapeutas.pt/fr/eleicoes/resultados-oficiais/" class="elementor-item">Résultats officiels</a></li>
</ul>			</nav>
					<div class="elementor-menu-toggle" role="button" tabindex="0" aria-label="Activer le menu" aria-expanded="false">
			<i aria-hidden="true" role="presentation" class="elementor-menu-toggle__icon--open eicon-menu-bar"></i><i aria-hidden="true" role="presentation" class="elementor-menu-toggle__icon--close eicon-close"></i>		</div>
					<nav class="elementor-nav-menu--dropdown elementor-nav-menu__container" aria-hidden="true">
				<ul id="menu-2-a73d872" class="elementor-nav-menu sm-vertical"><li class="menu-item menu-item-type-post_type menu-item-object-page menu-item-2852"><a href="https://staging.ordemdosfisioterapeutas.pt/fr/eleicoes/" class="elementor-item" tabindex="-1">Élections au conseil de surveillance</a></li>
<li class="menu-item menu-item-type-post_type menu-item-object-page menu-item-2863"><a href="https://staging.ordemdosfisioterapeutas.pt/fr/eleicoes/calendario-eleitoral/" class="elementor-item" tabindex="-1">Calendrier électoral</a></li>
<li class="menu-item menu-item-type-post_type menu-item-object-page menu-item-2864"><a href="https://staging.ordemdosfisioterapeutas.pt/fr/eleicoes/comissao-eleitoral/" class="elementor-item" tabindex="-1">Commission électorale</a></li>
<li class="menu-item menu-item-type-post_type menu-item-object-page menu-item-2862"><a href="https://staging.ordemdosfisioterapeutas.pt/fr/eleicoes/recenseamento/" class="elementor-item" tabindex="-1">Recensement</a></li>
<li class="menu-item menu-item-type-post_type menu-item-object-page menu-item-2861"><a href="https://staging.ordemdosfisioterapeutas.pt/fr/eleicoes/caderno-eleitoral/" class="elementor-item" tabindex="-1">Liste électorale</a></li>
<li class="menu-item menu-item-type-post_type menu-item-object-page menu-item-2860"><a href="https://staging.ordemdosfisioterapeutas.pt/fr/eleicoes/candidaturas/" class="elementor-item" tabindex="-1">Applications</a></li>
<li class="menu-item menu-item-type-post_type menu-item-object-page menu-item-2859"><a href="https://staging.ordemdosfisioterapeutas.pt/fr/eleicoes/listas-candidatas/" class="elementor-item" tabindex="-1">Listes de candidats</a></li>
<li class="menu-item menu-item-type-post_type menu-item-object-page menu-item-2858"><a href="https://staging.ordemdosfisioterapeutas.pt/fr/eleicoes/campanha-eleitoral/" class="elementor-item" tabindex="-1">Campagne électorale</a></li>
<li class="menu-item menu-item-type-post_type menu-item-object-page menu-item-2857"><a href="https://staging.ordemdosfisioterapeutas.pt/fr/eleicoes/ato-eleitoral/" class="elementor-item" tabindex="-1">Loi électorale</a></li>
<li class="menu-item menu-item-type-post_type menu-item-object-page menu-item-2856"><a href="https://staging.ordemdosfisioterapeutas.pt/fr/eleicoes/apuramento-dos-resultados/" class="elementor-item" tabindex="-1">Résultats provisoires</a></li>
<li class="menu-item menu-item-type-post_type menu-item-object-page menu-item-2855"><a href="https://staging.ordemdosfisioterapeutas.pt/fr/eleicoes/resultados-oficiais/" class="elementor-item" tabindex="-1">Résultats officiels</a></li>
</ul>			</nav>
						</div>
				</div>
					</div>
		</div>
					</div>
		</section>
					</div>
		</div>
				<div class="elementor-column elementor-col-50 elementor-top-column elementor-element elementor-element-750a2291" data-id="750a2291" data-element_type="column" data-e-type="column">
			<div class="elementor-widget-wrap elementor-element-populated">
						<div class="elementor-element elementor-element-22f6761 elementor-widget elementor-widget-text-editor" data-id="22f6761" data-element_type="widget" data-e-type="widget" data-widget_type="text-editor.default">
				<div class="elementor-widget-container">
									<p>A <b>Commission électorale </b>est chargée de garantir la légalité et la transparence de l'ensemble du processus électoral. Elle joue un rôle clé dans la supervision de toutes les étapes du processus électoral, de la réception des candidatures à la tabulation des résultats.</p><p>Selon les règlements électoraux, la <b>La Commission </b><b>E</b><b>lectionnaire </b>est composé du président du conseil d'administration du conseil général et d'un représentant de chacune des listes admises au vote, à désigner lors du dépôt des candidatures respectives.</p><p>La composition de la commission électorale sera annoncée à l'adresse suivante <b>17 septembre 2024</b>.</p>								</div>
				</div>
					</div>
		</div>
					</div>
		</section>
				</div>

<p>A Comissão Eleitoral é responsável por garantir a legalidade e transparência de todo o processo eleitoral. Desempenha um papel fundamental na supervisão de todas as fases do processo eleitoral, desde a receção das candidaturas até ao apuramento dos resultados. De acordo com o Regulamento Eleitoral, a Comissão Eleitoral é composta pelo presidente da mesa do &#8230; <a title="Commission électorale" class="read-more" href="https://staging.ordemdosfisioterapeutas.pt/fr/eleicoes/comissao-eleitoral/" aria-label="En savoir plus sur Comissão Eleitoral">En savoir plus</a></p>
