{"id":2834,"date":"2021-09-11T11:54:26","date_gmt":"2021-09-11T10:54:26","guid":{"rendered":"https:\/\/staging.ordemdosfisioterapeutas.pt\/?page_id=2834"},"modified":"2024-07-31T10:01:53","modified_gmt":"2024-07-31T09:01:53","slug":"caderno-eleitoral","status":"publish","type":"page","link":"https:\/\/staging.ordemdosfisioterapeutas.pt\/fr\/eleicoes\/caderno-eleitoral\/","title":{"rendered":"Liste \u00e9lectorale"},"content":{"rendered":"<div data-elementor-type=\"wp-page\" data-elementor-id=\"2834\" class=\"elementor elementor-2834\" data-elementor-post-type=\"page\">\n\t\t\t\t\t\t<section class=\"elementor-section elementor-top-section elementor-element elementor-element-4d16b679 elementor-section-boxed elementor-section-height-default elementor-section-height-default\" data-id=\"4d16b679\" data-element_type=\"section\" data-e-type=\"section\">\n\t\t\t\t\t\t<div class=\"elementor-container elementor-column-gap-default\">\n\t\t\t\t\t<div class=\"elementor-column elementor-col-50 elementor-top-column elementor-element elementor-element-60f8e0ca sticky-parent\" data-id=\"60f8e0ca\" data-element_type=\"column\" data-e-type=\"column\">\n\t\t\t<div class=\"elementor-widget-wrap elementor-element-populated\">\n\t\t\t\t\t\t<section class=\"elementor-section elementor-inner-section elementor-element elementor-element-1e3f89c2 sticky-column elementor-section-boxed elementor-section-height-default elementor-section-height-default\" data-id=\"1e3f89c2\" data-element_type=\"section\" data-e-type=\"section\">\n\t\t\t\t\t\t<div class=\"elementor-container elementor-column-gap-default\">\n\t\t\t\t\t<div class=\"elementor-column elementor-col-100 elementor-inner-column elementor-element elementor-element-2d82369\" data-id=\"2d82369\" data-element_type=\"column\" data-e-type=\"column\">\n\t\t\t<div class=\"elementor-widget-wrap elementor-element-populated\">\n\t\t\t\t\t\t<div class=\"elementor-element elementor-element-3215651 elementor-nav-menu--dropdown-tablet elementor-nav-menu__text-align-aside elementor-nav-menu--toggle elementor-nav-menu--burger elementor-widget elementor-widget-global elementor-global-2875 elementor-widget-nav-menu\" data-id=\"3215651\" data-element_type=\"widget\" data-e-type=\"widget\" data-settings=\"{&quot;layout&quot;:&quot;vertical&quot;,&quot;submenu_icon&quot;:{&quot;value&quot;:&quot;fas fa-caret-down&quot;,&quot;library&quot;:&quot;fa-solid&quot;},&quot;toggle&quot;:&quot;burger&quot;}\" data-widget_type=\"nav-menu.default\">\n\t\t\t\t<div class=\"elementor-widget-container\">\n\t\t\t\t\t\t\t\t<nav aria-label=\"Menu\" class=\"elementor-nav-menu--main elementor-nav-menu__container elementor-nav-menu--layout-vertical e--pointer-underline e--animation-fade\">\n\t\t\t\t<ul id=\"menu-1-3215651\" class=\"elementor-nav-menu sm-vertical\"><li class=\"menu-item menu-item-type-post_type menu-item-object-page menu-item-2852\"><a href=\"https:\/\/staging.ordemdosfisioterapeutas.pt\/fr\/eleicoes\/\" class=\"elementor-item\">\u00c9lections au conseil de surveillance<\/a><\/li>\n<li class=\"menu-item menu-item-type-post_type menu-item-object-page menu-item-2863\"><a href=\"https:\/\/staging.ordemdosfisioterapeutas.pt\/fr\/eleicoes\/calendario-eleitoral\/\" class=\"elementor-item\">Calendrier \u00e9lectoral<\/a><\/li>\n<li class=\"menu-item menu-item-type-post_type menu-item-object-page menu-item-2864\"><a href=\"https:\/\/staging.ordemdosfisioterapeutas.pt\/fr\/eleicoes\/comissao-eleitoral\/\" class=\"elementor-item\">Commission \u00e9lectorale<\/a><\/li>\n<li class=\"menu-item menu-item-type-post_type menu-item-object-page menu-item-2862\"><a href=\"https:\/\/staging.ordemdosfisioterapeutas.pt\/fr\/eleicoes\/recenseamento\/\" class=\"elementor-item\">Recensement<\/a><\/li>\n<li class=\"menu-item menu-item-type-post_type menu-item-object-page menu-item-2861\"><a href=\"https:\/\/staging.ordemdosfisioterapeutas.pt\/fr\/eleicoes\/caderno-eleitoral\/\" class=\"elementor-item\">Liste \u00e9lectorale<\/a><\/li>\n<li class=\"menu-item menu-item-type-post_type menu-item-object-page menu-item-2860\"><a href=\"https:\/\/staging.ordemdosfisioterapeutas.pt\/fr\/eleicoes\/candidaturas\/\" class=\"elementor-item\">Applications<\/a><\/li>\n<li class=\"menu-item menu-item-type-post_type menu-item-object-page menu-item-2859\"><a href=\"https:\/\/staging.ordemdosfisioterapeutas.pt\/fr\/eleicoes\/listas-candidatas\/\" class=\"elementor-item\">Listes de candidats<\/a><\/li>\n<li class=\"menu-item menu-item-type-post_type menu-item-object-page menu-item-2858\"><a href=\"https:\/\/staging.ordemdosfisioterapeutas.pt\/fr\/eleicoes\/campanha-eleitoral\/\" class=\"elementor-item\">Campagne \u00e9lectorale<\/a><\/li>\n<li class=\"menu-item menu-item-type-post_type menu-item-object-page menu-item-2857\"><a href=\"https:\/\/staging.ordemdosfisioterapeutas.pt\/fr\/eleicoes\/ato-eleitoral\/\" class=\"elementor-item\">Loi \u00e9lectorale<\/a><\/li>\n<li class=\"menu-item menu-item-type-post_type menu-item-object-page menu-item-2856\"><a href=\"https:\/\/staging.ordemdosfisioterapeutas.pt\/fr\/eleicoes\/apuramento-dos-resultados\/\" class=\"elementor-item\">R\u00e9sultats provisoires<\/a><\/li>\n<li class=\"menu-item menu-item-type-post_type menu-item-object-page menu-item-2855\"><a href=\"https:\/\/staging.ordemdosfisioterapeutas.pt\/fr\/eleicoes\/resultados-oficiais\/\" class=\"elementor-item\">R\u00e9sultats officiels<\/a><\/li>\n<\/ul>\t\t\t<\/nav>\n\t\t\t\t\t<div class=\"elementor-menu-toggle\" role=\"button\" tabindex=\"0\" aria-label=\"Activer le menu\" aria-expanded=\"false\">\n\t\t\t<i aria-hidden=\"true\" role=\"presentation\" class=\"elementor-menu-toggle__icon--open eicon-menu-bar\"><\/i><i aria-hidden=\"true\" role=\"presentation\" class=\"elementor-menu-toggle__icon--close eicon-close\"><\/i>\t\t<\/div>\n\t\t\t\t\t<nav class=\"elementor-nav-menu--dropdown elementor-nav-menu__container\" aria-hidden=\"true\">\n\t\t\t\t<ul id=\"menu-2-3215651\" class=\"elementor-nav-menu sm-vertical\"><li class=\"menu-item menu-item-type-post_type menu-item-object-page menu-item-2852\"><a href=\"https:\/\/staging.ordemdosfisioterapeutas.pt\/fr\/eleicoes\/\" class=\"elementor-item\" tabindex=\"-1\">\u00c9lections au conseil de surveillance<\/a><\/li>\n<li class=\"menu-item menu-item-type-post_type menu-item-object-page menu-item-2863\"><a href=\"https:\/\/staging.ordemdosfisioterapeutas.pt\/fr\/eleicoes\/calendario-eleitoral\/\" class=\"elementor-item\" tabindex=\"-1\">Calendrier \u00e9lectoral<\/a><\/li>\n<li class=\"menu-item menu-item-type-post_type menu-item-object-page menu-item-2864\"><a href=\"https:\/\/staging.ordemdosfisioterapeutas.pt\/fr\/eleicoes\/comissao-eleitoral\/\" class=\"elementor-item\" tabindex=\"-1\">Commission \u00e9lectorale<\/a><\/li>\n<li class=\"menu-item menu-item-type-post_type menu-item-object-page menu-item-2862\"><a href=\"https:\/\/staging.ordemdosfisioterapeutas.pt\/fr\/eleicoes\/recenseamento\/\" class=\"elementor-item\" tabindex=\"-1\">Recensement<\/a><\/li>\n<li class=\"menu-item menu-item-type-post_type menu-item-object-page menu-item-2861\"><a href=\"https:\/\/staging.ordemdosfisioterapeutas.pt\/fr\/eleicoes\/caderno-eleitoral\/\" class=\"elementor-item\" tabindex=\"-1\">Liste \u00e9lectorale<\/a><\/li>\n<li class=\"menu-item menu-item-type-post_type menu-item-object-page menu-item-2860\"><a href=\"https:\/\/staging.ordemdosfisioterapeutas.pt\/fr\/eleicoes\/candidaturas\/\" class=\"elementor-item\" tabindex=\"-1\">Applications<\/a><\/li>\n<li class=\"menu-item menu-item-type-post_type menu-item-object-page menu-item-2859\"><a href=\"https:\/\/staging.ordemdosfisioterapeutas.pt\/fr\/eleicoes\/listas-candidatas\/\" class=\"elementor-item\" tabindex=\"-1\">Listes de candidats<\/a><\/li>\n<li class=\"menu-item menu-item-type-post_type menu-item-object-page menu-item-2858\"><a href=\"https:\/\/staging.ordemdosfisioterapeutas.pt\/fr\/eleicoes\/campanha-eleitoral\/\" class=\"elementor-item\" tabindex=\"-1\">Campagne \u00e9lectorale<\/a><\/li>\n<li class=\"menu-item menu-item-type-post_type menu-item-object-page menu-item-2857\"><a href=\"https:\/\/staging.ordemdosfisioterapeutas.pt\/fr\/eleicoes\/ato-eleitoral\/\" class=\"elementor-item\" tabindex=\"-1\">Loi \u00e9lectorale<\/a><\/li>\n<li class=\"menu-item menu-item-type-post_type menu-item-object-page menu-item-2856\"><a href=\"https:\/\/staging.ordemdosfisioterapeutas.pt\/fr\/eleicoes\/apuramento-dos-resultados\/\" class=\"elementor-item\" tabindex=\"-1\">R\u00e9sultats provisoires<\/a><\/li>\n<li class=\"menu-item menu-item-type-post_type menu-item-object-page menu-item-2855\"><a href=\"https:\/\/staging.ordemdosfisioterapeutas.pt\/fr\/eleicoes\/resultados-oficiais\/\" class=\"elementor-item\" tabindex=\"-1\">R\u00e9sultats officiels<\/a><\/li>\n<\/ul>\t\t\t<\/nav>\n\t\t\t\t\t\t<\/div>\n\t\t\t\t<\/div>\n\t\t\t\t\t<\/div>\n\t\t<\/div>\n\t\t\t\t\t<\/div>\n\t\t<\/section>\n\t\t\t\t\t<\/div>\n\t\t<\/div>\n\t\t\t\t<div class=\"elementor-column elementor-col-50 elementor-top-column elementor-element elementor-element-5470452\" data-id=\"5470452\" data-element_type=\"column\" data-e-type=\"column\">\n\t\t\t<div class=\"elementor-widget-wrap elementor-element-populated\">\n\t\t\t\t\t\t<div class=\"elementor-element elementor-element-be48da5 elementor-widget elementor-widget-text-editor\" data-id=\"be48da5\" data-element_type=\"widget\" data-e-type=\"widget\" data-widget_type=\"text-editor.default\">\n\t\t\t\t<div class=\"elementor-widget-container\">\n\t\t\t\t\t\t\t\t\t<p>La liste \u00e9lectorale sera publi\u00e9e le <b>16 octobre 2024<\/b>. Il contiendra tous les \u00e9lecteurs ayant le droit de voter aux \u00e9lections du conseil de surveillance. Si vous constatez des irr\u00e9gularit\u00e9s, vous pouvez introduire une r\u00e9clamation jusqu'au jour suivant <b>26 octobre 2024<\/b>.<\/p>\t\t\t\t\t\t\t\t<\/div>\n\t\t\t\t<\/div>\n\t\t\t\t\t<\/div>\n\t\t<\/div>\n\t\t\t\t\t<\/div>\n\t\t<\/section>\n\t\t\t\t<\/div>","protected":false},"excerpt":{"rendered":"<p>O caderno eleitoral ser\u00e1 publicado no dia 16 de outubro de 2024. Dele, constar\u00e3o todos os eleitores aptos a votar nas elei\u00e7\u00f5es do Conselho de Supervis\u00e3o. Caso identifique alguma irregularidade, poder\u00e1 apresentar reclama\u00e7\u00f5es at\u00e9 ao dia 26 de outubro de 2024.<\/p>","protected":false},"author":1,"featured_media":0,"parent":2495,"menu_order":4,"comment_status":"closed","ping_status":"closed","template":"","meta":{"footnotes":""},"class_list":["post-2834","page","type-page","status-publish"],"_links":{"self":[{"href":"https:\/\/staging.ordemdosfisioterapeutas.pt\/fr\/wp-json\/wp\/v2\/pages\/2834","targetHints":{"allow":["GET"]}}],"collection":[{"href":"https:\/\/staging.ordemdosfisioterapeutas.pt\/fr\/wp-json\/wp\/v2\/pages"}],"about":[{"href":"https:\/\/staging.ordemdosfisioterapeutas.pt\/fr\/wp-json\/wp\/v2\/types\/page"}],"author":[{"embeddable":true,"href":"https:\/\/staging.ordemdosfisioterapeutas.pt\/fr\/wp-json\/wp\/v2\/users\/1"}],"replies":[{"embeddable":true,"href":"https:\/\/staging.ordemdosfisioterapeutas.pt\/fr\/wp-json\/wp\/v2\/comments?post=2834"}],"version-history":[{"count":0,"href":"https:\/\/staging.ordemdosfisioterapeutas.pt\/fr\/wp-json\/wp\/v2\/pages\/2834\/revisions"}],"up":[{"embeddable":true,"href":"https:\/\/staging.ordemdosfisioterapeutas.pt\/fr\/wp-json\/wp\/v2\/pages\/2495"}],"wp:attachment":[{"href":"https:\/\/staging.ordemdosfisioterapeutas.pt\/fr\/wp-json\/wp\/v2\/media?parent=2834"}],"curies":[{"name":"wp","href":"https:\/\/api.w.org\/{rel}","templated":true}]}}

Liste électorale

<div data-elementor-type="wp-page" data-elementor-id="2834" class="elementor elementor-2834" data-elementor-post-type="page">
						<section class="elementor-section elementor-top-section elementor-element elementor-element-4d16b679 elementor-section-boxed elementor-section-height-default elementor-section-height-default" data-id="4d16b679" data-element_type="section" data-e-type="section">
						<div class="elementor-container elementor-column-gap-default">
					<div class="elementor-column elementor-col-50 elementor-top-column elementor-element elementor-element-60f8e0ca sticky-parent" data-id="60f8e0ca" data-element_type="column" data-e-type="column">
			<div class="elementor-widget-wrap elementor-element-populated">
						<section class="elementor-section elementor-inner-section elementor-element elementor-element-1e3f89c2 sticky-column elementor-section-boxed elementor-section-height-default elementor-section-height-default" data-id="1e3f89c2" data-element_type="section" data-e-type="section">
						<div class="elementor-container elementor-column-gap-default">
					<div class="elementor-column elementor-col-100 elementor-inner-column elementor-element elementor-element-2d82369" data-id="2d82369" data-element_type="column" data-e-type="column">
			<div class="elementor-widget-wrap elementor-element-populated">
						<div class="elementor-element elementor-element-3215651 elementor-nav-menu--dropdown-tablet elementor-nav-menu__text-align-aside elementor-nav-menu--toggle elementor-nav-menu--burger elementor-widget elementor-widget-global elementor-global-2875 elementor-widget-nav-menu" data-id="3215651" data-element_type="widget" data-e-type="widget" data-settings="{&quot;layout&quot;:&quot;vertical&quot;,&quot;submenu_icon&quot;:{&quot;value&quot;:&quot;fas fa-caret-down&quot;,&quot;library&quot;:&quot;fa-solid&quot;},&quot;toggle&quot;:&quot;burger&quot;}" data-widget_type="nav-menu.default">
				<div class="elementor-widget-container">
								<nav aria-label="Menu" class="elementor-nav-menu--main elementor-nav-menu__container elementor-nav-menu--layout-vertical e--pointer-underline e--animation-fade">
				<ul id="menu-1-3215651" class="elementor-nav-menu sm-vertical"><li class="menu-item menu-item-type-post_type menu-item-object-page menu-item-2852"><a href="https://staging.ordemdosfisioterapeutas.pt/fr/eleicoes/" class="elementor-item">Élections au conseil de surveillance</a></li>
<li class="menu-item menu-item-type-post_type menu-item-object-page menu-item-2863"><a href="https://staging.ordemdosfisioterapeutas.pt/fr/eleicoes/calendario-eleitoral/" class="elementor-item">Calendrier électoral</a></li>
<li class="menu-item menu-item-type-post_type menu-item-object-page menu-item-2864"><a href="https://staging.ordemdosfisioterapeutas.pt/fr/eleicoes/comissao-eleitoral/" class="elementor-item">Commission électorale</a></li>
<li class="menu-item menu-item-type-post_type menu-item-object-page menu-item-2862"><a href="https://staging.ordemdosfisioterapeutas.pt/fr/eleicoes/recenseamento/" class="elementor-item">Recensement</a></li>
<li class="menu-item menu-item-type-post_type menu-item-object-page menu-item-2861"><a href="https://staging.ordemdosfisioterapeutas.pt/fr/eleicoes/caderno-eleitoral/" class="elementor-item">Liste électorale</a></li>
<li class="menu-item menu-item-type-post_type menu-item-object-page menu-item-2860"><a href="https://staging.ordemdosfisioterapeutas.pt/fr/eleicoes/candidaturas/" class="elementor-item">Applications</a></li>
<li class="menu-item menu-item-type-post_type menu-item-object-page menu-item-2859"><a href="https://staging.ordemdosfisioterapeutas.pt/fr/eleicoes/listas-candidatas/" class="elementor-item">Listes de candidats</a></li>
<li class="menu-item menu-item-type-post_type menu-item-object-page menu-item-2858"><a href="https://staging.ordemdosfisioterapeutas.pt/fr/eleicoes/campanha-eleitoral/" class="elementor-item">Campagne électorale</a></li>
<li class="menu-item menu-item-type-post_type menu-item-object-page menu-item-2857"><a href="https://staging.ordemdosfisioterapeutas.pt/fr/eleicoes/ato-eleitoral/" class="elementor-item">Loi électorale</a></li>
<li class="menu-item menu-item-type-post_type menu-item-object-page menu-item-2856"><a href="https://staging.ordemdosfisioterapeutas.pt/fr/eleicoes/apuramento-dos-resultados/" class="elementor-item">Résultats provisoires</a></li>
<li class="menu-item menu-item-type-post_type menu-item-object-page menu-item-2855"><a href="https://staging.ordemdosfisioterapeutas.pt/fr/eleicoes/resultados-oficiais/" class="elementor-item">Résultats officiels</a></li>
</ul>			</nav>
					<div class="elementor-menu-toggle" role="button" tabindex="0" aria-label="Activer le menu" aria-expanded="false">
			<i aria-hidden="true" role="presentation" class="elementor-menu-toggle__icon--open eicon-menu-bar"></i><i aria-hidden="true" role="presentation" class="elementor-menu-toggle__icon--close eicon-close"></i>		</div>
					<nav class="elementor-nav-menu--dropdown elementor-nav-menu__container" aria-hidden="true">
				<ul id="menu-2-3215651" class="elementor-nav-menu sm-vertical"><li class="menu-item menu-item-type-post_type menu-item-object-page menu-item-2852"><a href="https://staging.ordemdosfisioterapeutas.pt/fr/eleicoes/" class="elementor-item" tabindex="-1">Élections au conseil de surveillance</a></li>
<li class="menu-item menu-item-type-post_type menu-item-object-page menu-item-2863"><a href="https://staging.ordemdosfisioterapeutas.pt/fr/eleicoes/calendario-eleitoral/" class="elementor-item" tabindex="-1">Calendrier électoral</a></li>
<li class="menu-item menu-item-type-post_type menu-item-object-page menu-item-2864"><a href="https://staging.ordemdosfisioterapeutas.pt/fr/eleicoes/comissao-eleitoral/" class="elementor-item" tabindex="-1">Commission électorale</a></li>
<li class="menu-item menu-item-type-post_type menu-item-object-page menu-item-2862"><a href="https://staging.ordemdosfisioterapeutas.pt/fr/eleicoes/recenseamento/" class="elementor-item" tabindex="-1">Recensement</a></li>
<li class="menu-item menu-item-type-post_type menu-item-object-page menu-item-2861"><a href="https://staging.ordemdosfisioterapeutas.pt/fr/eleicoes/caderno-eleitoral/" class="elementor-item" tabindex="-1">Liste électorale</a></li>
<li class="menu-item menu-item-type-post_type menu-item-object-page menu-item-2860"><a href="https://staging.ordemdosfisioterapeutas.pt/fr/eleicoes/candidaturas/" class="elementor-item" tabindex="-1">Applications</a></li>
<li class="menu-item menu-item-type-post_type menu-item-object-page menu-item-2859"><a href="https://staging.ordemdosfisioterapeutas.pt/fr/eleicoes/listas-candidatas/" class="elementor-item" tabindex="-1">Listes de candidats</a></li>
<li class="menu-item menu-item-type-post_type menu-item-object-page menu-item-2858"><a href="https://staging.ordemdosfisioterapeutas.pt/fr/eleicoes/campanha-eleitoral/" class="elementor-item" tabindex="-1">Campagne électorale</a></li>
<li class="menu-item menu-item-type-post_type menu-item-object-page menu-item-2857"><a href="https://staging.ordemdosfisioterapeutas.pt/fr/eleicoes/ato-eleitoral/" class="elementor-item" tabindex="-1">Loi électorale</a></li>
<li class="menu-item menu-item-type-post_type menu-item-object-page menu-item-2856"><a href="https://staging.ordemdosfisioterapeutas.pt/fr/eleicoes/apuramento-dos-resultados/" class="elementor-item" tabindex="-1">Résultats provisoires</a></li>
<li class="menu-item menu-item-type-post_type menu-item-object-page menu-item-2855"><a href="https://staging.ordemdosfisioterapeutas.pt/fr/eleicoes/resultados-oficiais/" class="elementor-item" tabindex="-1">Résultats officiels</a></li>
</ul>			</nav>
						</div>
				</div>
					</div>
		</div>
					</div>
		</section>
					</div>
		</div>
				<div class="elementor-column elementor-col-50 elementor-top-column elementor-element elementor-element-5470452" data-id="5470452" data-element_type="column" data-e-type="column">
			<div class="elementor-widget-wrap elementor-element-populated">
						<div class="elementor-element elementor-element-be48da5 elementor-widget elementor-widget-text-editor" data-id="be48da5" data-element_type="widget" data-e-type="widget" data-widget_type="text-editor.default">
				<div class="elementor-widget-container">
									<p>La liste électorale sera publiée le <b>16 octobre 2024</b>. Il contiendra tous les électeurs ayant le droit de voter aux élections du conseil de surveillance. Si vous constatez des irrégularités, vous pouvez introduire une réclamation jusqu'au jour suivant <b>26 octobre 2024</b>.</p>								</div>
				</div>
					</div>
		</div>
					</div>
		</section>
				</div>

<p>O caderno eleitoral será publicado no dia 16 de outubro de 2024. Dele, constarão todos os eleitores aptos a votar nas eleições do Conselho de Supervisão. Caso identifique alguma irregularidade, poderá apresentar reclamações até ao dia 26 de outubro de 2024.</p>
