{"id":5074,"date":"2022-09-15T22:38:42","date_gmt":"2022-09-15T21:38:42","guid":{"rendered":"https:\/\/staging.ordemdosfisioterapeutas.pt\/?page_id=5074"},"modified":"2022-09-15T22:39:38","modified_gmt":"2022-09-15T21:39:38","slug":"plano-de-atividades-e-orcamento","status":"publish","type":"page","link":"https:\/\/staging.ordemdosfisioterapeutas.pt\/fr\/plano-de-atividades-e-orcamento\/","title":{"rendered":"Plan d'activit\u00e9 et budget"},"content":{"rendered":"<div data-elementor-type=\"wp-page\" data-elementor-id=\"5074\" class=\"elementor elementor-5074\" data-elementor-post-type=\"page\">\n\t\t\t\t\t\t<section class=\"elementor-section elementor-top-section elementor-element elementor-element-2002451 elementor-section-boxed elementor-section-height-default elementor-section-height-default\" data-id=\"2002451\" data-element_type=\"section\" data-e-type=\"section\">\n\t\t\t\t\t\t<div class=\"elementor-container elementor-column-gap-default\">\n\t\t\t\t\t<div class=\"elementor-column elementor-col-100 elementor-top-column elementor-element elementor-element-60817c2\" data-id=\"60817c2\" data-element_type=\"column\" data-e-type=\"column\">\n\t\t\t<div class=\"elementor-widget-wrap elementor-element-populated\">\n\t\t\t\t\t\t<div class=\"elementor-element elementor-element-19a0bba elementor-widget elementor-widget-text-editor\" data-id=\"19a0bba\" data-element_type=\"widget\" data-e-type=\"widget\" data-widget_type=\"text-editor.default\">\n\t\t\t\t<div class=\"elementor-widget-container\">\n\t\t\t\t\t\t\t\t\t<p>Le plan d'activit\u00e9s et le budget sont propos\u00e9s annuellement par le Conseil d'administration et approuv\u00e9s par le Conseil g\u00e9n\u00e9ral de l'Ordre des physioth\u00e9rapeutes. Vous pouvez consulter les documents respectifs dans votre espace r\u00e9serv\u00e9.<\/p>\t\t\t\t\t\t\t\t<\/div>\n\t\t\t\t<\/div>\n\t\t\t\t<div class=\"elementor-element elementor-element-e052585 elementor-align-left elementor-mobile-align-center elementor-widget elementor-widget-button\" data-id=\"e052585\" data-element_type=\"widget\" data-e-type=\"widget\" data-widget_type=\"button.default\">\n\t\t\t\t<div class=\"elementor-widget-container\">\n\t\t\t\t\t\t\t\t\t<div class=\"elementor-button-wrapper\">\n\t\t\t\t\t<a class=\"elementor-button elementor-button-link elementor-size-xs\" href=\"https:\/\/portal.ordemdosfisioterapeutas.pt\/\">\n\t\t\t\t\t\t<span class=\"elementor-button-content-wrapper\">\n\t\t\t\t\t\t<span class=\"elementor-button-icon\">\n\t\t\t\t<i aria-hidden=\"true\" class=\"fas fa-arrow-circle-right\"><\/i>\t\t\t<\/span>\n\t\t\t\t\t\t\t\t\t<span class=\"elementor-button-text\">Zone r\u00e9serv\u00e9e<\/span>\n\t\t\t\t\t<\/span>\n\t\t\t\t\t<\/a>\n\t\t\t\t<\/div>\n\t\t\t\t\t\t\t\t<\/div>\n\t\t\t\t<\/div>\n\t\t\t\t\t<\/div>\n\t\t<\/div>\n\t\t\t\t\t<\/div>\n\t\t<\/section>\n\t\t\t\t<\/div>","protected":false},"excerpt":{"rendered":"<p>Le plan d'activit\u00e9s et le budget sont propos\u00e9s annuellement par le Conseil d'administration et approuv\u00e9s par le Conseil g\u00e9n\u00e9ral de l'Ordre des kin\u00e9sith\u00e9rapeutes. Vous pouvez consulter les documents respectifs dans votre espace r\u00e9serv\u00e9. Espace r\u00e9serv\u00e9<\/p>","protected":false},"author":1,"featured_media":0,"parent":0,"menu_order":0,"comment_status":"closed","ping_status":"closed","template":"","meta":{"footnotes":""},"class_list":["post-5074","page","type-page","status-publish"],"_links":{"self":[{"href":"https:\/\/staging.ordemdosfisioterapeutas.pt\/fr\/wp-json\/wp\/v2\/pages\/5074","targetHints":{"allow":["GET"]}}],"collection":[{"href":"https:\/\/staging.ordemdosfisioterapeutas.pt\/fr\/wp-json\/wp\/v2\/pages"}],"about":[{"href":"https:\/\/staging.ordemdosfisioterapeutas.pt\/fr\/wp-json\/wp\/v2\/types\/page"}],"author":[{"embeddable":true,"href":"https:\/\/staging.ordemdosfisioterapeutas.pt\/fr\/wp-json\/wp\/v2\/users\/1"}],"replies":[{"embeddable":true,"href":"https:\/\/staging.ordemdosfisioterapeutas.pt\/fr\/wp-json\/wp\/v2\/comments?post=5074"}],"version-history":[{"count":0,"href":"https:\/\/staging.ordemdosfisioterapeutas.pt\/fr\/wp-json\/wp\/v2\/pages\/5074\/revisions"}],"wp:attachment":[{"href":"https:\/\/staging.ordemdosfisioterapeutas.pt\/fr\/wp-json\/wp\/v2\/media?parent=5074"}],"curies":[{"name":"wp","href":"https:\/\/api.w.org\/{rel}","templated":true}]}}

Plan d'activité et budget

<div data-elementor-type="wp-page" data-elementor-id="5074" class="elementor elementor-5074" data-elementor-post-type="page">
						<section class="elementor-section elementor-top-section elementor-element elementor-element-2002451 elementor-section-boxed elementor-section-height-default elementor-section-height-default" data-id="2002451" data-element_type="section" data-e-type="section">
						<div class="elementor-container elementor-column-gap-default">
					<div class="elementor-column elementor-col-100 elementor-top-column elementor-element elementor-element-60817c2" data-id="60817c2" data-element_type="column" data-e-type="column">
			<div class="elementor-widget-wrap elementor-element-populated">
						<div class="elementor-element elementor-element-19a0bba elementor-widget elementor-widget-text-editor" data-id="19a0bba" data-element_type="widget" data-e-type="widget" data-widget_type="text-editor.default">
				<div class="elementor-widget-container">
									<p>Le plan d'activités et le budget sont proposés annuellement par le Conseil d'administration et approuvés par le Conseil général de l'Ordre des physiothérapeutes. Vous pouvez consulter les documents respectifs dans votre espace réservé.</p>								</div>
				</div>
				<div class="elementor-element elementor-element-e052585 elementor-align-left elementor-mobile-align-center elementor-widget elementor-widget-button" data-id="e052585" data-element_type="widget" data-e-type="widget" data-widget_type="button.default">
				<div class="elementor-widget-container">
									<div class="elementor-button-wrapper">
					<a class="elementor-button elementor-button-link elementor-size-xs" href="https://portal.ordemdosfisioterapeutas.pt/">
						<span class="elementor-button-content-wrapper">
						<span class="elementor-button-icon">
				<i aria-hidden="true" class="fas fa-arrow-circle-right"></i>			</span>
									<span class="elementor-button-text">Zone réservée</span>
					</span>
					</a>
				</div>
								</div>
				</div>
					</div>
		</div>
					</div>
		</section>
				</div>

<p>Le plan d'activités et le budget sont proposés annuellement par le Conseil d'administration et approuvés par le Conseil général de l'Ordre des kinésithérapeutes. Vous pouvez consulter les documents respectifs dans votre espace réservé. Espace réservé</p>
