{"id":7151,"date":"2024-08-18T19:21:28","date_gmt":"2024-08-18T18:21:28","guid":{"rendered":"https:\/\/staging.ordemdosfisioterapeutas.pt\/?page_id=7151"},"modified":"2024-08-18T19:23:34","modified_gmt":"2024-08-18T18:23:34","slug":"representacao-nacional","status":"publish","type":"page","link":"https:\/\/staging.ordemdosfisioterapeutas.pt\/fr\/representacao-nacional\/","title":{"rendered":"Repr\u00e9sentation nationale"},"content":{"rendered":"<div data-elementor-type=\"wp-page\" data-elementor-id=\"7151\" class=\"elementor elementor-7151\" data-elementor-post-type=\"page\">\n\t\t\t\t<div class=\"elementor-element elementor-element-c0d1944 e-flex e-con-boxed e-con e-parent\" data-id=\"c0d1944\" data-element_type=\"container\" data-e-type=\"container\">\n\t\t\t\t\t<div class=\"e-con-inner\">\n\t\t\t\t<div class=\"elementor-element elementor-element-42c3ceb elementor-widget elementor-widget-text-editor\" data-id=\"42c3ceb\" data-element_type=\"widget\" data-e-type=\"widget\" data-widget_type=\"text-editor.default\">\n\t\t\t\t<div class=\"elementor-widget-container\">\n\t\t\t\t\t\t\t\t\t<p>L'Ordre des physioth\u00e9rapeutes joue un r\u00f4le actif dans diverses organisations nationales, renfor\u00e7ant ainsi la pr\u00e9sence et l'influence de la physioth\u00e9rapie au Portugal. Ces repr\u00e9sentations permettent \u00e0 l'Ordre de collaborer et de contribuer au d\u00e9veloppement des politiques publiques et des normes de sant\u00e9 dans le pays, en veillant \u00e0 ce que la voix des physioth\u00e9rapeutes soit entendue dans les forums les plus divers. L'Ordre est membre des organisations nationales suivantes :<\/p><ul><li><a href=\"https:\/\/cnop.pt\/\" target=\"_blank\" rel=\"noopener\"><span style=\"text-decoration: underline;\">Conseil national des organismes professionnels<\/span><\/a><span style=\"text-decoration: underline;\"> (CNOP)<\/span><\/li><li><span style=\"text-decoration: underline;\"><a href=\"https:\/\/www.cns.min-saude.pt\/\" target=\"_blank\" rel=\"noopener\">Conseil national de la sant\u00e9<\/a> (CNS)<\/span><\/li><li><span style=\"text-decoration: underline;\"><a href=\"https:\/\/www.ipq.pt\/\" target=\"_blank\" rel=\"noopener\">Institut portugais de la qualit\u00e9<\/a> (IPQ)<\/span><\/li><li><span style=\"text-decoration: underline;\"><a href=\"https:\/\/pactoparaoclima.portodigital.pt\/?p=9046\" target=\"_blank\" rel=\"noopener\">Conseil portugais pour la sant\u00e9 et l'environnement<\/a> (CPSA)<\/span><\/li><\/ul>\t\t\t\t\t\t\t\t<\/div>\n\t\t\t\t<\/div>\n\t\t\t\t\t<\/div>\n\t\t\t\t<\/div>\n\t\t\t\t<\/div>","protected":false},"excerpt":{"rendered":"<p>L'Ordre des physioth\u00e9rapeutes joue un r\u00f4le actif dans diverses organisations nationales, renfor\u00e7ant ainsi la pr\u00e9sence et l'influence de la physioth\u00e9rapie au Portugal. Ces repr\u00e9sentations permettent \u00e0 l'Ordre de collaborer et de contribuer au d\u00e9veloppement des politiques publiques et des normes de sant\u00e9 dans le pays, en veillant \u00e0 ce que la voix des physioth\u00e9rapeutes soit entendue dans les forums les plus divers. A ... <a title=\"Repr\u00e9sentation nationale\" class=\"read-more\" href=\"https:\/\/staging.ordemdosfisioterapeutas.pt\/fr\/representacao-nacional\/\" aria-label=\"En savoir plus sur Repr\u00e9sentation nationale\">En savoir plus<\/a><\/p>","protected":false},"author":1,"featured_media":0,"parent":0,"menu_order":0,"comment_status":"closed","ping_status":"closed","template":"","meta":{"footnotes":""},"class_list":["post-7151","page","type-page","status-publish"],"_links":{"self":[{"href":"https:\/\/staging.ordemdosfisioterapeutas.pt\/fr\/wp-json\/wp\/v2\/pages\/7151","targetHints":{"allow":["GET"]}}],"collection":[{"href":"https:\/\/staging.ordemdosfisioterapeutas.pt\/fr\/wp-json\/wp\/v2\/pages"}],"about":[{"href":"https:\/\/staging.ordemdosfisioterapeutas.pt\/fr\/wp-json\/wp\/v2\/types\/page"}],"author":[{"embeddable":true,"href":"https:\/\/staging.ordemdosfisioterapeutas.pt\/fr\/wp-json\/wp\/v2\/users\/1"}],"replies":[{"embeddable":true,"href":"https:\/\/staging.ordemdosfisioterapeutas.pt\/fr\/wp-json\/wp\/v2\/comments?post=7151"}],"version-history":[{"count":0,"href":"https:\/\/staging.ordemdosfisioterapeutas.pt\/fr\/wp-json\/wp\/v2\/pages\/7151\/revisions"}],"wp:attachment":[{"href":"https:\/\/staging.ordemdosfisioterapeutas.pt\/fr\/wp-json\/wp\/v2\/media?parent=7151"}],"curies":[{"name":"wp","href":"https:\/\/api.w.org\/{rel}","templated":true}]}}

Représentation nationale

<div data-elementor-type="wp-page" data-elementor-id="7151" class="elementor elementor-7151" data-elementor-post-type="page">
				<div class="elementor-element elementor-element-c0d1944 e-flex e-con-boxed e-con e-parent" data-id="c0d1944" data-element_type="container" data-e-type="container">
					<div class="e-con-inner">
				<div class="elementor-element elementor-element-42c3ceb elementor-widget elementor-widget-text-editor" data-id="42c3ceb" data-element_type="widget" data-e-type="widget" data-widget_type="text-editor.default">
				<div class="elementor-widget-container">
									<p>L'Ordre des physiothérapeutes joue un rôle actif dans diverses organisations nationales, renforçant ainsi la présence et l'influence de la physiothérapie au Portugal. Ces représentations permettent à l'Ordre de collaborer et de contribuer au développement des politiques publiques et des normes de santé dans le pays, en veillant à ce que la voix des physiothérapeutes soit entendue dans les forums les plus divers. L'Ordre est membre des organisations nationales suivantes :</p><ul><li><a href="https://cnop.pt/" target="_blank" rel="noopener"><span style="text-decoration: underline;">Conseil national des organismes professionnels</span></a><span style="text-decoration: underline;"> (CNOP)</span></li><li><span style="text-decoration: underline;"><a href="https://www.cns.min-saude.pt/" target="_blank" rel="noopener">Conseil national de la santé</a> (CNS)</span></li><li><span style="text-decoration: underline;"><a href="https://www.ipq.pt/" target="_blank" rel="noopener">Institut portugais de la qualité</a> (IPQ)</span></li><li><span style="text-decoration: underline;"><a href="https://pactoparaoclima.portodigital.pt/?p=9046" target="_blank" rel="noopener">Conseil portugais pour la santé et l'environnement</a> (CPSA)</span></li></ul>								</div>
				</div>
					</div>
				</div>
				</div>

<p>L'Ordre des physiothérapeutes joue un rôle actif dans diverses organisations nationales, renforçant ainsi la présence et l'influence de la physiothérapie au Portugal. Ces représentations permettent à l'Ordre de collaborer et de contribuer au développement des politiques publiques et des normes de santé dans le pays, en veillant à ce que la voix des physiothérapeutes soit entendue dans les forums les plus divers. A ... <a title="Représentation nationale" class="read-more" href="https://staging.ordemdosfisioterapeutas.pt/fr/representacao-nacional/" aria-label="En savoir plus sur Représentation nationale">En savoir plus</a></p>
