{"id":7620,"date":"2025-03-23T16:11:41","date_gmt":"2025-03-23T16:11:41","guid":{"rendered":"https:\/\/staging.ordemdosfisioterapeutas.pt\/?page_id=7620"},"modified":"2025-04-29T19:52:35","modified_gmt":"2025-04-29T18:52:35","slug":"portal-da-bolsa-de-ofertas-de-trabalho","status":"publish","type":"page","link":"https:\/\/staging.ordemdosfisioterapeutas.pt\/fr\/portal-da-bolsa-de-ofertas-de-trabalho\/","title":{"rendered":"Portail de la bourse du travail"},"content":{"rendered":"<div data-elementor-type=\"wp-page\" data-elementor-id=\"7620\" class=\"elementor elementor-7620\" data-elementor-post-type=\"page\">\n\t\t\t\t<div class=\"elementor-element elementor-element-f1c42e4 e-flex e-con-boxed e-con e-parent\" data-id=\"f1c42e4\" data-element_type=\"container\" data-e-type=\"container\">\n\t\t\t\t\t<div class=\"e-con-inner\">\n\t\t\t\t<div class=\"elementor-element elementor-element-f2e0109 elementor-widget elementor-widget-image\" data-id=\"f2e0109\" data-element_type=\"widget\" data-e-type=\"widget\" data-widget_type=\"image.default\">\n\t\t\t\t<div class=\"elementor-widget-container\">\n\t\t\t\t\t\t\t\t\t\t\t\t\t\t\t<img fetchpriority=\"high\" decoding=\"async\" width=\"768\" height=\"476\" src=\"https:\/\/staging.ordemdosfisioterapeutas.pt\/wp-content\/uploads\/2025\/04\/bolsa-de-emprego_hor-768x476.jpg\" class=\"attachment-medium_large size-medium_large wp-image-7729\" alt=\"\" srcset=\"https:\/\/staging.ordemdosfisioterapeutas.pt\/wp-content\/uploads\/2025\/04\/bolsa-de-emprego_hor-768x476.jpg 768w, https:\/\/staging.ordemdosfisioterapeutas.pt\/wp-content\/uploads\/2025\/04\/bolsa-de-emprego_hor-300x186.jpg 300w, https:\/\/staging.ordemdosfisioterapeutas.pt\/wp-content\/uploads\/2025\/04\/bolsa-de-emprego_hor-1024x634.jpg 1024w, https:\/\/staging.ordemdosfisioterapeutas.pt\/wp-content\/uploads\/2025\/04\/bolsa-de-emprego_hor-18x12.jpg 18w, https:\/\/staging.ordemdosfisioterapeutas.pt\/wp-content\/uploads\/2025\/04\/bolsa-de-emprego_hor.jpg 1279w\" sizes=\"(max-width: 768px) 100vw, 768px\" \/>\t\t\t\t\t\t\t\t\t\t\t\t\t\t\t<\/div>\n\t\t\t\t<\/div>\n\t\t\t\t<div class=\"elementor-element elementor-element-1c41fa5 elementor-widget elementor-widget-text-editor\" data-id=\"1c41fa5\" data-element_type=\"widget\" data-e-type=\"widget\" data-widget_type=\"text-editor.default\">\n\t\t\t\t<div class=\"elementor-widget-container\">\n\t\t\t\t\t\t\t\t\t<p>Le portail des offres d'emploi est un espace permettant \u00e0 tous les membres de l'Ordre de partager des offres d'emploi afin d'offrir davantage d'opportunit\u00e9s aux kin\u00e9sith\u00e9rapeutes.  Pour acc\u00e9der aux offres d'emploi, vous devez vous connecter \u00e0 votre espace r\u00e9serv\u00e9.<\/p><p>Les entreprises qui souhaitent publier des offres d'emploi doivent s'inscrire sur le portail de la bourse des emplois et publier leurs offres en suivant le guide \u00e9tape par \u00e9tape ci-dessous.<\/p>\t\t\t\t\t\t\t\t<\/div>\n\t\t\t\t<\/div>\n\t\t\t\t\t<\/div>\n\t\t\t\t<\/div>\n\t\t<div class=\"elementor-element elementor-element-d217e2e e-grid e-con-boxed e-con e-parent\" data-id=\"d217e2e\" data-element_type=\"container\" data-e-type=\"container\">\n\t\t\t\t\t<div class=\"e-con-inner\">\n\t\t<div class=\"elementor-element elementor-element-4b3a980 e-con-full e-flex e-con e-child\" data-id=\"4b3a980\" data-element_type=\"container\" data-e-type=\"container\">\n\t\t\t\t<div class=\"elementor-element elementor-element-0b04895 elementor-widget elementor-widget-text-editor\" data-id=\"0b04895\" data-element_type=\"widget\" data-e-type=\"widget\" data-widget_type=\"text-editor.default\">\n\t\t\t\t<div class=\"elementor-widget-container\">\n\t\t\t\t\t\t\t\t\t<p><a href=\"https:\/\/staging.ordemdosfisioterapeutas.pt\/wp-content\/uploads\/2025\/04\/BOT_GUIA_PASSO-A-PASSO_empresa_compressed.pdf\" target=\"_blank\" rel=\"noopener\"><span style=\"text-decoration: underline;\">Guide \u00e9tape par \u00e9tape<\/span><\/a><\/p>\t\t\t\t\t\t\t\t<\/div>\n\t\t\t\t<\/div>\n\t\t\t\t<div class=\"elementor-element elementor-element-01808fb elementor-widget elementor-widget-button\" data-id=\"01808fb\" data-element_type=\"widget\" data-e-type=\"widget\" data-widget_type=\"button.default\">\n\t\t\t\t<div class=\"elementor-widget-container\">\n\t\t\t\t\t\t\t\t\t<div class=\"elementor-button-wrapper\">\n\t\t\t\t\t<a class=\"elementor-button elementor-button-link elementor-size-sm\" href=\"https:\/\/portalbolsadeemprego.ordemdosfisioterapeutas.pt\/index.aspx\" target=\"_blank\">\n\t\t\t\t\t\t<span class=\"elementor-button-content-wrapper\">\n\t\t\t\t\t\t\t\t\t<span class=\"elementor-button-text\">Acc\u00e8s aux entreprises <\/span>\n\t\t\t\t\t<\/span>\n\t\t\t\t\t<\/a>\n\t\t\t\t<\/div>\n\t\t\t\t\t\t\t\t<\/div>\n\t\t\t\t<\/div>\n\t\t\t\t<div class=\"elementor-element elementor-element-1e44237 elementor-widget elementor-widget-text-editor\" data-id=\"1e44237\" data-element_type=\"widget\" data-e-type=\"widget\" data-widget_type=\"text-editor.default\">\n\t\t\t\t<div class=\"elementor-widget-container\">\n\t\t\t\t\t\t\t\t\t<p>Pas d'acc\u00e8s ? Contactez nous <a href=\"https:\/\/portalbolsadeemprego.ordemdosfisioterapeutas.pt\/Login\/new-register.aspx\" target=\"_blank\" rel=\"noopener\"><span style=\"text-decoration: underline;\">registre<\/span><\/a> ici.<\/p>\t\t\t\t\t\t\t\t<\/div>\n\t\t\t\t<\/div>\n\t\t\t\t<\/div>\n\t\t<div class=\"elementor-element elementor-element-e46679f e-con-full e-flex e-con e-child\" data-id=\"e46679f\" data-element_type=\"container\" data-e-type=\"container\">\n\t\t\t\t<div class=\"elementor-element elementor-element-ae35979 elementor-widget elementor-widget-text-editor\" data-id=\"ae35979\" data-element_type=\"widget\" data-e-type=\"widget\" data-widget_type=\"text-editor.default\">\n\t\t\t\t<div class=\"elementor-widget-container\">\n\t\t\t\t\t\t\t\t\t<p><a href=\"https:\/\/staging.ordemdosfisioterapeutas.pt\/wp-content\/uploads\/2025\/04\/BOT_GUIA_PASSO-A-PASSO_fisioterapeuta_compressed.pdf\" target=\"_blank\" rel=\"noopener\"><span style=\"text-decoration: underline;\">Guide \u00e9tape par \u00e9tape<\/span><\/a><\/p>\t\t\t\t\t\t\t\t<\/div>\n\t\t\t\t<\/div>\n\t\t\t\t<div class=\"elementor-element elementor-element-17af472 elementor-align-center elementor-widget elementor-widget-button\" data-id=\"17af472\" data-element_type=\"widget\" data-e-type=\"widget\" data-widget_type=\"button.default\">\n\t\t\t\t<div class=\"elementor-widget-container\">\n\t\t\t\t\t\t\t\t\t<div class=\"elementor-button-wrapper\">\n\t\t\t\t\t<a class=\"elementor-button elementor-button-link elementor-size-sm\" href=\"https:\/\/portal.ordemdosfisioterapeutas.pt\/of-auth\/?app_ref=e985d1b30a025a19af003c638a7f64a2&#038;redirect=portal-emprego\" target=\"_blank\">\n\t\t\t\t\t\t<span class=\"elementor-button-content-wrapper\">\n\t\t\t\t\t\t\t\t\t<span class=\"elementor-button-text\">Acc\u00e8s aux membres de l'Ordre <\/span>\n\t\t\t\t\t<\/span>\n\t\t\t\t\t<\/a>\n\t\t\t\t<\/div>\n\t\t\t\t\t\t\t\t<\/div>\n\t\t\t\t<\/div>\n\t\t\t\t<\/div>\n\t\t\t\t\t<\/div>\n\t\t\t\t<\/div>\n\t\t<div class=\"elementor-element elementor-element-62a2d78 e-flex e-con-boxed e-con e-parent\" data-id=\"62a2d78\" data-element_type=\"container\" data-e-type=\"container\">\n\t\t\t\t\t<div class=\"e-con-inner\">\n\t\t\t\t<div class=\"elementor-element elementor-element-600289e elementor-widget elementor-widget-text-editor\" data-id=\"600289e\" data-element_type=\"widget\" data-e-type=\"widget\" data-widget_type=\"text-editor.default\">\n\t\t\t\t<div class=\"elementor-widget-container\">\n\t\t\t\t\t\t\t\t\t<p><strong>Remarque :<\/strong> L'Ordre des kin\u00e9sith\u00e9rapeutes n'intervient pas dans le processus de recrutement annonc\u00e9 et ne le contr\u00f4le pas, pas plus qu'il ne certifie ou ne garantit la qualit\u00e9 des propositions soumises. L'analyse individuelle de chaque offre d'emploi rel\u00e8ve de la seule responsabilit\u00e9 des membres qui y postulent, sans pr\u00e9judice du fait que l'Ordre se r\u00e9serve le droit d'informer qu'il n'a pas publi\u00e9 telle ou telle offre d'emploi s'il estime qu'elle n'est pas digne de la profession, qu'elle viole ses principes et ses valeurs et\/ou qu'elle est contraire \u00e0 la loi.<\/p>\t\t\t\t\t\t\t\t<\/div>\n\t\t\t\t<\/div>\n\t\t\t\t\t<\/div>\n\t\t\t\t<\/div>\n\t\t\t\t<\/div>","protected":false},"excerpt":{"rendered":"<p>Le portail d'offres d'emploi est un espace permettant \u00e0 tous les membres de l'Ordre de partager des offres d'emploi afin de multiplier les opportunit\u00e9s pour les kin\u00e9sith\u00e9rapeutes.  Pour acc\u00e9der aux offres d'emploi, vous devez entrer dans votre espace r\u00e9serv\u00e9. Les entreprises qui souhaitent diffuser leurs offres d'emploi doivent ... <a title=\"Portail de la bourse du travail\" class=\"read-more\" href=\"https:\/\/staging.ordemdosfisioterapeutas.pt\/fr\/portal-da-bolsa-de-ofertas-de-trabalho\/\" aria-label=\"En savoir plus sur Portail de la bourse du travail\">En savoir plus<\/a><\/p>","protected":false},"author":1,"featured_media":0,"parent":0,"menu_order":0,"comment_status":"closed","ping_status":"closed","template":"","meta":{"footnotes":""},"class_list":["post-7620","page","type-page","status-publish"],"_links":{"self":[{"href":"https:\/\/staging.ordemdosfisioterapeutas.pt\/fr\/wp-json\/wp\/v2\/pages\/7620","targetHints":{"allow":["GET"]}}],"collection":[{"href":"https:\/\/staging.ordemdosfisioterapeutas.pt\/fr\/wp-json\/wp\/v2\/pages"}],"about":[{"href":"https:\/\/staging.ordemdosfisioterapeutas.pt\/fr\/wp-json\/wp\/v2\/types\/page"}],"author":[{"embeddable":true,"href":"https:\/\/staging.ordemdosfisioterapeutas.pt\/fr\/wp-json\/wp\/v2\/users\/1"}],"replies":[{"embeddable":true,"href":"https:\/\/staging.ordemdosfisioterapeutas.pt\/fr\/wp-json\/wp\/v2\/comments?post=7620"}],"version-history":[{"count":0,"href":"https:\/\/staging.ordemdosfisioterapeutas.pt\/fr\/wp-json\/wp\/v2\/pages\/7620\/revisions"}],"wp:attachment":[{"href":"https:\/\/staging.ordemdosfisioterapeutas.pt\/fr\/wp-json\/wp\/v2\/media?parent=7620"}],"curies":[{"name":"wp","href":"https:\/\/api.w.org\/{rel}","templated":true}]}}

<div data-elementor-type="wp-page" data-elementor-id="7620" class="elementor elementor-7620" data-elementor-post-type="page">
				<div class="elementor-element elementor-element-f1c42e4 e-flex e-con-boxed e-con e-parent" data-id="f1c42e4" data-element_type="container" data-e-type="container">
					<div class="e-con-inner">
				<div class="elementor-element elementor-element-f2e0109 elementor-widget elementor-widget-image" data-id="f2e0109" data-element_type="widget" data-e-type="widget" data-widget_type="image.default">
				<div class="elementor-widget-container">
															<img fetchpriority="high" decoding="async" width="768" height="476" src="https://staging.ordemdosfisioterapeutas.pt/wp-content/uploads/2025/04/bolsa-de-emprego_hor-768x476.jpg" class="attachment-medium_large size-medium_large wp-image-7729" alt="" srcset="https://staging.ordemdosfisioterapeutas.pt/wp-content/uploads/2025/04/bolsa-de-emprego_hor-768x476.jpg 768w, https://staging.ordemdosfisioterapeutas.pt/wp-content/uploads/2025/04/bolsa-de-emprego_hor-300x186.jpg 300w, https://staging.ordemdosfisioterapeutas.pt/wp-content/uploads/2025/04/bolsa-de-emprego_hor-1024x634.jpg 1024w, https://staging.ordemdosfisioterapeutas.pt/wp-content/uploads/2025/04/bolsa-de-emprego_hor-18x12.jpg 18w, https://staging.ordemdosfisioterapeutas.pt/wp-content/uploads/2025/04/bolsa-de-emprego_hor.jpg 1279w" sizes="(max-width: 768px) 100vw, 768px" />															</div>
				</div>
				<div class="elementor-element elementor-element-1c41fa5 elementor-widget elementor-widget-text-editor" data-id="1c41fa5" data-element_type="widget" data-e-type="widget" data-widget_type="text-editor.default">
				<div class="elementor-widget-container">
									<p>Le portail des offres d'emploi est un espace permettant à tous les membres de l'Ordre de partager des offres d'emploi afin d'offrir davantage d'opportunités aux kinésithérapeutes.  Pour accéder aux offres d'emploi, vous devez vous connecter à votre espace réservé.</p><p>Les entreprises qui souhaitent publier des offres d'emploi doivent s'inscrire sur le portail de la bourse des emplois et publier leurs offres en suivant le guide étape par étape ci-dessous.</p>								</div>
				</div>
					</div>
				</div>
		<div class="elementor-element elementor-element-d217e2e e-grid e-con-boxed e-con e-parent" data-id="d217e2e" data-element_type="container" data-e-type="container">
					<div class="e-con-inner">
		<div class="elementor-element elementor-element-4b3a980 e-con-full e-flex e-con e-child" data-id="4b3a980" data-element_type="container" data-e-type="container">
				<div class="elementor-element elementor-element-0b04895 elementor-widget elementor-widget-text-editor" data-id="0b04895" data-element_type="widget" data-e-type="widget" data-widget_type="text-editor.default">
				<div class="elementor-widget-container">
									<p><a href="https://staging.ordemdosfisioterapeutas.pt/wp-content/uploads/2025/04/BOT_GUIA_PASSO-A-PASSO_empresa_compressed.pdf" target="_blank" rel="noopener"><span style="text-decoration: underline;">Guide étape par étape</span></a></p>								</div>
				</div>
				<div class="elementor-element elementor-element-01808fb elementor-widget elementor-widget-button" data-id="01808fb" data-element_type="widget" data-e-type="widget" data-widget_type="button.default">
				<div class="elementor-widget-container">
									<div class="elementor-button-wrapper">
					<a class="elementor-button elementor-button-link elementor-size-sm" href="https://portalbolsadeemprego.ordemdosfisioterapeutas.pt/index.aspx" target="_blank">
						<span class="elementor-button-content-wrapper">
									<span class="elementor-button-text">Accès aux entreprises </span>
					</span>
					</a>
				</div>
								</div>
				</div>
				<div class="elementor-element elementor-element-1e44237 elementor-widget elementor-widget-text-editor" data-id="1e44237" data-element_type="widget" data-e-type="widget" data-widget_type="text-editor.default">
				<div class="elementor-widget-container">
									<p>Pas d'accès ? Contactez nous <a href="https://portalbolsadeemprego.ordemdosfisioterapeutas.pt/Login/new-register.aspx" target="_blank" rel="noopener"><span style="text-decoration: underline;">registre</span></a> ici.</p>								</div>
				</div>
				</div>
		<div class="elementor-element elementor-element-e46679f e-con-full e-flex e-con e-child" data-id="e46679f" data-element_type="container" data-e-type="container">
				<div class="elementor-element elementor-element-ae35979 elementor-widget elementor-widget-text-editor" data-id="ae35979" data-element_type="widget" data-e-type="widget" data-widget_type="text-editor.default">
				<div class="elementor-widget-container">
									<p><a href="https://staging.ordemdosfisioterapeutas.pt/wp-content/uploads/2025/04/BOT_GUIA_PASSO-A-PASSO_fisioterapeuta_compressed.pdf" target="_blank" rel="noopener"><span style="text-decoration: underline;">Guide étape par étape</span></a></p>								</div>
				</div>
				<div class="elementor-element elementor-element-17af472 elementor-align-center elementor-widget elementor-widget-button" data-id="17af472" data-element_type="widget" data-e-type="widget" data-widget_type="button.default">
				<div class="elementor-widget-container">
									<div class="elementor-button-wrapper">
					<a class="elementor-button elementor-button-link elementor-size-sm" href="https://portal.ordemdosfisioterapeutas.pt/of-auth/?app_ref=e985d1b30a025a19af003c638a7f64a2&#038;redirect=portal-emprego" target="_blank">
						<span class="elementor-button-content-wrapper">
									<span class="elementor-button-text">Accès aux membres de l'Ordre </span>
					</span>
					</a>
				</div>
								</div>
				</div>
				</div>
					</div>
				</div>
		<div class="elementor-element elementor-element-62a2d78 e-flex e-con-boxed e-con e-parent" data-id="62a2d78" data-element_type="container" data-e-type="container">
					<div class="e-con-inner">
				<div class="elementor-element elementor-element-600289e elementor-widget elementor-widget-text-editor" data-id="600289e" data-element_type="widget" data-e-type="widget" data-widget_type="text-editor.default">
				<div class="elementor-widget-container">
									<p><strong>Remarque :</strong> L'Ordre des kinésithérapeutes n'intervient pas dans le processus de recrutement annoncé et ne le contrôle pas, pas plus qu'il ne certifie ou ne garantit la qualité des propositions soumises. L'analyse individuelle de chaque offre d'emploi relève de la seule responsabilité des membres qui y postulent, sans préjudice du fait que l'Ordre se réserve le droit d'informer qu'il n'a pas publié telle ou telle offre d'emploi s'il estime qu'elle n'est pas digne de la profession, qu'elle viole ses principes et ses valeurs et/ou qu'elle est contraire à la loi.</p>								</div>
				</div>
					</div>
				</div>
				</div>

<p>Le portail d'offres d'emploi est un espace permettant à tous les membres de l'Ordre de partager des offres d'emploi afin de multiplier les opportunités pour les kinésithérapeutes.  Pour accéder aux offres d'emploi, vous devez entrer dans votre espace réservé. Les entreprises qui souhaitent diffuser leurs offres d'emploi doivent ... <a title="Portail de la bourse du travail" class="read-more" href="https://staging.ordemdosfisioterapeutas.pt/fr/portal-da-bolsa-de-ofertas-de-trabalho/" aria-label="En savoir plus sur Portail de la bourse du travail">En savoir plus</a></p>
