{"id":5562,"date":"2023-02-11T17:06:28","date_gmt":"2023-02-11T17:06:28","guid":{"rendered":"https:\/\/staging.ordemdosfisioterapeutas.pt\/?post_type=tribe_events&#038;p=5562"},"modified":"2023-02-11T17:08:02","modified_gmt":"2023-02-11T17:08:02","slug":"i-congresso-biomedlab","status":"publish","type":"tribe_events","link":"https:\/\/staging.ordemdosfisioterapeutas.pt\/fr\/eventos\/i-congresso-biomedlab\/","title":{"rendered":"1er congr\u00e8s BioMedLab"},"content":{"rendered":"<p>L'Ordre portugais des physioth\u00e9rapeutes participe au 1er congr\u00e8s BioMedLab, organis\u00e9 par l'Association portugaise des sciences biom\u00e9dicales de laboratoire. Il sera repr\u00e9sent\u00e9 par la conseill\u00e8re Andreia Rocha, du Conseil g\u00e9n\u00e9ral.<\/p>","protected":false},"excerpt":{"rendered":"<p>L'Ordre portugais des physioth\u00e9rapeutes participe au 1er congr\u00e8s BioMedLab, organis\u00e9 par l'Association portugaise des sciences biom\u00e9dicales de laboratoire. Il sera repr\u00e9sent\u00e9 par la conseill\u00e8re Andreia Rocha, du Conseil g\u00e9n\u00e9ral.<\/p>","protected":false},"author":1,"featured_media":0,"template":"","meta":{"_tribe_events_status":"","_tribe_events_status_reason":"","footnotes":""},"tags":[],"tribe_events_cat":[31],"class_list":["post-5562","tribe_events","type-tribe_events","status-publish","hentry","tribe_events_cat-ordem-participa","cat_ordem-participa"],"_links":{"self":[{"href":"https:\/\/staging.ordemdosfisioterapeutas.pt\/fr\/wp-json\/wp\/v2\/tribe_events\/5562","targetHints":{"allow":["GET"]}}],"collection":[{"href":"https:\/\/staging.ordemdosfisioterapeutas.pt\/fr\/wp-json\/wp\/v2\/tribe_events"}],"about":[{"href":"https:\/\/staging.ordemdosfisioterapeutas.pt\/fr\/wp-json\/wp\/v2\/types\/tribe_events"}],"author":[{"embeddable":true,"href":"https:\/\/staging.ordemdosfisioterapeutas.pt\/fr\/wp-json\/wp\/v2\/users\/1"}],"version-history":[{"count":0,"href":"https:\/\/staging.ordemdosfisioterapeutas.pt\/fr\/wp-json\/wp\/v2\/tribe_events\/5562\/revisions"}],"wp:attachment":[{"href":"https:\/\/staging.ordemdosfisioterapeutas.pt\/fr\/wp-json\/wp\/v2\/media?parent=5562"}],"wp:term":[{"taxonomy":"post_tag","embeddable":true,"href":"https:\/\/staging.ordemdosfisioterapeutas.pt\/fr\/wp-json\/wp\/v2\/tags?post=5562"},{"taxonomy":"tribe_events_cat","embeddable":true,"href":"https:\/\/staging.ordemdosfisioterapeutas.pt\/fr\/wp-json\/wp\/v2\/tribe_events_cat?post=5562"}],"curies":[{"name":"wp","href":"https:\/\/api.w.org\/{rel}","templated":true}]}}

1er congrès BioMedLab

<p>L'Ordre portugais des physiothérapeutes participe au 1er congrès BioMedLab, organisé par l'Association portugaise des sciences biomédicales de laboratoire. Il sera représenté par la conseillère Andreia Rocha, du Conseil général.</p>
