{"id":5566,"date":"2023-02-11T17:11:24","date_gmt":"2023-02-11T17:11:24","guid":{"rendered":"https:\/\/staging.ordemdosfisioterapeutas.pt\/?post_type=tribe_events&#038;p=5566"},"modified":"2023-02-11T17:20:18","modified_gmt":"2023-02-11T17:20:18","slug":"vii-edicao-das-jornadas-das-clinicas-espregueira-2023","status":"publish","type":"tribe_events","link":"https:\/\/staging.ordemdosfisioterapeutas.pt\/fr\/eventos\/vii-edicao-das-jornadas-das-clinicas-espregueira-2023\/","title":{"rendered":"VII\u00e8me \u00e9dition de la Conf\u00e9rence des Cliniques d'Espregueira 2023"},"content":{"rendered":"<p>L'Ordre des physioth\u00e9rapeutes participe \u00e0 la 7e \u00e9dition de la conf\u00e9rence Clinicas Espregueira 2023. Il sera repr\u00e9sent\u00e9 par Afonso Neutel, membre du conseil d'administration.<\/p>","protected":false},"excerpt":{"rendered":"<p>L'Ordre des physioth\u00e9rapeutes participe \u00e0 la 7e \u00e9dition de la conf\u00e9rence Clinicas Espregueira 2023. Il sera repr\u00e9sent\u00e9 par Afonso Neutel, membre du conseil d'administration.<\/p>","protected":false},"author":1,"featured_media":0,"template":"","meta":{"_tribe_events_status":"","_tribe_events_status_reason":"","footnotes":""},"tags":[],"tribe_events_cat":[31],"class_list":["post-5566","tribe_events","type-tribe_events","status-publish","hentry","tribe_events_cat-ordem-participa","cat_ordem-participa"],"_links":{"self":[{"href":"https:\/\/staging.ordemdosfisioterapeutas.pt\/fr\/wp-json\/wp\/v2\/tribe_events\/5566","targetHints":{"allow":["GET"]}}],"collection":[{"href":"https:\/\/staging.ordemdosfisioterapeutas.pt\/fr\/wp-json\/wp\/v2\/tribe_events"}],"about":[{"href":"https:\/\/staging.ordemdosfisioterapeutas.pt\/fr\/wp-json\/wp\/v2\/types\/tribe_events"}],"author":[{"embeddable":true,"href":"https:\/\/staging.ordemdosfisioterapeutas.pt\/fr\/wp-json\/wp\/v2\/users\/1"}],"version-history":[{"count":0,"href":"https:\/\/staging.ordemdosfisioterapeutas.pt\/fr\/wp-json\/wp\/v2\/tribe_events\/5566\/revisions"}],"wp:attachment":[{"href":"https:\/\/staging.ordemdosfisioterapeutas.pt\/fr\/wp-json\/wp\/v2\/media?parent=5566"}],"wp:term":[{"taxonomy":"post_tag","embeddable":true,"href":"https:\/\/staging.ordemdosfisioterapeutas.pt\/fr\/wp-json\/wp\/v2\/tags?post=5566"},{"taxonomy":"tribe_events_cat","embeddable":true,"href":"https:\/\/staging.ordemdosfisioterapeutas.pt\/fr\/wp-json\/wp\/v2\/tribe_events_cat?post=5566"}],"curies":[{"name":"wp","href":"https:\/\/api.w.org\/{rel}","templated":true}]}}

VIIème édition de la Conférence des Cliniques d'Espregueira 2023

<p>L'Ordre des physiothérapeutes participe à la 7e édition de la conférence Clinicas Espregueira 2023. Il sera représenté par Afonso Neutel, membre du conseil d'administration.</p>
