{"id":5570,"date":"2023-02-11T17:13:55","date_gmt":"2023-02-11T17:13:55","guid":{"rendered":"https:\/\/staging.ordemdosfisioterapeutas.pt\/?post_type=tribe_events&#038;p=5570"},"modified":"2023-02-11T17:19:31","modified_gmt":"2023-02-11T17:19:31","slug":"vi-jornadas-de-fisioterapia-da-escola-superior-de-saude-jean-piaget-viseu-o-fisioterapeuta-do-futuro-versao-2-0","status":"publish","type":"tribe_events","link":"https:\/\/staging.ordemdosfisioterapeutas.pt\/fr\/eventos\/vi-jornadas-de-fisioterapia-da-escola-superior-de-saude-jean-piaget-viseu-o-fisioterapeuta-do-futuro-versao-2-0\/","title":{"rendered":"VI JORNADAS DE FISIOTERAPIA DA ESCOLA SUPERIOR DE SA\u00daDE JEAN PIAGET VISEU - Le physioth\u00e9rapeute du futur, version 2.0"},"content":{"rendered":"<p>A Ordem dos Fisioterapeutas participa nas VI\u00a0Jornadas de Fisioterapia da Escola Superior de Sa\u00fade Jean Piaget Viseu &#8211; O Fisioterapeuta do Futuro, vers\u00e3o 2.0. Estar\u00e1 representada pelo Baston\u00e1rio Ant\u00f3nio Lopes.<\/p>","protected":false},"excerpt":{"rendered":"<p>A Ordem dos Fisioterapeutas participa nas VI\u00a0Jornadas de Fisioterapia da Escola Superior de Sa\u00fade Jean Piaget Viseu &#8211; O Fisioterapeuta do Futuro, vers\u00e3o 2.0. Estar\u00e1 representada pelo Baston\u00e1rio Ant\u00f3nio Lopes.<\/p>","protected":false},"author":1,"featured_media":0,"template":"","meta":{"_tribe_events_status":"","_tribe_events_status_reason":"","footnotes":""},"tags":[],"tribe_events_cat":[31],"class_list":["post-5570","tribe_events","type-tribe_events","status-publish","hentry","tribe_events_cat-ordem-participa","cat_ordem-participa"],"_links":{"self":[{"href":"https:\/\/staging.ordemdosfisioterapeutas.pt\/fr\/wp-json\/wp\/v2\/tribe_events\/5570","targetHints":{"allow":["GET"]}}],"collection":[{"href":"https:\/\/staging.ordemdosfisioterapeutas.pt\/fr\/wp-json\/wp\/v2\/tribe_events"}],"about":[{"href":"https:\/\/staging.ordemdosfisioterapeutas.pt\/fr\/wp-json\/wp\/v2\/types\/tribe_events"}],"author":[{"embeddable":true,"href":"https:\/\/staging.ordemdosfisioterapeutas.pt\/fr\/wp-json\/wp\/v2\/users\/1"}],"version-history":[{"count":0,"href":"https:\/\/staging.ordemdosfisioterapeutas.pt\/fr\/wp-json\/wp\/v2\/tribe_events\/5570\/revisions"}],"wp:attachment":[{"href":"https:\/\/staging.ordemdosfisioterapeutas.pt\/fr\/wp-json\/wp\/v2\/media?parent=5570"}],"wp:term":[{"taxonomy":"post_tag","embeddable":true,"href":"https:\/\/staging.ordemdosfisioterapeutas.pt\/fr\/wp-json\/wp\/v2\/tags?post=5570"},{"taxonomy":"tribe_events_cat","embeddable":true,"href":"https:\/\/staging.ordemdosfisioterapeutas.pt\/fr\/wp-json\/wp\/v2\/tribe_events_cat?post=5570"}],"curies":[{"name":"wp","href":"https:\/\/api.w.org\/{rel}","templated":true}]}}

VI JORNADAS DE FISIOTERAPIA DA ESCOLA SUPERIOR DE SAÚDE JEAN PIAGET VISEU - Le physiothérapeute du futur, version 2.0

<p>A Ordem dos Fisioterapeutas participa nas VI Jornadas de Fisioterapia da Escola Superior de Saúde Jean Piaget Viseu &#8211; O Fisioterapeuta do Futuro, versão 2.0. Estará representada pelo Bastonário António Lopes.</p>
